{"id":91,"date":"2018-04-06T15:24:25","date_gmt":"2018-04-06T13:24:25","guid":{"rendered":"https:\/\/www.lvbe.uha.fr\/\/?page_id=91"},"modified":"2018-06-15T09:35:58","modified_gmt":"2018-06-15T07:35:58","slug":"dr-camille-secher","status":"publish","type":"page","link":"https:\/\/www.lvbe.uha.fr\/index.php\/equipe\/docteurs-es-sciences-formes-au-lvbe\/dr-camille-secher\/","title":{"rendered":"Dr. Camille S\u00c9CHER"},"content":{"rendered":"<h2>Mise au point d&rsquo;un proc\u00e9d\u00e9 de traitement de sols et s\u00e9diments pollu\u00e9s par des polychlorobiph\u00e9nyles par couplage bioaugmentation\/ phytorem\u00e9diation.<\/h2>\n<p>Soutenue en juin 2012,<br \/>Sous la direction de Thierry Lebeau<br \/>Co-direction : Karine JEZEQUEL et Marc LOLLIER<\/p>\n<p>Les polychlorobiph\u00e9nyles (PCB) sont des polluants organiques persistants synth\u00e9tis\u00e9s et utilis\u00e9s pour de nombreuses applications industrielles (fluides hydrauliques, plastifiants&#8230;) jusque dans les ann\u00e9es 1970. Ces compos\u00e9s, tr\u00e8s r\u00e9pandus dans les milieux naturels, notamment les sols et les s\u00e9diments, s\u2019y accumulent en raison de leurs propri\u00e9t\u00e9s chimiques particuli\u00e8res. Ils repr\u00e9sentent ainsi un danger pour l\u2019environnement et pour l\u2019homme en raison de leur toxicit\u00e9 chronique \u00e9lev\u00e9e.<\/p>\n<p>La d\u00e9contamination des milieux pollu\u00e9s par ces PCB est donc n\u00e9cessaire. Les proc\u00e9d\u00e9s physico-chimiques, bien qu\u2019efficaces, pr\u00e9sentent l\u2019inconv\u00e9nient d\u2019\u00eatre tr\u00e8s co\u00fbteux \u00e9nergiquement et financi\u00e8rement. Les traitements biologiques constituent une alternative \u00e9cologique et bon march\u00e9 aux m\u00e9thodes physico- chimiques. En effet, les PCB peuvent \u00eatre d\u00e9grad\u00e9s par certaines bact\u00e9ries selon deux voies m\u00e9taboliques diff\u00e9rentes en fonction des conditions d\u2019oxyg\u00e9nation du milieu\u00a0: d\u00e9gradation oxydative en a\u00e9robiose et d\u00e9chloration r\u00e9ductive en ana\u00e9robiose. L\u2019association d\u2019une bact\u00e9rie d\u00e9gradant les PCB et d\u2019une plante stimulant la croissance et l\u2019activit\u00e9 bact\u00e9rienne semble par ailleurs \u00eatre appropri\u00e9e pour am\u00e9liorer et stabiliser les traitements in situ de sols pollu\u00e9s.<\/p>\n<p>L\u2019objectif de ce travail de th\u00e8se a consist\u00e9 \u00e0 mettre au point un proc\u00e9d\u00e9 de traitement de sols pollu\u00e9s par des PCB en couplant bioaugmentation et phytorem\u00e9diation. Pour cela, une bact\u00e9rie a \u00e9t\u00e9 s\u00e9lectionn\u00e9e (<em>Burkholderia xenovorans<\/em> LB400) pour ses capacit\u00e9s de d\u00e9gradation et les conditions de culture de cette souche avant inoculation dans le sol ont \u00e9t\u00e9 d\u00e9termin\u00e9es. La survie d\u2019une bact\u00e9rie inocul\u00e9e dans une matrice tel que du sol \u00e9tant une \u00e9tape critique, la m\u00e9thode de PCR quantitative sp\u00e9cifique \u00e0 B. xenovorans LB400 a \u00e9t\u00e9 d\u00e9velopp\u00e9e afin de confirmer sa pr\u00e9sence au fil du temps. En parall\u00e8le, la s\u00e9lection de plantes, bas\u00e9e sur leur croissance et le d\u00e9veloppement de leur syst\u00e8me racinaire dans le sol \u00e0 d\u00e9contaminer, a permis de porter le choix sur la f\u00e9tuque (<em>Festuca arundinacea<\/em>) pour la suite du travail. Enfin, les performances de d\u00e9gradation des PCB pr\u00e9sents dans le sol ont \u00e9t\u00e9 \u00e9valu\u00e9es durant deux mois, par bioaugmentation du sol par la bact\u00e9rie LB400, associ\u00e9e ou non \u00e0 la f\u00e9tuque. L\u2019impact de l\u2019inoculation du sol par la bact\u00e9rie LB400 et\/ou la f\u00e9tuque sur la microflore bact\u00e9rienne du sol (quantit\u00e9 et structure) a \u00e9t\u00e9 \u00e9valu\u00e9.<\/p>\n","protected":false},"excerpt":{"rendered":"<p>Mise au point d&rsquo;un proc\u00e9d\u00e9 de traitement de sols et s\u00e9diments pollu\u00e9s par des polychlorobiph\u00e9nyles par couplage bioaugmentation\/ phytorem\u00e9diation. Soutenue en juin 2012,Sous la direction de Thierry LebeauCo-direction : Karine JEZEQUEL et Marc LOLLIER Les polychlorobiph\u00e9nyles (PCB) sont des polluants organiques persistants synth\u00e9tis\u00e9s et utilis\u00e9s pour de nombreuses applications industrielles (fluides hydrauliques, plastifiants&#8230;) jusque dans [&hellip;]<\/p>\n","protected":false},"author":2,"featured_media":0,"parent":1763,"menu_order":0,"comment_status":"closed","ping_status":"closed","template":"","meta":{"footnotes":""},"class_list":["post-91","page","type-page","status-publish","hentry"],"yoast_head":"<!-- This site is optimized with the Yoast SEO plugin v27.4 - https:\/\/yoast.com\/product\/yoast-seo-wordpress\/ -->\n<title>Dr. Camille S\u00c9CHER - LVBE - Laboratoire Vigne, Biotechnologies, Environnement | Universit\u00e9 de Haute-Alsace<\/title>\n<meta name=\"robots\" content=\"index, follow, max-snippet:-1, max-image-preview:large, max-video-preview:-1\" \/>\n<link rel=\"canonical\" href=\"https:\/\/www.lvbe.uha.fr\/index.php\/equipe\/docteurs-es-sciences-formes-au-lvbe\/dr-camille-secher\/\" \/>\n<meta property=\"og:locale\" content=\"fr_FR\" \/>\n<meta property=\"og:type\" content=\"article\" \/>\n<meta property=\"og:title\" content=\"Dr. Camille S\u00c9CHER - LVBE - Laboratoire Vigne, Biotechnologies, Environnement | Universit\u00e9 de Haute-Alsace\" \/>\n<meta property=\"og:description\" content=\"Mise au point d&rsquo;un proc\u00e9d\u00e9 de traitement de sols et s\u00e9diments pollu\u00e9s par des polychlorobiph\u00e9nyles par couplage bioaugmentation\/ phytorem\u00e9diation. Soutenue en juin 2012,Sous la direction de Thierry LebeauCo-direction : Karine JEZEQUEL et Marc LOLLIER Les polychlorobiph\u00e9nyles (PCB) sont des polluants organiques persistants synth\u00e9tis\u00e9s et utilis\u00e9s pour de nombreuses applications industrielles (fluides hydrauliques, plastifiants&#8230;) jusque dans [&hellip;]\" \/>\n<meta property=\"og:url\" content=\"https:\/\/www.lvbe.uha.fr\/index.php\/equipe\/docteurs-es-sciences-formes-au-lvbe\/dr-camille-secher\/\" \/>\n<meta property=\"og:site_name\" content=\"LVBE - Laboratoire Vigne, Biotechnologies, Environnement | Universit\u00e9 de Haute-Alsace\" \/>\n<meta property=\"article:modified_time\" content=\"2018-06-15T07:35:58+00:00\" \/>\n<meta name=\"twitter:card\" content=\"summary_large_image\" \/>\n<meta name=\"twitter:label1\" content=\"Dur\u00e9e de lecture estim\u00e9e\" \/>\n\t<meta name=\"twitter:data1\" content=\"2 minutes\" \/>\n<script type=\"application\/ld+json\" class=\"yoast-schema-graph\">{\"@context\":\"https:\\\/\\\/schema.org\",\"@graph\":[{\"@type\":\"WebPage\",\"@id\":\"https:\\\/\\\/www.lvbe.uha.fr\\\/index.php\\\/equipe\\\/docteurs-es-sciences-formes-au-lvbe\\\/dr-camille-secher\\\/\",\"url\":\"https:\\\/\\\/www.lvbe.uha.fr\\\/index.php\\\/equipe\\\/docteurs-es-sciences-formes-au-lvbe\\\/dr-camille-secher\\\/\",\"name\":\"Dr. Camille S\u00c9CHER - LVBE - Laboratoire Vigne, Biotechnologies, Environnement | Universit\u00e9 de Haute-Alsace\",\"isPartOf\":{\"@id\":\"https:\\\/\\\/www.lvbe.uha.fr\\\/#website\"},\"datePublished\":\"2018-04-06T13:24:25+00:00\",\"dateModified\":\"2018-06-15T07:35:58+00:00\",\"breadcrumb\":{\"@id\":\"https:\\\/\\\/www.lvbe.uha.fr\\\/index.php\\\/equipe\\\/docteurs-es-sciences-formes-au-lvbe\\\/dr-camille-secher\\\/#breadcrumb\"},\"inLanguage\":\"fr-FR\",\"potentialAction\":[{\"@type\":\"ReadAction\",\"target\":[\"https:\\\/\\\/www.lvbe.uha.fr\\\/index.php\\\/equipe\\\/docteurs-es-sciences-formes-au-lvbe\\\/dr-camille-secher\\\/\"]}]},{\"@type\":\"BreadcrumbList\",\"@id\":\"https:\\\/\\\/www.lvbe.uha.fr\\\/index.php\\\/equipe\\\/docteurs-es-sciences-formes-au-lvbe\\\/dr-camille-secher\\\/#breadcrumb\",\"itemListElement\":[{\"@type\":\"ListItem\",\"position\":1,\"name\":\"Accueil\",\"item\":\"https:\\\/\\\/www.lvbe.uha.fr\\\/\"},{\"@type\":\"ListItem\",\"position\":2,\"name\":\"\u00c9quipe\",\"item\":\"https:\\\/\\\/www.lvbe.uha.fr\\\/index.php\\\/equipe\\\/\"},{\"@type\":\"ListItem\",\"position\":3,\"name\":\"Docteurs \u00e8s sciences form\u00e9s au LVBE\",\"item\":\"https:\\\/\\\/www.lvbe.uha.fr\\\/index.php\\\/equipe\\\/docteurs-es-sciences-formes-au-lvbe\\\/\"},{\"@type\":\"ListItem\",\"position\":4,\"name\":\"Dr. Camille S\u00c9CHER\"}]},{\"@type\":\"WebSite\",\"@id\":\"https:\\\/\\\/www.lvbe.uha.fr\\\/#website\",\"url\":\"https:\\\/\\\/www.lvbe.uha.fr\\\/\",\"name\":\"LVBE - Laboratoire Vigne, Biotechnologies, Environnement | Universit\u00e9 de Haute-Alsace\",\"description\":\"Campus Biop\u00f4le | Universit\u00e9 de Haute-Alsace\",\"potentialAction\":[{\"@type\":\"SearchAction\",\"target\":{\"@type\":\"EntryPoint\",\"urlTemplate\":\"https:\\\/\\\/www.lvbe.uha.fr\\\/?s={search_term_string}\"},\"query-input\":{\"@type\":\"PropertyValueSpecification\",\"valueRequired\":true,\"valueName\":\"search_term_string\"}}],\"inLanguage\":\"fr-FR\"}]}<\/script>\n<!-- \/ Yoast SEO plugin. -->","yoast_head_json":{"title":"Dr. Camille S\u00c9CHER - LVBE - Laboratoire Vigne, Biotechnologies, Environnement | Universit\u00e9 de Haute-Alsace","robots":{"index":"index","follow":"follow","max-snippet":"max-snippet:-1","max-image-preview":"max-image-preview:large","max-video-preview":"max-video-preview:-1"},"canonical":"https:\/\/www.lvbe.uha.fr\/index.php\/equipe\/docteurs-es-sciences-formes-au-lvbe\/dr-camille-secher\/","og_locale":"fr_FR","og_type":"article","og_title":"Dr. Camille S\u00c9CHER - LVBE - Laboratoire Vigne, Biotechnologies, Environnement | Universit\u00e9 de Haute-Alsace","og_description":"Mise au point d&rsquo;un proc\u00e9d\u00e9 de traitement de sols et s\u00e9diments pollu\u00e9s par des polychlorobiph\u00e9nyles par couplage bioaugmentation\/ phytorem\u00e9diation. Soutenue en juin 2012,Sous la direction de Thierry LebeauCo-direction : Karine JEZEQUEL et Marc LOLLIER Les polychlorobiph\u00e9nyles (PCB) sont des polluants organiques persistants synth\u00e9tis\u00e9s et utilis\u00e9s pour de nombreuses applications industrielles (fluides hydrauliques, plastifiants&#8230;) jusque dans [&hellip;]","og_url":"https:\/\/www.lvbe.uha.fr\/index.php\/equipe\/docteurs-es-sciences-formes-au-lvbe\/dr-camille-secher\/","og_site_name":"LVBE - Laboratoire Vigne, Biotechnologies, Environnement | Universit\u00e9 de Haute-Alsace","article_modified_time":"2018-06-15T07:35:58+00:00","twitter_card":"summary_large_image","twitter_misc":{"Dur\u00e9e de lecture estim\u00e9e":"2 minutes"},"schema":{"@context":"https:\/\/schema.org","@graph":[{"@type":"WebPage","@id":"https:\/\/www.lvbe.uha.fr\/index.php\/equipe\/docteurs-es-sciences-formes-au-lvbe\/dr-camille-secher\/","url":"https:\/\/www.lvbe.uha.fr\/index.php\/equipe\/docteurs-es-sciences-formes-au-lvbe\/dr-camille-secher\/","name":"Dr. Camille S\u00c9CHER - LVBE - Laboratoire Vigne, Biotechnologies, Environnement | Universit\u00e9 de Haute-Alsace","isPartOf":{"@id":"https:\/\/www.lvbe.uha.fr\/#website"},"datePublished":"2018-04-06T13:24:25+00:00","dateModified":"2018-06-15T07:35:58+00:00","breadcrumb":{"@id":"https:\/\/www.lvbe.uha.fr\/index.php\/equipe\/docteurs-es-sciences-formes-au-lvbe\/dr-camille-secher\/#breadcrumb"},"inLanguage":"fr-FR","potentialAction":[{"@type":"ReadAction","target":["https:\/\/www.lvbe.uha.fr\/index.php\/equipe\/docteurs-es-sciences-formes-au-lvbe\/dr-camille-secher\/"]}]},{"@type":"BreadcrumbList","@id":"https:\/\/www.lvbe.uha.fr\/index.php\/equipe\/docteurs-es-sciences-formes-au-lvbe\/dr-camille-secher\/#breadcrumb","itemListElement":[{"@type":"ListItem","position":1,"name":"Accueil","item":"https:\/\/www.lvbe.uha.fr\/"},{"@type":"ListItem","position":2,"name":"\u00c9quipe","item":"https:\/\/www.lvbe.uha.fr\/index.php\/equipe\/"},{"@type":"ListItem","position":3,"name":"Docteurs \u00e8s sciences form\u00e9s au LVBE","item":"https:\/\/www.lvbe.uha.fr\/index.php\/equipe\/docteurs-es-sciences-formes-au-lvbe\/"},{"@type":"ListItem","position":4,"name":"Dr. Camille S\u00c9CHER"}]},{"@type":"WebSite","@id":"https:\/\/www.lvbe.uha.fr\/#website","url":"https:\/\/www.lvbe.uha.fr\/","name":"LVBE - Laboratoire Vigne, Biotechnologies, Environnement | Universit\u00e9 de Haute-Alsace","description":"Campus Biop\u00f4le | Universit\u00e9 de Haute-Alsace","potentialAction":[{"@type":"SearchAction","target":{"@type":"EntryPoint","urlTemplate":"https:\/\/www.lvbe.uha.fr\/?s={search_term_string}"},"query-input":{"@type":"PropertyValueSpecification","valueRequired":true,"valueName":"search_term_string"}}],"inLanguage":"fr-FR"}]}},"_links":{"self":[{"href":"https:\/\/www.lvbe.uha.fr\/index.php\/wp-json\/wp\/v2\/pages\/91","targetHints":{"allow":["GET"]}}],"collection":[{"href":"https:\/\/www.lvbe.uha.fr\/index.php\/wp-json\/wp\/v2\/pages"}],"about":[{"href":"https:\/\/www.lvbe.uha.fr\/index.php\/wp-json\/wp\/v2\/types\/page"}],"author":[{"embeddable":true,"href":"https:\/\/www.lvbe.uha.fr\/index.php\/wp-json\/wp\/v2\/users\/2"}],"replies":[{"embeddable":true,"href":"https:\/\/www.lvbe.uha.fr\/index.php\/wp-json\/wp\/v2\/comments?post=91"}],"version-history":[{"count":6,"href":"https:\/\/www.lvbe.uha.fr\/index.php\/wp-json\/wp\/v2\/pages\/91\/revisions"}],"predecessor-version":[{"id":1878,"href":"https:\/\/www.lvbe.uha.fr\/index.php\/wp-json\/wp\/v2\/pages\/91\/revisions\/1878"}],"up":[{"embeddable":true,"href":"https:\/\/www.lvbe.uha.fr\/index.php\/wp-json\/wp\/v2\/pages\/1763"}],"wp:attachment":[{"href":"https:\/\/www.lvbe.uha.fr\/index.php\/wp-json\/wp\/v2\/media?parent=91"}],"curies":[{"name":"wp","href":"https:\/\/api.w.org\/{rel}","templated":true}]}}