{"id":866,"date":"2018-04-13T16:05:33","date_gmt":"2018-04-13T14:05:33","guid":{"rendered":"https:\/\/www.lvbe.uha.fr\/\/?page_id=866"},"modified":"2022-07-12T14:13:25","modified_gmt":"2022-07-12T12:13:25","slug":"dr-lorene-belval","status":"publish","type":"page","link":"https:\/\/www.lvbe.uha.fr\/index.php\/equipe\/chercheurs-venus-collaborer-au-lvbe\/dr-lorene-belval\/","title":{"rendered":"Dr. Lor\u00e8ne BELVAL"},"content":{"rendered":"<p>Post-doctorante<\/p>\n<div class=\"su-row\">\n<div class=\"su-column su-column-size-1-2\"><div class=\"su-column-inner su-u-clearfix su-u-trim\">\n<h2>Formation<\/h2>\n<div class=\"su-accordion su-u-trim\">\n<div class=\"su-spoiler su-spoiler-style-default su-spoiler-icon-plus su-spoiler-closed\" data-scroll-offset=\"0\" data-anchor-in-url=\"no\"><div class=\"su-spoiler-title\" tabindex=\"0\" role=\"button\"><span class=\"su-spoiler-icon\"><\/span>2007-2009<\/div><div class=\"su-spoiler-content su-u-clearfix su-u-trim\">\n<ul>\n<li><strong>Licence <\/strong>mention Biologie<br \/>\nParcours <strong>Physiologie Animale, V\u00e9g\u00e9tale et Microbienne<\/strong> &#8211; Universit\u00e9 Blaise Pascal, Aubi\u00e8re (63)<br \/>\n<em>D\u00e9veloppement Animal \u2013 Syst\u00e9matique, Physiologie et Physiopathologie V\u00e9g\u00e9tale \u2013 Physiologie et Utilisation des microorganismes \u2013 Biochimie et Biologie Mol\u00e9culaire \u2013 G\u00e9n\u00e9tique<\/em><\/li>\n<\/ul>\n<\/div><\/div>\n<div class=\"su-spoiler su-spoiler-style-default su-spoiler-icon-plus su-spoiler-closed\" data-scroll-offset=\"0\" data-anchor-in-url=\"no\"><div class=\"su-spoiler-title\" tabindex=\"0\" role=\"button\"><span class=\"su-spoiler-icon\"><\/span>2009-2011<\/div><div class=\"su-spoiler-content su-u-clearfix su-u-trim\">\n<ul>\n<li><strong>Master<\/strong> mention Vie et Sant\u00e9, sp\u00e9cialit\u00e9 Biologie et Valorisation des Plantes,<br \/>\nParcours <strong>Biologie V\u00e9g\u00e9tale Int\u00e9grative<\/strong> &#8211; Universit\u00e9 de Strasbourg, Strasbourg (67)<br \/>\n<em>Biologie Cellulaire et Mol\u00e9culaire, M\u00e9tabolisme, D\u00e9veloppement, Phytopathologie et Biotechnologie des plantes \u2013 Virologie Fondamentale et Appliqu\u00e9e, Phytovirologie \u2013 RNA Silencing \u2013 Expression des G\u00e8nes et Biosynth\u00e8se des Prot\u00e9ines<\/em><\/li>\n<\/ul>\n<\/div><\/div>\n<div class=\"su-spoiler su-spoiler-style-default su-spoiler-icon-plus su-spoiler-closed\" data-scroll-offset=\"0\" data-anchor-in-url=\"no\"><div class=\"su-spoiler-title\" tabindex=\"0\" role=\"button\"><span class=\"su-spoiler-icon\"><\/span>2011<\/div><div class=\"su-spoiler-content su-u-clearfix su-u-trim\">\n<ul>\n<li><strong>Laur\u00e9ate du concours<\/strong> de l\u2019\u00c9cole Doctorale des Sciences de la Vie et de la Sant\u00e9 de Strasbourg<br \/>\n<strong>Contrat doctoral<\/strong> du Minist\u00e8re de la Recherche et de l\u2019Enseignement Sup\u00e9rieur<\/li>\n<\/ul>\n<\/div><\/div>\n<\/div>\n<p><b>2011-2016<\/b><\/p>\n<ul>\n<li><strong>Doctorat<\/strong> de l\u2019Universit\u00e9 de Strasbourg<br \/>\nSp\u00e9cialit\u00e9 <strong>Aspects mol\u00e9culaires et cellulaires de la biologie<\/strong><br \/>\n\u00c9cole Doctorale des Sciences de la Vie et de la Sant\u00e9, Strasbourg (67)<br \/>\n<strong>Th\u00e8se soutenue le 29 mars 2016<\/strong><br \/>\nTitre du manuscrit : Caract\u00e9risation fonctionnelle de la prot\u00e9ine de capside et de la prot\u00e9ine de mouvement du <em>Grapevine fanleaf virus<\/em><\/li>\n<\/ul>\n<\/div><\/div>\n<div class=\"su-column su-column-size-1-2\"><div class=\"su-column-inner su-u-clearfix su-u-trim\">\n<h2>Qualifications valides<\/h2>\n<p>2017 &#8211; aujourd\u2019hui<\/p>\n<ul>\n<li><strong>Section CNU 64<\/strong> &#8211; Biochimie et biologie mol\u00e9culaire<\/li>\n<li><strong>Section CNU 65<\/strong> &#8211; Biologie cellulaire<\/li>\n<li><strong>Section CNU 66<\/strong> &#8211; Physiologie<\/li>\n<li><strong>Section CNU 68<\/strong> &#8211; Biologie des organismes<\/li>\n<\/ul>\n<\/div><\/div>\n<\/div>\n<div class=\"su-row\">\n<div class=\"su-column su-column-size-1-2\"><div class=\"su-column-inner su-u-clearfix su-u-trim\">\n<h2>Activit\u00e9s p\u00e9dagogiques<\/h2>\n<h3>Enseignement et encadrement<\/h3>\n<div class=\"su-accordion su-u-trim\">\n<div class=\"su-spoiler su-spoiler-style-default su-spoiler-icon-plus su-spoiler-closed\" data-scroll-offset=\"0\" data-anchor-in-url=\"no\"><div class=\"su-spoiler-title\" tabindex=\"0\" role=\"button\"><span class=\"su-spoiler-icon\"><\/span>2011-2014<\/div><div class=\"su-spoiler-content su-u-clearfix su-u-trim\">\n<ul>\n<li><strong>Monitrice d\u2019enseignement sup\u00e9rieur<\/strong> au cours de mes 3 ann\u00e9es de contrat doctoral \u00e0 l\u2019Universit\u00e9 de Strasbourg (67)<br \/>\n<strong>192h Equ. TD<\/strong><br \/>\n<em>TD, niveau L1, symbioses mycorhiziennes \u2013 TP, niveau L1, gymnospermes \u2013 TP, niveau L2, physiologie v\u00e9g\u00e9tale \u2013 TP, niveau L2, biochimie \u2013 TP, niveau M1, biologie mol\u00e9culaire et cellulaire v\u00e9g\u00e9tales<\/em><\/li>\n<\/ul>\n<\/div><\/div>\n<div class=\"su-spoiler su-spoiler-style-default su-spoiler-icon-plus su-spoiler-closed\" data-scroll-offset=\"0\" data-anchor-in-url=\"no\"><div class=\"su-spoiler-title\" tabindex=\"0\" role=\"button\"><span class=\"su-spoiler-icon\"><\/span>2014-2015<\/div><div class=\"su-spoiler-content su-u-clearfix su-u-trim\">\n<ul>\n<li><strong>Attach\u00e9e temporaire d\u2019enseignement et de recherche (50%)<\/strong> durant ma 4<sup>\u00e8me<\/sup> ann\u00e9e de th\u00e8se \u00e0 l\u2019Universit\u00e9 de Strasbourg (67)<br \/>\n<strong>96h Equ. TD<\/strong><br \/>\n<em>TP, niveau L3, biochimie et biologie mol\u00e9culaire<\/em><\/li>\n<\/ul>\n<\/div><\/div>\n<div class=\"su-spoiler su-spoiler-style-default su-spoiler-icon-plus su-spoiler-closed\" data-scroll-offset=\"0\" data-anchor-in-url=\"no\"><div class=\"su-spoiler-title\" tabindex=\"0\" role=\"button\"><span class=\"su-spoiler-icon\"><\/span>Avr-Juil 2017<\/div><div class=\"su-spoiler-content su-u-clearfix su-u-trim\">\n<ul>\n<li><strong>Encadrante d\u2019une stagiaire de Master 2<\/strong> au sein du CRITT RITTMO-Agroenvironnement, Colmar (68)<br \/>\n\u00c9tudiante encadr\u00e9e issue du Master Biodiversit\u00e9, \u00c9cologie, \u00c9volution &#8211; parcours Biodiversit\u00e9 et D\u00e9veloppement Durable \u2013 Universit\u00e9 de Perpignan Via Domitia<br \/>\n<strong>Encadrement quotidien<\/strong><br \/>\n<em>Triticum aestivum<\/em> \u2013 efficience de l\u2019utilisation de l\u2019azote \u2013 produits de biostimulation \u2013 RTqPCR<\/li>\n<\/ul>\n<\/div><\/div>\n<\/div>\n<\/div><\/div>\n<div class=\"su-column su-column-size-1-2\"><div class=\"su-column-inner su-u-clearfix su-u-trim\">\n<h2>Activit\u00e9s de recherche<\/h2>\n<div class=\"su-accordion su-u-trim\">\n<div class=\"su-spoiler su-spoiler-style-default su-spoiler-icon-plus su-spoiler-closed\" data-scroll-offset=\"0\" data-anchor-in-url=\"no\"><div class=\"su-spoiler-title\" tabindex=\"0\" role=\"button\"><span class=\"su-spoiler-icon\"><\/span>2008-2011<\/div><div class=\"su-spoiler-content su-u-clearfix su-u-trim\">\n<ul>\n<li><strong>4 stages pr\u00e9-doctoraux :<\/strong><br \/>\nUMR INRA 547 PIAF, Aubi\u00e8re (63), <strong>stage volontaire d\u20191 mois en L2<\/strong> (<em>Populus trichocarpa<\/em>, aquaporines, RT-PCR)<br \/>\nUMR CNRS 6602 LASMEA, Aubi\u00e8re (63), <strong>stage optionnel de 5 mois en L3 (temps partiel)<\/strong> (<em>Lycopersicon esculentum<\/em>, rayonnements \u00e9lectromagn\u00e9tiques de haute fr\u00e9quence, RT-qPCR)<br \/>\nUPR CNRS 2357 IBMP, Strasbourg (67), <strong>stage obligatoire d\u20191 mois en M1<\/strong> (<em>Arabidopsis thaliana<\/em>, RNA <em>silencing<\/em>, virus, microscopie \u00e0 \u00e9pifluorescence)<br \/>\nUMR INRA 1131 SVQV, Colmar (68), <strong>stage obligatoire de 5 mois en M2<\/strong> (<em>Chenopodium quinoa<\/em>, virus, microscopie \u00e0 \u00e9pifluorescence)<\/li>\n<\/ul>\n<\/div><\/div>\n<div class=\"su-spoiler su-spoiler-style-default su-spoiler-icon-plus su-spoiler-closed\" data-scroll-offset=\"0\" data-anchor-in-url=\"no\"><div class=\"su-spoiler-title\" tabindex=\"0\" role=\"button\"><span class=\"su-spoiler-icon\"><\/span>2011-2016<\/div><div class=\"su-spoiler-content su-u-clearfix su-u-trim\">\n<ul>\n<li><strong>Th\u00e8se en phytopathologie<\/strong><br \/>\nUMR INRA 1131 Sant\u00e9 de la Vigne et Qualit\u00e9 du Vin, Colmar (68)<br \/>\nUPR CNRS 2357 IBMP, Strasbourg (67)<br \/>\n<strong>Mouvement <em>in planta <\/em>du <em>Grapevine fanleaf virus<\/em> \u2013 transmission du virus par n\u00e9matode \u2013 exploitation de la capside virale comme plateforme biotechnologique<\/strong><\/li>\n<\/ul>\n<\/div><\/div>\n<b>2016-2017<\/b><\/p>\n<ul>\n<li><strong>Ing\u00e9nieur en microbiologie, nutrition-stimulation des plantes et agroenvironnement<\/strong><br \/>\nCentre R\u00e9gional d\u2019Innovation et de Transfert de Technologies<br \/>\nRITTMO-Agroenvironnement, Colmar (68)<br \/>\n<strong>Vie microbienne du sol \u2013 fertilisants \u00e0 base de microorganismes \u2013 biostimulants et produits de biocontr\u00f4le \u2013 exp\u00e9rimentations innovantes en viticulture<\/strong><\/li>\n<\/ul>\n<\/div>\n<b>2017-auj.<\/b><\/p>\n<ul>\n<li><strong>Chercheure post-doctorante pour le r\u00e9seau transnational de recherche et de formation en viticulture<\/strong><br \/>\n<strong>(programme europ\u00e9en Interreg V, projet VITIFUTUR)<\/strong><br \/>\nLaboratoire Vigne Biotechnologie et Environnement EA-3991, Colmar (68)<br \/>\n<strong>Maladies du bois de la vigne \u2013 Vitis vinifera subsp. vinifera et sylvestris \u2013 mycorhization \u2013 transporteurs de sucres \u2013 mycovirus<\/strong><\/li>\n<\/ul>\n<\/div><\/div>\n<\/div>\n<div class=\"su-tabs su-tabs-style-default su-tabs-mobile-stack\" data-active=\"1\" data-scroll-offset=\"0\" data-anchor-in-url=\"no\"><div class=\"su-tabs-nav\"><span class=\"\" data-url=\"\" data-target=\"blank\" tabindex=\"0\" role=\"button\">Articles scientifiques<\/span><span class=\"\" data-url=\"\" data-target=\"blank\" tabindex=\"0\" role=\"button\">Chapitre d'ouvrage<\/span><span class=\"\" data-url=\"\" data-target=\"blank\" tabindex=\"0\" role=\"button\">Brevet<\/span><span class=\"\" data-url=\"\" data-target=\"blank\" tabindex=\"0\" role=\"button\">Communications orales en congr\u00e8s<\/span><span class=\"\" data-url=\"\" data-target=\"blank\" tabindex=\"0\" role=\"button\">Communications par poster<\/span><\/div><div class=\"su-tabs-panes\"><div class=\"su-tabs-pane su-u-clearfix su-u-trim\" data-title=\"Articles scientifiques\">\n<h2>Articles scientifiques<\/h2>\n<h3>Revues \u00e0 comit\u00e9 de lecture<\/h3>\n<p>Oct 2013 :<\/p>\n<ul>\n<li><em>A strain-specific segment of the RNA-dependent RNA polymerase of Grapevine fanleaf virus determines symptoms in Nicotiana species.<\/em><br \/>\nVigne E., Gottula J., Keichinger C., Komar V., Ackerer L., <strong>Belval L.<\/strong>, Rakotomalala L., Lemaire O., Ritzenthaler C., Fuchs M. Journal of General Virology. 94:2803-2813. (<strong>IF 2016 : 2.838<\/strong>)<\/li>\n<\/ul>\n<p>F\u00e9v 2015 :<\/p>\n<ul>\n<li><em>A fast and simple method to eliminate Cpn60 from functional recombinant proteins produced by E. coli Arctic Express.<\/em><br \/>\n<strong>Belval L<\/strong>., Marquette A., Mestre P., Piron M.-C., Demangeat G., Merdinoglu D., Chich J.-F. Protein Expression and Purification. 109:29-34. (<strong>IF 2016 : 1.351<\/strong>)<\/li>\n<\/ul>\n<p>Mai 2016 :<\/p>\n<ul>\n<li><em>Display of whole proteins on both inner and outer surfaces of Grapevine fanleaf virus-like particles.<\/em><br \/>\n<strong>Belval L.<\/strong>, Hemmer C., Sauter C., Reinbold C, Fauny J.-D., Berthold F., Ackerer L., Schmitt-Keichinger C., Lemaire O., Demangeat G., Ritzenthaler C. Plant Biotechnology Journal. doi: 10.1111\/pbi.12582. (<strong>IF 2016 : 7.443<\/strong>)<\/li>\n<\/ul>\n<p>Ao\u00fbt 2017 :<\/p>\n<ul>\n<li><em>Nanobody-mediated resistance to Grapevine fanleaf virus<\/em><br \/>\nHemmer C., Djennane S., Ackerer L., Hleibieh K., Marmonier A., Gersch S., Garcia S., Vigne E., Komar V., Perrin M., Gertz C.,<strong> Belval L.<\/strong>, Berthold F., Monsion B., Schmitt-Keichinger C., Lemaire O., Lorber B., Guti\u00e9rrez C., Muyldermans S., Demangeat G., Ritzenthaler C. Plant Biotechnology Journal. doi: 10.1111\/pbi.12819. (<strong>IF 2016 : 7.443<\/strong>)<\/li>\n<\/ul>\n<p>D\u00e9cembre 2019 :<\/p>\n<ul>\n<li><em><img loading=\"lazy\" decoding=\"async\" class=\"alignleft wp-image-2944 size-medium\" src=\"https:\/\/www.lvbe.uha.fr\/wp-content\/uploads\/2019\/12\/12D516DC-DD69-4BB2-AFC0-73216E89175B-211x300.png\" alt=\"\" width=\"211\" height=\"300\" srcset=\"https:\/\/www.lvbe.uha.fr\/wp-content\/uploads\/2019\/12\/12D516DC-DD69-4BB2-AFC0-73216E89175B-211x300.png 211w, https:\/\/www.lvbe.uha.fr\/wp-content\/uploads\/2019\/12\/12D516DC-DD69-4BB2-AFC0-73216E89175B-722x1024.png 722w, https:\/\/www.lvbe.uha.fr\/wp-content\/uploads\/2019\/12\/12D516DC-DD69-4BB2-AFC0-73216E89175B-768x1090.png 768w, https:\/\/www.lvbe.uha.fr\/wp-content\/uploads\/2019\/12\/12D516DC-DD69-4BB2-AFC0-73216E89175B-1083x1536.png 1083w, https:\/\/www.lvbe.uha.fr\/wp-content\/uploads\/2019\/12\/12D516DC-DD69-4BB2-AFC0-73216E89175B-1444x2048.png 1444w, https:\/\/www.lvbe.uha.fr\/wp-content\/uploads\/2019\/12\/12D516DC-DD69-4BB2-AFC0-73216E89175B.png 1748w\" sizes=\"auto, (max-width: 211px) 100vw, 211px\" \/>From a movement-deficient Grapevine fanleaf virus to the identification of a new viral determinant of nematode transmission<\/em><\/li>\n<\/ul>\n<p style=\"padding-left: 40px;\"><strong>Belval L.<\/strong>, Marmonier A., Schmitt-Keichinger C., Gersch S., Andret-Link P., Komar V., Vigne E., Lemaire O., Ritzenthaler C., Demangeat G. Viruses.\u00a0doi:10.3390\/v11121146 (<strong>IF 2018 : 3.811<\/strong>)<\/p>\n<p>&nbsp;<\/p>\n<p>&nbsp;<\/p>\n<\/div>\n<div class=\"su-tabs-pane su-u-clearfix su-u-trim\" data-title=\"Chapitre d&#039;ouvrage\">\n<h2>Chapitre d&rsquo;ouvrage<\/h2>\n<h3>Audience internationale<\/h3>\n<p>Juil 2017 :<\/p>\n<ul>\n<li><em>Grapevine Viruses: Molecular Biology, Diagnostics and Management. Chapter 25 : Ectoparasitic nematode vectors of grapevine viruses.<\/em><br \/>\nAndret-Link P., Marmonier A., <strong>Belval L.<\/strong>, Hleibieh K., Ritzenthaler C., Demangeat G. doi: 10.1007\/978-3-319-57706-7_25. (<strong>466 t\u00e9l\u00e9chargements en 8 mois<\/strong>)<\/li>\n<\/ul>\n<\/div>\n<div class=\"su-tabs-pane su-u-clearfix su-u-trim\" data-title=\"Brevet\">\n<h2>Brevet<\/h2>\n<p>Sept 2015 :<\/p>\n<ul>\n<li><em>Nepovirus coat protein fusion polypeptides and their use.<\/em><br \/>\n<strong>Belval L.<\/strong>, Demangeat G., Hemmer C., Ritzenthaler C. n\u00b0 15306396.1, EP3141600A1, WO2017042367.<\/li>\n<\/ul>\n<\/div>\n<div class=\"su-tabs-pane su-u-clearfix su-u-trim\" data-title=\"Communications orales en congr\u00e8s\">\n<h2>Communications orales en congr\u00e8s<\/h2>\n<p>Jan 2013 :<\/p>\n<ul>\n<li><em>Viral determinant of the Grapevine fanleaf virus capsid protein involved in virus movement in planta.<\/em><br \/>\n<strong>Belval L.<\/strong>, Keichinger C., Vigne E., Berthold F., Marmonnier A., Lemaire O., Ritzenthaler C., Demangeat G. XIV<sup>\u00e8mes<\/sup> Rencontres de Virologie V\u00e9g\u00e9tale, Aussois (73).<\/li>\n<\/ul>\n<p>Ao\u00fbt 2014 :<\/p>\n<ul>\n<li><em>Towards a better understanding of tubule-guided movement using Grapevine fanleaf virus.<\/em><br \/>\n<strong>Belval L.<\/strong>, Marmonier A., Gersch S., Komar V., Keichinger C., Vigne E., Lemaire O., Ritzenthaler C., Demangeat G. EMBO Workshop: intercellular communication in plant development and disease, Bischoffsheim (68).<\/li>\n<\/ul>\n<p>Jan 2015 :<\/p>\n<ul>\n<li><em>Towards understanding of Grapevine fanleaf virus movement and transmission.<\/em><br \/>\n<strong>Belval L.<\/strong>, Marmonier A., Gersch S., Komar V., Keichinger C., Vigne E., Lemaire O., Demangeat G., Ritzenthaler C. XV<sup>\u00e8mes<\/sup> Rencontres de Virologie V\u00e9g\u00e9tale, Aussois (73).<\/li>\n<\/ul>\n<\/div>\n<div class=\"su-tabs-pane su-u-clearfix su-u-trim\" data-title=\"Communications par poster\">\n<h2>Communications par poster<\/h2>\n<p>Jan 2018 :<\/p>\n<ul>\n<li><em>Start-up of a new research project: sugar transport and grapevine inoculated with arbuscular mycorrhizal fungi: impact on grapevine resistance to trunk diseases.<\/em><br \/>\n<strong>Belval L.<\/strong>, Valat L., Degl\u00e8ne-Benbrahim L., Bertsch C., Chong J. XII<sup>\u00e8mes<\/sup> Rencontres de Phytopathologie \u2013 Mycologie de la Soci\u00e9t\u00e9 Fran\u00e7aise de Phytopathologie, Aussois (73).<\/li>\n<\/ul>\n<p>Juin 2018 :<\/p>\n<ul>\n<li><em>Monitoring RNA induction to evaluate nitrogen absorption and assimilation<\/em><br \/>\nKremer L.,<strong> Belval L.<\/strong>, Besson M., Meyer L., Haas J., Benbrahim M. 20th Nitrogen Workshop, Rennes (35).<br \/>\n<strong>(r\u00e9sum\u00e9 de poster soumis en Janvier 2018)<\/strong><\/li>\n<\/ul>\n<\/div><\/div><\/div>\n","protected":false},"excerpt":{"rendered":"<p>Post-doctorante<\/p>\n","protected":false},"author":2,"featured_media":0,"parent":2537,"menu_order":1,"comment_status":"closed","ping_status":"closed","template":"","meta":{"footnotes":""},"class_list":["post-866","page","type-page","status-publish","hentry"],"yoast_head":"<!-- This site is optimized with the Yoast SEO plugin v27.0 - https:\/\/yoast.com\/product\/yoast-seo-wordpress\/ -->\n<title>Dr. Lor\u00e8ne BELVAL - LVBE - Laboratoire Vigne, Biotechnologies, Environnement | Universit\u00e9 de Haute-Alsace<\/title>\n<meta name=\"robots\" content=\"index, follow, max-snippet:-1, max-image-preview:large, max-video-preview:-1\" \/>\n<link rel=\"canonical\" href=\"https:\/\/www.lvbe.uha.fr\/index.php\/equipe\/chercheurs-venus-collaborer-au-lvbe\/dr-lorene-belval\/\" \/>\n<meta property=\"og:locale\" content=\"fr_FR\" \/>\n<meta property=\"og:type\" content=\"article\" \/>\n<meta property=\"og:title\" content=\"Dr. Lor\u00e8ne BELVAL - LVBE - Laboratoire Vigne, Biotechnologies, Environnement | Universit\u00e9 de Haute-Alsace\" \/>\n<meta property=\"og:description\" content=\"Post-doctorante\" \/>\n<meta property=\"og:url\" content=\"https:\/\/www.lvbe.uha.fr\/index.php\/equipe\/chercheurs-venus-collaborer-au-lvbe\/dr-lorene-belval\/\" \/>\n<meta property=\"og:site_name\" content=\"LVBE - Laboratoire Vigne, Biotechnologies, Environnement | Universit\u00e9 de Haute-Alsace\" \/>\n<meta property=\"article:modified_time\" content=\"2022-07-12T12:13:25+00:00\" \/>\n<meta property=\"og:image\" content=\"https:\/\/www.lvbe.uha.fr\/wp-content\/uploads\/2019\/12\/12D516DC-DD69-4BB2-AFC0-73216E89175B-211x300.png\" \/>\n<meta name=\"twitter:card\" content=\"summary_large_image\" \/>\n<meta name=\"twitter:label1\" content=\"Dur\u00e9e de lecture estim\u00e9e\" \/>\n\t<meta name=\"twitter:data1\" content=\"7 minutes\" \/>\n<script type=\"application\/ld+json\" class=\"yoast-schema-graph\">{\"@context\":\"https:\/\/schema.org\",\"@graph\":[{\"@type\":\"WebPage\",\"@id\":\"https:\/\/www.lvbe.uha.fr\/index.php\/equipe\/chercheurs-venus-collaborer-au-lvbe\/dr-lorene-belval\/\",\"url\":\"https:\/\/www.lvbe.uha.fr\/index.php\/equipe\/chercheurs-venus-collaborer-au-lvbe\/dr-lorene-belval\/\",\"name\":\"Dr. Lor\u00e8ne BELVAL - LVBE - Laboratoire Vigne, Biotechnologies, Environnement | Universit\u00e9 de Haute-Alsace\",\"isPartOf\":{\"@id\":\"https:\/\/www.lvbe.uha.fr\/#website\"},\"primaryImageOfPage\":{\"@id\":\"https:\/\/www.lvbe.uha.fr\/index.php\/equipe\/chercheurs-venus-collaborer-au-lvbe\/dr-lorene-belval\/#primaryimage\"},\"image\":{\"@id\":\"https:\/\/www.lvbe.uha.fr\/index.php\/equipe\/chercheurs-venus-collaborer-au-lvbe\/dr-lorene-belval\/#primaryimage\"},\"thumbnailUrl\":\"https:\/\/www.lvbe.uha.fr\/wp-content\/uploads\/2019\/12\/12D516DC-DD69-4BB2-AFC0-73216E89175B-211x300.png\",\"datePublished\":\"2018-04-13T14:05:33+00:00\",\"dateModified\":\"2022-07-12T12:13:25+00:00\",\"breadcrumb\":{\"@id\":\"https:\/\/www.lvbe.uha.fr\/index.php\/equipe\/chercheurs-venus-collaborer-au-lvbe\/dr-lorene-belval\/#breadcrumb\"},\"inLanguage\":\"fr-FR\",\"potentialAction\":[{\"@type\":\"ReadAction\",\"target\":[\"https:\/\/www.lvbe.uha.fr\/index.php\/equipe\/chercheurs-venus-collaborer-au-lvbe\/dr-lorene-belval\/\"]}]},{\"@type\":\"ImageObject\",\"inLanguage\":\"fr-FR\",\"@id\":\"https:\/\/www.lvbe.uha.fr\/index.php\/equipe\/chercheurs-venus-collaborer-au-lvbe\/dr-lorene-belval\/#primaryimage\",\"url\":\"https:\/\/www.lvbe.uha.fr\/wp-content\/uploads\/2019\/12\/12D516DC-DD69-4BB2-AFC0-73216E89175B-211x300.png\",\"contentUrl\":\"https:\/\/www.lvbe.uha.fr\/wp-content\/uploads\/2019\/12\/12D516DC-DD69-4BB2-AFC0-73216E89175B-211x300.png\"},{\"@type\":\"BreadcrumbList\",\"@id\":\"https:\/\/www.lvbe.uha.fr\/index.php\/equipe\/chercheurs-venus-collaborer-au-lvbe\/dr-lorene-belval\/#breadcrumb\",\"itemListElement\":[{\"@type\":\"ListItem\",\"position\":1,\"name\":\"Accueil\",\"item\":\"https:\/\/www.lvbe.uha.fr\/\"},{\"@type\":\"ListItem\",\"position\":2,\"name\":\"\u00c9quipe\",\"item\":\"https:\/\/www.lvbe.uha.fr\/index.php\/equipe\/\"},{\"@type\":\"ListItem\",\"position\":3,\"name\":\"Chercheurs venus collaborer au LVBE\",\"item\":\"https:\/\/www.lvbe.uha.fr\/index.php\/equipe\/chercheurs-venus-collaborer-au-lvbe\/\"},{\"@type\":\"ListItem\",\"position\":4,\"name\":\"Dr. Lor\u00e8ne BELVAL\"}]},{\"@type\":\"WebSite\",\"@id\":\"https:\/\/www.lvbe.uha.fr\/#website\",\"url\":\"https:\/\/www.lvbe.uha.fr\/\",\"name\":\"LVBE - Laboratoire Vigne, Biotechnologies, Environnement | Universit\u00e9 de Haute-Alsace\",\"description\":\"Campus Biop\u00f4le | Universit\u00e9 de Haute-Alsace\",\"potentialAction\":[{\"@type\":\"SearchAction\",\"target\":{\"@type\":\"EntryPoint\",\"urlTemplate\":\"https:\/\/www.lvbe.uha.fr\/?s={search_term_string}\"},\"query-input\":{\"@type\":\"PropertyValueSpecification\",\"valueRequired\":true,\"valueName\":\"search_term_string\"}}],\"inLanguage\":\"fr-FR\"}]}<\/script>\n<!-- \/ Yoast SEO plugin. -->","yoast_head_json":{"title":"Dr. Lor\u00e8ne BELVAL - LVBE - Laboratoire Vigne, Biotechnologies, Environnement | Universit\u00e9 de Haute-Alsace","robots":{"index":"index","follow":"follow","max-snippet":"max-snippet:-1","max-image-preview":"max-image-preview:large","max-video-preview":"max-video-preview:-1"},"canonical":"https:\/\/www.lvbe.uha.fr\/index.php\/equipe\/chercheurs-venus-collaborer-au-lvbe\/dr-lorene-belval\/","og_locale":"fr_FR","og_type":"article","og_title":"Dr. Lor\u00e8ne BELVAL - LVBE - Laboratoire Vigne, Biotechnologies, Environnement | Universit\u00e9 de Haute-Alsace","og_description":"Post-doctorante","og_url":"https:\/\/www.lvbe.uha.fr\/index.php\/equipe\/chercheurs-venus-collaborer-au-lvbe\/dr-lorene-belval\/","og_site_name":"LVBE - Laboratoire Vigne, Biotechnologies, Environnement | Universit\u00e9 de Haute-Alsace","article_modified_time":"2022-07-12T12:13:25+00:00","og_image":[{"url":"https:\/\/www.lvbe.uha.fr\/wp-content\/uploads\/2019\/12\/12D516DC-DD69-4BB2-AFC0-73216E89175B-211x300.png","type":"","width":"","height":""}],"twitter_card":"summary_large_image","twitter_misc":{"Dur\u00e9e de lecture estim\u00e9e":"7 minutes"},"schema":{"@context":"https:\/\/schema.org","@graph":[{"@type":"WebPage","@id":"https:\/\/www.lvbe.uha.fr\/index.php\/equipe\/chercheurs-venus-collaborer-au-lvbe\/dr-lorene-belval\/","url":"https:\/\/www.lvbe.uha.fr\/index.php\/equipe\/chercheurs-venus-collaborer-au-lvbe\/dr-lorene-belval\/","name":"Dr. Lor\u00e8ne BELVAL - LVBE - Laboratoire Vigne, Biotechnologies, Environnement | Universit\u00e9 de Haute-Alsace","isPartOf":{"@id":"https:\/\/www.lvbe.uha.fr\/#website"},"primaryImageOfPage":{"@id":"https:\/\/www.lvbe.uha.fr\/index.php\/equipe\/chercheurs-venus-collaborer-au-lvbe\/dr-lorene-belval\/#primaryimage"},"image":{"@id":"https:\/\/www.lvbe.uha.fr\/index.php\/equipe\/chercheurs-venus-collaborer-au-lvbe\/dr-lorene-belval\/#primaryimage"},"thumbnailUrl":"https:\/\/www.lvbe.uha.fr\/wp-content\/uploads\/2019\/12\/12D516DC-DD69-4BB2-AFC0-73216E89175B-211x300.png","datePublished":"2018-04-13T14:05:33+00:00","dateModified":"2022-07-12T12:13:25+00:00","breadcrumb":{"@id":"https:\/\/www.lvbe.uha.fr\/index.php\/equipe\/chercheurs-venus-collaborer-au-lvbe\/dr-lorene-belval\/#breadcrumb"},"inLanguage":"fr-FR","potentialAction":[{"@type":"ReadAction","target":["https:\/\/www.lvbe.uha.fr\/index.php\/equipe\/chercheurs-venus-collaborer-au-lvbe\/dr-lorene-belval\/"]}]},{"@type":"ImageObject","inLanguage":"fr-FR","@id":"https:\/\/www.lvbe.uha.fr\/index.php\/equipe\/chercheurs-venus-collaborer-au-lvbe\/dr-lorene-belval\/#primaryimage","url":"https:\/\/www.lvbe.uha.fr\/wp-content\/uploads\/2019\/12\/12D516DC-DD69-4BB2-AFC0-73216E89175B-211x300.png","contentUrl":"https:\/\/www.lvbe.uha.fr\/wp-content\/uploads\/2019\/12\/12D516DC-DD69-4BB2-AFC0-73216E89175B-211x300.png"},{"@type":"BreadcrumbList","@id":"https:\/\/www.lvbe.uha.fr\/index.php\/equipe\/chercheurs-venus-collaborer-au-lvbe\/dr-lorene-belval\/#breadcrumb","itemListElement":[{"@type":"ListItem","position":1,"name":"Accueil","item":"https:\/\/www.lvbe.uha.fr\/"},{"@type":"ListItem","position":2,"name":"\u00c9quipe","item":"https:\/\/www.lvbe.uha.fr\/index.php\/equipe\/"},{"@type":"ListItem","position":3,"name":"Chercheurs venus collaborer au LVBE","item":"https:\/\/www.lvbe.uha.fr\/index.php\/equipe\/chercheurs-venus-collaborer-au-lvbe\/"},{"@type":"ListItem","position":4,"name":"Dr. Lor\u00e8ne BELVAL"}]},{"@type":"WebSite","@id":"https:\/\/www.lvbe.uha.fr\/#website","url":"https:\/\/www.lvbe.uha.fr\/","name":"LVBE - Laboratoire Vigne, Biotechnologies, Environnement | Universit\u00e9 de Haute-Alsace","description":"Campus Biop\u00f4le | Universit\u00e9 de Haute-Alsace","potentialAction":[{"@type":"SearchAction","target":{"@type":"EntryPoint","urlTemplate":"https:\/\/www.lvbe.uha.fr\/?s={search_term_string}"},"query-input":{"@type":"PropertyValueSpecification","valueRequired":true,"valueName":"search_term_string"}}],"inLanguage":"fr-FR"}]}},"_links":{"self":[{"href":"https:\/\/www.lvbe.uha.fr\/index.php\/wp-json\/wp\/v2\/pages\/866","targetHints":{"allow":["GET"]}}],"collection":[{"href":"https:\/\/www.lvbe.uha.fr\/index.php\/wp-json\/wp\/v2\/pages"}],"about":[{"href":"https:\/\/www.lvbe.uha.fr\/index.php\/wp-json\/wp\/v2\/types\/page"}],"author":[{"embeddable":true,"href":"https:\/\/www.lvbe.uha.fr\/index.php\/wp-json\/wp\/v2\/users\/2"}],"replies":[{"embeddable":true,"href":"https:\/\/www.lvbe.uha.fr\/index.php\/wp-json\/wp\/v2\/comments?post=866"}],"version-history":[{"count":34,"href":"https:\/\/www.lvbe.uha.fr\/index.php\/wp-json\/wp\/v2\/pages\/866\/revisions"}],"predecessor-version":[{"id":3837,"href":"https:\/\/www.lvbe.uha.fr\/index.php\/wp-json\/wp\/v2\/pages\/866\/revisions\/3837"}],"up":[{"embeddable":true,"href":"https:\/\/www.lvbe.uha.fr\/index.php\/wp-json\/wp\/v2\/pages\/2537"}],"wp:attachment":[{"href":"https:\/\/www.lvbe.uha.fr\/index.php\/wp-json\/wp\/v2\/media?parent=866"}],"curies":[{"name":"wp","href":"https:\/\/api.w.org\/{rel}","templated":true}]}}