{"id":86,"date":"2018-04-06T15:17:15","date_gmt":"2018-04-06T13:17:15","guid":{"rendered":"https:\/\/www.lvbe.uha.fr\/\/?page_id=86"},"modified":"2019-07-03T19:45:05","modified_gmt":"2019-07-03T17:45:05","slug":"dr-melanie-benard-gellon","status":"publish","type":"page","link":"https:\/\/www.lvbe.uha.fr\/index.php\/equipe\/docteurs-es-sciences-formes-au-lvbe\/dr-melanie-benard-gellon\/","title":{"rendered":"Dr. M\u00e9lanie B\u00c9NARD-GELLON"},"content":{"rendered":"<h2>\u00c9tude de l&#8217;embryogen\u00e8se somatique et transformation g\u00e9n\u00e9tique de diff\u00e9rentes vari\u00e9t\u00e9s de porte-greffes de vigne en vue d&rsquo;induire la r\u00e9sistance au Grapevine Fanleaf Virus<\/h2>\n<p>Soutenue en novembre 2011<br \/>\nSous la direction de Bernard WALTER<\/p>\n<p>Dans cette \u00e9tude, nous avons dans un premier temps adapt\u00e9 le protocole d&#8217;embryogen\u00e8se somatique primaire \u00e0 diff\u00e9rentes vari\u00e9t\u00e9s d&rsquo;hybrides porte-greffes (3309C, 110R, Fercal, 41B et SO4) en nous appuyant sur l&rsquo;exp\u00e9rience acquise au laboratoire sur <em>Vitis vinifera<\/em> cv Chardonnay. Les r\u00e9sultats montrent que le g\u00e9notype, le type d&rsquo;explant (\u00e9tamine, fleur ou n\u0153ud), le type et la dose d&rsquo;auxine utilis\u00e9s dans le milieu d\u2019induction (2,4-D ou 2,4,5-T) ont une influence sur les efficacit\u00e9s d&#8217;embryogen\u00e8se somatique. En effet, pour le 3309C, l&rsquo;utilisation du 2,4,5-T dans le milieu d&rsquo;induction a montr\u00e9 une efficacit\u00e9 embryog\u00e8ne sup\u00e9rieure \u00e0 partir de n\u0153uds par rapport \u00e0 celle obtenue \u00e0 partir d&rsquo;\u00e9tamines. Cependant la meilleure efficacit\u00e9 a \u00e9t\u00e9 obtenue \u00e0 partir de fleurs de cette vari\u00e9t\u00e9, sur un milieu d&rsquo;induction contenant du 2,4-D. De plus, le protocole d&#8217;embryogen\u00e8se somatique secondaire utilise de mani\u00e8re r\u00e9currente au laboratoire nous a permis d&rsquo;obtenir des masses embryog\u00e8nes ainsi que des embryons somatiques secondaires de ces porte-greffes. Le protocole de conversion des embryons en plantes, en pr\u00e9sence de 4,5 uM de cytokinine (BAP) s&rsquo;est av\u00e9r\u00e9 efficace pour le 11OR et le 41B. Dans un second temps, nous avons co-cultiv\u00e9 le mat\u00e9riel embryog\u00e8ne obtenu pour quatre de ces g\u00e9notypes (110R, 3309C, Fercal et 41B), avec <em>Agrobacterium tumefaciens<\/em> contenant trois constructions g\u00e9n\u00e9tiques : (i) une copie d&rsquo;une s\u00e9quence partielle (1020 pb) du g\u00e8ne de la coque prot\u00e9ique du virus en orientation sens ; (ii) une partie courte en sens et en anti-sens (280 pb) de cette m\u00eame s\u00e9quence formant une structure en \u00e9pingle \u00e0 cheveux (hpRNA = hairpin RNA) ; (iii) un amiRNA ciblant une s\u00e9quence virale. Le g\u00e8ne bact\u00e9rien codant la n\u00e9omycine phosphotransf\u00e9rase et conf\u00e9rant la r\u00e9sistance \u00e0 un antibiotique, la kanamycine, a \u00e9t\u00e9 utilis\u00e9 comme g\u00e8ne de s\u00e9lection. Les conditions de s\u00e9lection \u00e0 la kanamycine ont n\u00e9cessit\u00e9 des adaptations exp\u00e9rimentales telles que l\u2019ajustement de la concentration en antibiotique puisque la s\u00e9lection avec 75 mg.L-1 de kanamycine s&rsquo;av\u00e8re insuffisamment drastique dans la plupart de nos exp\u00e9riences de co-cullture. Les r\u00e9sultats d&rsquo;analyse mol\u00e9culaire par PCR ont montr\u00e9 l&rsquo;amplification probable des fragments d&rsquo;int\u00e9r\u00eat (CPGFLV et amiRI1TA-71) dans des \u00e9chantillons de 11OR et de 41B r\u00e9sistants \u00e0 la kanamycine. Cependant des analyses mol\u00e9culaires suppl\u00e9mentaires par AL-PCR ne nous ont pas renseign\u00e9 sur une \u00e9ventuelle int\u00e9gration du transg\u00e8ne amiRATA-71 dans des masses embryog\u00e8nes de 41B.<\/p>\n","protected":false},"excerpt":{"rendered":"<p>\u00c9tude de l&#8217;embryogen\u00e8se somatique et transformation g\u00e9n\u00e9tique de diff\u00e9rentes vari\u00e9t\u00e9s de porte-greffes de vigne en vue d&rsquo;induire la r\u00e9sistance au Grapevine Fanleaf Virus Soutenue en novembre 2011 Sous la direction de Bernard WALTER Dans cette \u00e9tude, nous avons dans un premier temps adapt\u00e9 le protocole d&#8217;embryogen\u00e8se somatique primaire \u00e0 diff\u00e9rentes vari\u00e9t\u00e9s d&rsquo;hybrides porte-greffes (3309C, 110R, [&hellip;]<\/p>\n","protected":false},"author":2,"featured_media":0,"parent":1763,"menu_order":0,"comment_status":"closed","ping_status":"closed","template":"","meta":{"footnotes":""},"class_list":["post-86","page","type-page","status-publish","hentry"],"yoast_head":"<!-- This site is optimized with the Yoast SEO plugin v27.4 - https:\/\/yoast.com\/product\/yoast-seo-wordpress\/ -->\n<title>Dr. M\u00e9lanie B\u00c9NARD-GELLON - LVBE - Laboratoire Vigne, Biotechnologies, Environnement | Universit\u00e9 de Haute-Alsace<\/title>\n<meta name=\"robots\" content=\"index, follow, max-snippet:-1, max-image-preview:large, max-video-preview:-1\" \/>\n<link rel=\"canonical\" href=\"https:\/\/www.lvbe.uha.fr\/index.php\/equipe\/docteurs-es-sciences-formes-au-lvbe\/dr-melanie-benard-gellon\/\" \/>\n<meta property=\"og:locale\" content=\"fr_FR\" \/>\n<meta property=\"og:type\" content=\"article\" \/>\n<meta property=\"og:title\" content=\"Dr. M\u00e9lanie B\u00c9NARD-GELLON - LVBE - Laboratoire Vigne, Biotechnologies, Environnement | Universit\u00e9 de Haute-Alsace\" \/>\n<meta property=\"og:description\" content=\"\u00c9tude de l&#8217;embryogen\u00e8se somatique et transformation g\u00e9n\u00e9tique de diff\u00e9rentes vari\u00e9t\u00e9s de porte-greffes de vigne en vue d&rsquo;induire la r\u00e9sistance au Grapevine Fanleaf Virus Soutenue en novembre 2011 Sous la direction de Bernard WALTER Dans cette \u00e9tude, nous avons dans un premier temps adapt\u00e9 le protocole d&#8217;embryogen\u00e8se somatique primaire \u00e0 diff\u00e9rentes vari\u00e9t\u00e9s d&rsquo;hybrides porte-greffes (3309C, 110R, [&hellip;]\" \/>\n<meta property=\"og:url\" content=\"https:\/\/www.lvbe.uha.fr\/index.php\/equipe\/docteurs-es-sciences-formes-au-lvbe\/dr-melanie-benard-gellon\/\" \/>\n<meta property=\"og:site_name\" content=\"LVBE - Laboratoire Vigne, Biotechnologies, Environnement | Universit\u00e9 de Haute-Alsace\" \/>\n<meta property=\"article:modified_time\" content=\"2019-07-03T17:45:05+00:00\" \/>\n<meta name=\"twitter:card\" content=\"summary_large_image\" \/>\n<meta name=\"twitter:label1\" content=\"Dur\u00e9e de lecture estim\u00e9e\" \/>\n\t<meta name=\"twitter:data1\" content=\"2 minutes\" \/>\n<script type=\"application\/ld+json\" class=\"yoast-schema-graph\">{\"@context\":\"https:\\\/\\\/schema.org\",\"@graph\":[{\"@type\":\"WebPage\",\"@id\":\"https:\\\/\\\/www.lvbe.uha.fr\\\/index.php\\\/equipe\\\/docteurs-es-sciences-formes-au-lvbe\\\/dr-melanie-benard-gellon\\\/\",\"url\":\"https:\\\/\\\/www.lvbe.uha.fr\\\/index.php\\\/equipe\\\/docteurs-es-sciences-formes-au-lvbe\\\/dr-melanie-benard-gellon\\\/\",\"name\":\"Dr. M\u00e9lanie B\u00c9NARD-GELLON - LVBE - Laboratoire Vigne, Biotechnologies, Environnement | Universit\u00e9 de Haute-Alsace\",\"isPartOf\":{\"@id\":\"https:\\\/\\\/www.lvbe.uha.fr\\\/#website\"},\"datePublished\":\"2018-04-06T13:17:15+00:00\",\"dateModified\":\"2019-07-03T17:45:05+00:00\",\"breadcrumb\":{\"@id\":\"https:\\\/\\\/www.lvbe.uha.fr\\\/index.php\\\/equipe\\\/docteurs-es-sciences-formes-au-lvbe\\\/dr-melanie-benard-gellon\\\/#breadcrumb\"},\"inLanguage\":\"fr-FR\",\"potentialAction\":[{\"@type\":\"ReadAction\",\"target\":[\"https:\\\/\\\/www.lvbe.uha.fr\\\/index.php\\\/equipe\\\/docteurs-es-sciences-formes-au-lvbe\\\/dr-melanie-benard-gellon\\\/\"]}]},{\"@type\":\"BreadcrumbList\",\"@id\":\"https:\\\/\\\/www.lvbe.uha.fr\\\/index.php\\\/equipe\\\/docteurs-es-sciences-formes-au-lvbe\\\/dr-melanie-benard-gellon\\\/#breadcrumb\",\"itemListElement\":[{\"@type\":\"ListItem\",\"position\":1,\"name\":\"Accueil\",\"item\":\"https:\\\/\\\/www.lvbe.uha.fr\\\/\"},{\"@type\":\"ListItem\",\"position\":2,\"name\":\"\u00c9quipe\",\"item\":\"https:\\\/\\\/www.lvbe.uha.fr\\\/index.php\\\/equipe\\\/\"},{\"@type\":\"ListItem\",\"position\":3,\"name\":\"Docteurs \u00e8s sciences form\u00e9s au LVBE\",\"item\":\"https:\\\/\\\/www.lvbe.uha.fr\\\/index.php\\\/equipe\\\/docteurs-es-sciences-formes-au-lvbe\\\/\"},{\"@type\":\"ListItem\",\"position\":4,\"name\":\"Dr. M\u00e9lanie B\u00c9NARD-GELLON\"}]},{\"@type\":\"WebSite\",\"@id\":\"https:\\\/\\\/www.lvbe.uha.fr\\\/#website\",\"url\":\"https:\\\/\\\/www.lvbe.uha.fr\\\/\",\"name\":\"LVBE - Laboratoire Vigne, Biotechnologies, Environnement | Universit\u00e9 de Haute-Alsace\",\"description\":\"Campus Biop\u00f4le | Universit\u00e9 de Haute-Alsace\",\"potentialAction\":[{\"@type\":\"SearchAction\",\"target\":{\"@type\":\"EntryPoint\",\"urlTemplate\":\"https:\\\/\\\/www.lvbe.uha.fr\\\/?s={search_term_string}\"},\"query-input\":{\"@type\":\"PropertyValueSpecification\",\"valueRequired\":true,\"valueName\":\"search_term_string\"}}],\"inLanguage\":\"fr-FR\"}]}<\/script>\n<!-- \/ Yoast SEO plugin. -->","yoast_head_json":{"title":"Dr. M\u00e9lanie B\u00c9NARD-GELLON - LVBE - Laboratoire Vigne, Biotechnologies, Environnement | Universit\u00e9 de Haute-Alsace","robots":{"index":"index","follow":"follow","max-snippet":"max-snippet:-1","max-image-preview":"max-image-preview:large","max-video-preview":"max-video-preview:-1"},"canonical":"https:\/\/www.lvbe.uha.fr\/index.php\/equipe\/docteurs-es-sciences-formes-au-lvbe\/dr-melanie-benard-gellon\/","og_locale":"fr_FR","og_type":"article","og_title":"Dr. M\u00e9lanie B\u00c9NARD-GELLON - LVBE - Laboratoire Vigne, Biotechnologies, Environnement | Universit\u00e9 de Haute-Alsace","og_description":"\u00c9tude de l&#8217;embryogen\u00e8se somatique et transformation g\u00e9n\u00e9tique de diff\u00e9rentes vari\u00e9t\u00e9s de porte-greffes de vigne en vue d&rsquo;induire la r\u00e9sistance au Grapevine Fanleaf Virus Soutenue en novembre 2011 Sous la direction de Bernard WALTER Dans cette \u00e9tude, nous avons dans un premier temps adapt\u00e9 le protocole d&#8217;embryogen\u00e8se somatique primaire \u00e0 diff\u00e9rentes vari\u00e9t\u00e9s d&rsquo;hybrides porte-greffes (3309C, 110R, [&hellip;]","og_url":"https:\/\/www.lvbe.uha.fr\/index.php\/equipe\/docteurs-es-sciences-formes-au-lvbe\/dr-melanie-benard-gellon\/","og_site_name":"LVBE - Laboratoire Vigne, Biotechnologies, Environnement | Universit\u00e9 de Haute-Alsace","article_modified_time":"2019-07-03T17:45:05+00:00","twitter_card":"summary_large_image","twitter_misc":{"Dur\u00e9e de lecture estim\u00e9e":"2 minutes"},"schema":{"@context":"https:\/\/schema.org","@graph":[{"@type":"WebPage","@id":"https:\/\/www.lvbe.uha.fr\/index.php\/equipe\/docteurs-es-sciences-formes-au-lvbe\/dr-melanie-benard-gellon\/","url":"https:\/\/www.lvbe.uha.fr\/index.php\/equipe\/docteurs-es-sciences-formes-au-lvbe\/dr-melanie-benard-gellon\/","name":"Dr. M\u00e9lanie B\u00c9NARD-GELLON - LVBE - Laboratoire Vigne, Biotechnologies, Environnement | Universit\u00e9 de Haute-Alsace","isPartOf":{"@id":"https:\/\/www.lvbe.uha.fr\/#website"},"datePublished":"2018-04-06T13:17:15+00:00","dateModified":"2019-07-03T17:45:05+00:00","breadcrumb":{"@id":"https:\/\/www.lvbe.uha.fr\/index.php\/equipe\/docteurs-es-sciences-formes-au-lvbe\/dr-melanie-benard-gellon\/#breadcrumb"},"inLanguage":"fr-FR","potentialAction":[{"@type":"ReadAction","target":["https:\/\/www.lvbe.uha.fr\/index.php\/equipe\/docteurs-es-sciences-formes-au-lvbe\/dr-melanie-benard-gellon\/"]}]},{"@type":"BreadcrumbList","@id":"https:\/\/www.lvbe.uha.fr\/index.php\/equipe\/docteurs-es-sciences-formes-au-lvbe\/dr-melanie-benard-gellon\/#breadcrumb","itemListElement":[{"@type":"ListItem","position":1,"name":"Accueil","item":"https:\/\/www.lvbe.uha.fr\/"},{"@type":"ListItem","position":2,"name":"\u00c9quipe","item":"https:\/\/www.lvbe.uha.fr\/index.php\/equipe\/"},{"@type":"ListItem","position":3,"name":"Docteurs \u00e8s sciences form\u00e9s au LVBE","item":"https:\/\/www.lvbe.uha.fr\/index.php\/equipe\/docteurs-es-sciences-formes-au-lvbe\/"},{"@type":"ListItem","position":4,"name":"Dr. M\u00e9lanie B\u00c9NARD-GELLON"}]},{"@type":"WebSite","@id":"https:\/\/www.lvbe.uha.fr\/#website","url":"https:\/\/www.lvbe.uha.fr\/","name":"LVBE - Laboratoire Vigne, Biotechnologies, Environnement | Universit\u00e9 de Haute-Alsace","description":"Campus Biop\u00f4le | Universit\u00e9 de Haute-Alsace","potentialAction":[{"@type":"SearchAction","target":{"@type":"EntryPoint","urlTemplate":"https:\/\/www.lvbe.uha.fr\/?s={search_term_string}"},"query-input":{"@type":"PropertyValueSpecification","valueRequired":true,"valueName":"search_term_string"}}],"inLanguage":"fr-FR"}]}},"_links":{"self":[{"href":"https:\/\/www.lvbe.uha.fr\/index.php\/wp-json\/wp\/v2\/pages\/86","targetHints":{"allow":["GET"]}}],"collection":[{"href":"https:\/\/www.lvbe.uha.fr\/index.php\/wp-json\/wp\/v2\/pages"}],"about":[{"href":"https:\/\/www.lvbe.uha.fr\/index.php\/wp-json\/wp\/v2\/types\/page"}],"author":[{"embeddable":true,"href":"https:\/\/www.lvbe.uha.fr\/index.php\/wp-json\/wp\/v2\/users\/2"}],"replies":[{"embeddable":true,"href":"https:\/\/www.lvbe.uha.fr\/index.php\/wp-json\/wp\/v2\/comments?post=86"}],"version-history":[{"count":7,"href":"https:\/\/www.lvbe.uha.fr\/index.php\/wp-json\/wp\/v2\/pages\/86\/revisions"}],"predecessor-version":[{"id":88,"href":"https:\/\/www.lvbe.uha.fr\/index.php\/wp-json\/wp\/v2\/pages\/86\/revisions\/88"}],"up":[{"embeddable":true,"href":"https:\/\/www.lvbe.uha.fr\/index.php\/wp-json\/wp\/v2\/pages\/1763"}],"wp:attachment":[{"href":"https:\/\/www.lvbe.uha.fr\/index.php\/wp-json\/wp\/v2\/media?parent=86"}],"curies":[{"name":"wp","href":"https:\/\/api.w.org\/{rel}","templated":true}]}}