{"id":82,"date":"2018-04-06T15:13:32","date_gmt":"2018-04-06T13:13:32","guid":{"rendered":"https:\/\/www.lvbe.uha.fr\/\/?page_id=82"},"modified":"2022-03-10T09:04:44","modified_gmt":"2022-03-10T08:04:44","slug":"dr-noemie-jelly","status":"publish","type":"page","link":"https:\/\/www.lvbe.uha.fr\/index.php\/equipe\/docteurs-es-sciences-formes-au-lvbe\/dr-noemie-jelly\/","title":{"rendered":"Dr. No\u00e9mie JELLY"},"content":{"rendered":"<h2>D\u00e9veloppement de microARNs artificiels contre la maladie du court-nou\u00e9 de la vigne.<\/h2>\n<p>Soutenue en d\u00e9cembre 2011<br \/>\nSous la direction de Bernard WALTER et<br \/>\nCo-encadr\u00e9e par Paul SCHELLENBAUM et Pascale MAILLOT<\/p>\n<p>La vigne est une esp\u00e8ce p\u00e9renne sujette \u00e0 de nombreuses viroses, entra\u00eenant une baisse consid\u00e9rable de rendement et de qualit\u00e9 des fruits. Parmi ces viroses, la maladie du court-nou\u00e9 touche les vignobles du monde entier. Elle est majoritairement caus\u00e9e par le Grapevine fanleaf virus (GFLV). En vue de lutter contre cet agent pathog\u00e8ne, nous avons modifi\u00e9 des pr\u00e9curseurs naturels de microARNs afin d\u2019exprimer des microARNs artificiels (amiRNAs). Ceux-ci devraient induire l\u2019inhibition post-transcriptionnelle de l\u2019ARN du GFLV en recrutant la machinerie des microARNs naturels endog\u00e8nes et donc r\u00e9primer le d\u00e9veloppement du \u2028virus.<\/p>\n<p>La transformation g\u00e9n\u00e9tique de la vigne n\u00e9cessitant beaucoup de temps, nous utilisons un h\u00f4te artificiel herbac\u00e9 du GFLV\u00a0: Nicotiana benthamiana. Nous avons ainsi produit plusieurs lign\u00e9es transg\u00e9niques et avons test\u00e9 l\u2019expression des amiARNs. L\u2019inoculation de ces lign\u00e9es avec le GFLV-F13 n\u2019a abouti \u00e0 aucune r\u00e9sistance, et la recherche de m\u00e9canismes d\u2019interf\u00e9rence \u00e0 ARN est en cours. Parall\u00e8lement, des essais de transformation transitoire d\u2019embryons somatiques de \u2028V. vinifera cv. Chardonnay a permis l\u2019expression d\u2019amiRNAs et l\u2019inactivation post-transcriptionnelle de construction GUS-sensors, constitu\u00e9es du g\u00e8ne GUS fusionn\u00e9 avec la s\u00e9quence cibl\u00e9e par un amiRNA, d\u00e9montrant la fonctionnalit\u00e9 biologique de ces amiRNAs chez la vigne, et donc la faisabilit\u00e9 de cette technique.<\/p>\n<p>Jusqu\u2019ici, plusieurs strat\u00e9gies de r\u00e9sistance d\u00e9riv\u00e9e du pathog\u00e8ne ont \u00e9t\u00e9 test\u00e9es en vue de lutter contre cette maladie. Cependant, la technique des amiRNAs n\u2019a pas encore \u00e9t\u00e9 utilis\u00e9e, et il s\u2019agirait donc du premier rapport concernant le d\u00e9veloppement d\u2019amiRNAs dirig\u00e9s contre le GFLV.<\/p>\n<p>Mots cl\u00e9s : virus, court-nou\u00e9, interf\u00e9rence \u00e0 ARN, transformation g\u00e9n\u00e9tique, Vitis vinifera, Nicotiana benthamiana<\/p>\n<p>&nbsp;<\/p>\n<p><strong>Development of artificial microRNAs targeting grapevine fanleaf virus.<\/strong><\/p>\n<p>Among viral diseases affecting grapevine, the fanleaf degeneration disease, mainly caused by Grapevine fanleaf virus, occurs in vineyards worldwide. So far, several strategies based on \u201cpathogen- derived resistance\u201d have been used to control this disease. However, the artificial microRNA (amiRNA) technology has never been described in grapevine, and this manuscript is the first report demonstrating the interest of developing amiRNAs targeting GFLV and the feasibility of such a strategy.<br \/>\nWe modified an Arabidopsis natural microRNA precursor (ath-pre-miR319a) in order to express amiRNAs targeting GFLV sequences. We tested their ability to induce post-transcriptional silencing of viral RNA by recruiting the natural endogenous microRNA machinery and thus repress viral replication. Nicotiana benthamiana, an artificial herbaceous host of GFLV, was used as a model for transformation and virus inoculation. Several transgenic lines expressing these amiRNAs were produced. Up to now, their inoculation with GFLV did not allow us to detect resistance against the virus 14 days after inoculation, and evidence for an RNA silencing mechanism is currently under investigation. In parallel, transformation assays using somatic embryos of Vitis vinifera cv. Chardonnay allowed the transient expression of amiRNAs and silencing of GUS-sensor constructs, consisting of the GUS gene fused to the amiRNA target sequence, showing evidence for expression and biological functionality of these amiRNAs in grapevine.<\/p>\n<p>Keywords: virus, fanleaf degeneration, RNA silencing, genetic transformation, Vitis vinifera, Nicotiana benthamiana<\/p>\n","protected":false},"excerpt":{"rendered":"<p>D\u00e9veloppement de microARNs artificiels contre la maladie du court-nou\u00e9 de la vigne. Soutenue en d\u00e9cembre 2011 Sous la direction de Bernard WALTER et Co-encadr\u00e9e par Paul SCHELLENBAUM et Pascale MAILLOT La vigne est une esp\u00e8ce p\u00e9renne sujette \u00e0 de nombreuses viroses, entra\u00eenant une baisse consid\u00e9rable de rendement et de qualit\u00e9 des fruits. Parmi ces viroses, [&hellip;]<\/p>\n","protected":false},"author":2,"featured_media":0,"parent":1763,"menu_order":0,"comment_status":"closed","ping_status":"closed","template":"","meta":{"footnotes":""},"class_list":["post-82","page","type-page","status-publish","hentry"],"yoast_head":"<!-- This site is optimized with the Yoast SEO plugin v27.4 - https:\/\/yoast.com\/product\/yoast-seo-wordpress\/ -->\n<title>Dr. No\u00e9mie JELLY - LVBE - Laboratoire Vigne, Biotechnologies, Environnement | Universit\u00e9 de Haute-Alsace<\/title>\n<meta name=\"robots\" content=\"index, follow, max-snippet:-1, max-image-preview:large, max-video-preview:-1\" \/>\n<link rel=\"canonical\" href=\"https:\/\/www.lvbe.uha.fr\/index.php\/equipe\/docteurs-es-sciences-formes-au-lvbe\/dr-noemie-jelly\/\" \/>\n<meta property=\"og:locale\" content=\"fr_FR\" \/>\n<meta property=\"og:type\" content=\"article\" \/>\n<meta property=\"og:title\" content=\"Dr. No\u00e9mie JELLY - LVBE - Laboratoire Vigne, Biotechnologies, Environnement | Universit\u00e9 de Haute-Alsace\" \/>\n<meta property=\"og:description\" content=\"D\u00e9veloppement de microARNs artificiels contre la maladie du court-nou\u00e9 de la vigne. Soutenue en d\u00e9cembre 2011 Sous la direction de Bernard WALTER et Co-encadr\u00e9e par Paul SCHELLENBAUM et Pascale MAILLOT La vigne est une esp\u00e8ce p\u00e9renne sujette \u00e0 de nombreuses viroses, entra\u00eenant une baisse consid\u00e9rable de rendement et de qualit\u00e9 des fruits. Parmi ces viroses, [&hellip;]\" \/>\n<meta property=\"og:url\" content=\"https:\/\/www.lvbe.uha.fr\/index.php\/equipe\/docteurs-es-sciences-formes-au-lvbe\/dr-noemie-jelly\/\" \/>\n<meta property=\"og:site_name\" content=\"LVBE - Laboratoire Vigne, Biotechnologies, Environnement | Universit\u00e9 de Haute-Alsace\" \/>\n<meta property=\"article:modified_time\" content=\"2022-03-10T08:04:44+00:00\" \/>\n<meta name=\"twitter:card\" content=\"summary_large_image\" \/>\n<meta name=\"twitter:label1\" content=\"Dur\u00e9e de lecture estim\u00e9e\" \/>\n\t<meta name=\"twitter:data1\" content=\"3 minutes\" \/>\n<script type=\"application\/ld+json\" class=\"yoast-schema-graph\">{\"@context\":\"https:\\\/\\\/schema.org\",\"@graph\":[{\"@type\":\"WebPage\",\"@id\":\"https:\\\/\\\/www.lvbe.uha.fr\\\/index.php\\\/equipe\\\/docteurs-es-sciences-formes-au-lvbe\\\/dr-noemie-jelly\\\/\",\"url\":\"https:\\\/\\\/www.lvbe.uha.fr\\\/index.php\\\/equipe\\\/docteurs-es-sciences-formes-au-lvbe\\\/dr-noemie-jelly\\\/\",\"name\":\"Dr. No\u00e9mie JELLY - LVBE - Laboratoire Vigne, Biotechnologies, Environnement | Universit\u00e9 de Haute-Alsace\",\"isPartOf\":{\"@id\":\"https:\\\/\\\/www.lvbe.uha.fr\\\/#website\"},\"datePublished\":\"2018-04-06T13:13:32+00:00\",\"dateModified\":\"2022-03-10T08:04:44+00:00\",\"breadcrumb\":{\"@id\":\"https:\\\/\\\/www.lvbe.uha.fr\\\/index.php\\\/equipe\\\/docteurs-es-sciences-formes-au-lvbe\\\/dr-noemie-jelly\\\/#breadcrumb\"},\"inLanguage\":\"fr-FR\",\"potentialAction\":[{\"@type\":\"ReadAction\",\"target\":[\"https:\\\/\\\/www.lvbe.uha.fr\\\/index.php\\\/equipe\\\/docteurs-es-sciences-formes-au-lvbe\\\/dr-noemie-jelly\\\/\"]}]},{\"@type\":\"BreadcrumbList\",\"@id\":\"https:\\\/\\\/www.lvbe.uha.fr\\\/index.php\\\/equipe\\\/docteurs-es-sciences-formes-au-lvbe\\\/dr-noemie-jelly\\\/#breadcrumb\",\"itemListElement\":[{\"@type\":\"ListItem\",\"position\":1,\"name\":\"Accueil\",\"item\":\"https:\\\/\\\/www.lvbe.uha.fr\\\/\"},{\"@type\":\"ListItem\",\"position\":2,\"name\":\"\u00c9quipe\",\"item\":\"https:\\\/\\\/www.lvbe.uha.fr\\\/index.php\\\/equipe\\\/\"},{\"@type\":\"ListItem\",\"position\":3,\"name\":\"Docteurs \u00e8s sciences form\u00e9s au LVBE\",\"item\":\"https:\\\/\\\/www.lvbe.uha.fr\\\/index.php\\\/equipe\\\/docteurs-es-sciences-formes-au-lvbe\\\/\"},{\"@type\":\"ListItem\",\"position\":4,\"name\":\"Dr. No\u00e9mie JELLY\"}]},{\"@type\":\"WebSite\",\"@id\":\"https:\\\/\\\/www.lvbe.uha.fr\\\/#website\",\"url\":\"https:\\\/\\\/www.lvbe.uha.fr\\\/\",\"name\":\"LVBE - Laboratoire Vigne, Biotechnologies, Environnement | Universit\u00e9 de Haute-Alsace\",\"description\":\"Campus Biop\u00f4le | Universit\u00e9 de Haute-Alsace\",\"potentialAction\":[{\"@type\":\"SearchAction\",\"target\":{\"@type\":\"EntryPoint\",\"urlTemplate\":\"https:\\\/\\\/www.lvbe.uha.fr\\\/?s={search_term_string}\"},\"query-input\":{\"@type\":\"PropertyValueSpecification\",\"valueRequired\":true,\"valueName\":\"search_term_string\"}}],\"inLanguage\":\"fr-FR\"}]}<\/script>\n<!-- \/ Yoast SEO plugin. -->","yoast_head_json":{"title":"Dr. No\u00e9mie JELLY - LVBE - Laboratoire Vigne, Biotechnologies, Environnement | Universit\u00e9 de Haute-Alsace","robots":{"index":"index","follow":"follow","max-snippet":"max-snippet:-1","max-image-preview":"max-image-preview:large","max-video-preview":"max-video-preview:-1"},"canonical":"https:\/\/www.lvbe.uha.fr\/index.php\/equipe\/docteurs-es-sciences-formes-au-lvbe\/dr-noemie-jelly\/","og_locale":"fr_FR","og_type":"article","og_title":"Dr. No\u00e9mie JELLY - LVBE - Laboratoire Vigne, Biotechnologies, Environnement | Universit\u00e9 de Haute-Alsace","og_description":"D\u00e9veloppement de microARNs artificiels contre la maladie du court-nou\u00e9 de la vigne. Soutenue en d\u00e9cembre 2011 Sous la direction de Bernard WALTER et Co-encadr\u00e9e par Paul SCHELLENBAUM et Pascale MAILLOT La vigne est une esp\u00e8ce p\u00e9renne sujette \u00e0 de nombreuses viroses, entra\u00eenant une baisse consid\u00e9rable de rendement et de qualit\u00e9 des fruits. Parmi ces viroses, [&hellip;]","og_url":"https:\/\/www.lvbe.uha.fr\/index.php\/equipe\/docteurs-es-sciences-formes-au-lvbe\/dr-noemie-jelly\/","og_site_name":"LVBE - Laboratoire Vigne, Biotechnologies, Environnement | Universit\u00e9 de Haute-Alsace","article_modified_time":"2022-03-10T08:04:44+00:00","twitter_card":"summary_large_image","twitter_misc":{"Dur\u00e9e de lecture estim\u00e9e":"3 minutes"},"schema":{"@context":"https:\/\/schema.org","@graph":[{"@type":"WebPage","@id":"https:\/\/www.lvbe.uha.fr\/index.php\/equipe\/docteurs-es-sciences-formes-au-lvbe\/dr-noemie-jelly\/","url":"https:\/\/www.lvbe.uha.fr\/index.php\/equipe\/docteurs-es-sciences-formes-au-lvbe\/dr-noemie-jelly\/","name":"Dr. No\u00e9mie JELLY - LVBE - Laboratoire Vigne, Biotechnologies, Environnement | Universit\u00e9 de Haute-Alsace","isPartOf":{"@id":"https:\/\/www.lvbe.uha.fr\/#website"},"datePublished":"2018-04-06T13:13:32+00:00","dateModified":"2022-03-10T08:04:44+00:00","breadcrumb":{"@id":"https:\/\/www.lvbe.uha.fr\/index.php\/equipe\/docteurs-es-sciences-formes-au-lvbe\/dr-noemie-jelly\/#breadcrumb"},"inLanguage":"fr-FR","potentialAction":[{"@type":"ReadAction","target":["https:\/\/www.lvbe.uha.fr\/index.php\/equipe\/docteurs-es-sciences-formes-au-lvbe\/dr-noemie-jelly\/"]}]},{"@type":"BreadcrumbList","@id":"https:\/\/www.lvbe.uha.fr\/index.php\/equipe\/docteurs-es-sciences-formes-au-lvbe\/dr-noemie-jelly\/#breadcrumb","itemListElement":[{"@type":"ListItem","position":1,"name":"Accueil","item":"https:\/\/www.lvbe.uha.fr\/"},{"@type":"ListItem","position":2,"name":"\u00c9quipe","item":"https:\/\/www.lvbe.uha.fr\/index.php\/equipe\/"},{"@type":"ListItem","position":3,"name":"Docteurs \u00e8s sciences form\u00e9s au LVBE","item":"https:\/\/www.lvbe.uha.fr\/index.php\/equipe\/docteurs-es-sciences-formes-au-lvbe\/"},{"@type":"ListItem","position":4,"name":"Dr. No\u00e9mie JELLY"}]},{"@type":"WebSite","@id":"https:\/\/www.lvbe.uha.fr\/#website","url":"https:\/\/www.lvbe.uha.fr\/","name":"LVBE - Laboratoire Vigne, Biotechnologies, Environnement | Universit\u00e9 de Haute-Alsace","description":"Campus Biop\u00f4le | Universit\u00e9 de Haute-Alsace","potentialAction":[{"@type":"SearchAction","target":{"@type":"EntryPoint","urlTemplate":"https:\/\/www.lvbe.uha.fr\/?s={search_term_string}"},"query-input":{"@type":"PropertyValueSpecification","valueRequired":true,"valueName":"search_term_string"}}],"inLanguage":"fr-FR"}]}},"_links":{"self":[{"href":"https:\/\/www.lvbe.uha.fr\/index.php\/wp-json\/wp\/v2\/pages\/82","targetHints":{"allow":["GET"]}}],"collection":[{"href":"https:\/\/www.lvbe.uha.fr\/index.php\/wp-json\/wp\/v2\/pages"}],"about":[{"href":"https:\/\/www.lvbe.uha.fr\/index.php\/wp-json\/wp\/v2\/types\/page"}],"author":[{"embeddable":true,"href":"https:\/\/www.lvbe.uha.fr\/index.php\/wp-json\/wp\/v2\/users\/2"}],"replies":[{"embeddable":true,"href":"https:\/\/www.lvbe.uha.fr\/index.php\/wp-json\/wp\/v2\/comments?post=82"}],"version-history":[{"count":10,"href":"https:\/\/www.lvbe.uha.fr\/index.php\/wp-json\/wp\/v2\/pages\/82\/revisions"}],"predecessor-version":[{"id":3609,"href":"https:\/\/www.lvbe.uha.fr\/index.php\/wp-json\/wp\/v2\/pages\/82\/revisions\/3609"}],"up":[{"embeddable":true,"href":"https:\/\/www.lvbe.uha.fr\/index.php\/wp-json\/wp\/v2\/pages\/1763"}],"wp:attachment":[{"href":"https:\/\/www.lvbe.uha.fr\/index.php\/wp-json\/wp\/v2\/media?parent=82"}],"curies":[{"name":"wp","href":"https:\/\/api.w.org\/{rel}","templated":true}]}}