{"id":71,"date":"2018-04-06T14:57:50","date_gmt":"2018-04-06T12:57:50","guid":{"rendered":"https:\/\/www.lvbe.uha.fr\/\/?page_id=71"},"modified":"2018-06-15T09:19:09","modified_gmt":"2018-06-15T07:19:09","slug":"dr-sylvain-lebel","status":"publish","type":"page","link":"https:\/\/www.lvbe.uha.fr\/index.php\/equipe\/docteurs-es-sciences-formes-au-lvbe\/dr-sylvain-lebel\/","title":{"rendered":"Dr. Sylvain LEBEL"},"content":{"rendered":"<h2>Caract\u00e9risation de la famille des g\u00e8nes PR10 chez Vitis vinifera et \u00e9tude de leur expression durant l\u2019embryogen\u00e8se somatique<\/h2>\n<p>Soutenue en d\u00e9cembre 2010<br \/>Sous la direction de Bernard WALTER et co-direction de Paul SCHELLENBAUM<\/p>\n<p>Le sujet de ma th\u00e8se \u00e9tait de d\u00e9crire sur le plan mol\u00e9culaire, le processus d\u2019embryogen\u00e8se somatique chez la vigne. J&rsquo;ai choisi d&rsquo;\u00e9tudier le cycle d&#8217;embryogen\u00e8se secondaire, initi\u00e9 \u00e0 partir d&#8217;embryons, car il permet de produire un grand nombre d&#8217;embryons de mani\u00e8re synchrone.<\/p>\n<p>Les \u00e9tapes-cl\u00e9s d\u2019entr\u00e9e et de sortie du cycle ont \u00e9t\u00e9 caract\u00e9ris\u00e9es par l\u2019analyse de l\u2019expression de quelques g\u00e8nes impliqu\u00e9s dans le d\u00e9veloppement (SERK, LEC-1-LIKE) ou la d\u00e9fense (PR ou \u00ab\u00a0Pathogenesis-Related\u00a0\u00bb) [1, 2]. Par ailleurs, gr\u00e2ce \u00e0 l\u2019exploitation de la s\u00e9quence compl\u00e8te du g\u00e9nome de <em>Vitis vinifera<\/em> disponible sur le site du Genoscope, j\u2019ai pu caract\u00e9riser exhaustivement la famille multig\u00e8nique des PR10 [3]. Celle-ci est compos\u00e9e de 17 s\u00e9quences, dont 3 pseudog\u00e8nes et au moins 13 s\u00e9quences transcrites. Les 17 s\u00e9quences sont dispos\u00e9es en tandem et forment un cluster compact sur le chromosome 5, sugg\u00e9rant, au cours de l\u2019\u00e9volution, des duplications successives suivies de divergence des s\u00e9quences par mutation. Les s\u00e9quences se r\u00e9partissent suivant deux clades et la tr\u00e8s forte similarit\u00e9 nucl\u00e9otidique de certaines d&rsquo;entre elles sugg\u00e8re \u00e9galement une \u00e9volution concert\u00e9e.<\/p>\n<p>L\u2019\u00e9tude de l\u2019expression de 10 de ces g\u00e8nes (VvPR10.1-a, VvPR10.2, VvPR10.3-a et VvPR10.4 \u00e0 VvPR10.10) montre l&rsquo;existence d&rsquo;une diversification fonctionnelle marqu\u00e9e. Leur expression a d\u2019abord \u00e9t\u00e9 analys\u00e9e par RT-PCR semi-quantitative dans diff\u00e9rents organes de la plante (racines, tiges, feuilles, fleurs et embryons), et dans des tissus trait\u00e9s au 2,4-D, hormone utilis\u00e9e pour induire le processus d&#8217;embryogen\u00e8se somatique. Aucune expression de VvPR10.10 n&rsquo;a \u00e9t\u00e9 d\u00e9tect\u00e9e, dans aucune condition \u00e9tudi\u00e9e. Les autres g\u00e8nes sont exprim\u00e9s de mani\u00e8re diff\u00e9rentielle dans les diff\u00e9rents organes, et leur expression est g\u00e9n\u00e9ralement plus \u00e9lev\u00e9e dans les tissus trait\u00e9s au 2,4-D que dans les tissus non trait\u00e9s, ce qui montre leur induction lors d\u2019un stress. De plus, les niveaux d&rsquo;expression de PR10.1-a, PR10.2, PR10.3-a, PR10.5 et PR10.9 sont \u00e9lev\u00e9s dans les cals embryog\u00e8nes, sugg\u00e9rant qu&rsquo;ils pourraient jouer un r\u00f4le lors de l&#8217;embryogen\u00e8se somatique. Je me suis aussi attach\u00e9 \u00e0 quantifier par RT-PCR quantitative en temps r\u00e9el l\u2019expression des 7 g\u00e8nes les plus exprim\u00e9s, dans diff\u00e9rents tissus ayant montr\u00e9 une capacit\u00e9 embryog\u00e9nique variable lorsqu\u2019ils sont soumis \u00e0 un traitement par le 2,4-D. Les r\u00e9sultats obtenus ont permis de mettre en \u00e9vidence que le niveau d&rsquo;expression varie entre les g\u00e8nes et selon les tissus. En effet, PR10.1-a, PR10.2 et PR10.3-a sont plus fortement exprim\u00e9s que tous les autres g\u00e8nes dans tous les tissus. De plus, l&rsquo;expression de certains g\u00e8nes, comme PR10.3-a, est fortement induite par le 2,4-D dans les tissus \u00e0 capacit\u00e9 embryog\u00e9nique (embryons et n\u0153uds) et seulement faiblement dans des feuilles ne donnant jamais d\u2019embryons somatiques. Ce dernier r\u00e9sultat sugg\u00e8re fortement que PR10.3-a pourrait \u00eatre un marqueur de la capacit\u00e9 embryog\u00e9nique chez la vigne.<\/p>\n[1] Maillot P, Lebel S, Schellenbaum P, Jacques A, Walter B: Differential regulation of SERK, LEC1-Like and Pathogenesis-Related genes during indirect secondary somatic embryogenesis in grapevine. Plant Physiol Biochem 2009, 47(8): 743-752<br \/>\n[2] Lebel S, Schellenbaum P, Walter B, Maillot P: Characterization of a Vitis vinifera PR10.3 gene and expression during somatic embryogenesis. 8\u00b0 colloque de la Soci\u00e9t\u00e9 Fran\u00e7aise de Biologie V\u00e9g\u00e9tale, 8-10 juillet 2009, Strasbourg \u2013 France.<br \/>\n[3] Lebel S, Schellenbaum P, Walter B, Maillot P: Characterisation of the Vitis vinifera PR10 multigene family. BMC Plant Biol. 2010, 10: 184<\/p>\n<p>URL : <a href=\"http:\/\/www.sudoc.fr\/152171436\" target=\"_blank\">http:\/\/www.sudoc.fr\/152171436<\/a><\/p>\n","protected":false},"excerpt":{"rendered":"<p>Caract\u00e9risation de la famille des g\u00e8nes PR10 chez Vitis vinifera et \u00e9tude de leur expression durant l\u2019embryogen\u00e8se somatique Soutenue en d\u00e9cembre 2010Sous la direction de Bernard WALTER et co-direction de Paul SCHELLENBAUM Le sujet de ma th\u00e8se \u00e9tait de d\u00e9crire sur le plan mol\u00e9culaire, le processus d\u2019embryogen\u00e8se somatique chez la vigne. J&rsquo;ai choisi d&rsquo;\u00e9tudier le [&hellip;]<\/p>\n","protected":false},"author":2,"featured_media":0,"parent":1763,"menu_order":0,"comment_status":"closed","ping_status":"closed","template":"","meta":{"footnotes":""},"class_list":["post-71","page","type-page","status-publish","hentry"],"yoast_head":"<!-- This site is optimized with the Yoast SEO plugin v27.4 - https:\/\/yoast.com\/product\/yoast-seo-wordpress\/ -->\n<title>Dr. Sylvain LEBEL - LVBE - Laboratoire Vigne, Biotechnologies, Environnement | Universit\u00e9 de Haute-Alsace<\/title>\n<meta name=\"robots\" content=\"index, follow, max-snippet:-1, max-image-preview:large, max-video-preview:-1\" \/>\n<link rel=\"canonical\" href=\"https:\/\/www.lvbe.uha.fr\/index.php\/equipe\/docteurs-es-sciences-formes-au-lvbe\/dr-sylvain-lebel\/\" \/>\n<meta property=\"og:locale\" content=\"fr_FR\" \/>\n<meta property=\"og:type\" content=\"article\" \/>\n<meta property=\"og:title\" content=\"Dr. Sylvain LEBEL - LVBE - Laboratoire Vigne, Biotechnologies, Environnement | Universit\u00e9 de Haute-Alsace\" \/>\n<meta property=\"og:description\" content=\"Caract\u00e9risation de la famille des g\u00e8nes PR10 chez Vitis vinifera et \u00e9tude de leur expression durant l\u2019embryogen\u00e8se somatique Soutenue en d\u00e9cembre 2010Sous la direction de Bernard WALTER et co-direction de Paul SCHELLENBAUM Le sujet de ma th\u00e8se \u00e9tait de d\u00e9crire sur le plan mol\u00e9culaire, le processus d\u2019embryogen\u00e8se somatique chez la vigne. J&rsquo;ai choisi d&rsquo;\u00e9tudier le [&hellip;]\" \/>\n<meta property=\"og:url\" content=\"https:\/\/www.lvbe.uha.fr\/index.php\/equipe\/docteurs-es-sciences-formes-au-lvbe\/dr-sylvain-lebel\/\" \/>\n<meta property=\"og:site_name\" content=\"LVBE - Laboratoire Vigne, Biotechnologies, Environnement | Universit\u00e9 de Haute-Alsace\" \/>\n<meta property=\"article:modified_time\" content=\"2018-06-15T07:19:09+00:00\" \/>\n<meta name=\"twitter:card\" content=\"summary_large_image\" \/>\n<meta name=\"twitter:label1\" content=\"Dur\u00e9e de lecture estim\u00e9e\" \/>\n\t<meta name=\"twitter:data1\" content=\"3 minutes\" \/>\n<script type=\"application\/ld+json\" class=\"yoast-schema-graph\">{\"@context\":\"https:\\\/\\\/schema.org\",\"@graph\":[{\"@type\":\"WebPage\",\"@id\":\"https:\\\/\\\/www.lvbe.uha.fr\\\/index.php\\\/equipe\\\/docteurs-es-sciences-formes-au-lvbe\\\/dr-sylvain-lebel\\\/\",\"url\":\"https:\\\/\\\/www.lvbe.uha.fr\\\/index.php\\\/equipe\\\/docteurs-es-sciences-formes-au-lvbe\\\/dr-sylvain-lebel\\\/\",\"name\":\"Dr. Sylvain LEBEL - LVBE - Laboratoire Vigne, Biotechnologies, Environnement | Universit\u00e9 de Haute-Alsace\",\"isPartOf\":{\"@id\":\"https:\\\/\\\/www.lvbe.uha.fr\\\/#website\"},\"datePublished\":\"2018-04-06T12:57:50+00:00\",\"dateModified\":\"2018-06-15T07:19:09+00:00\",\"breadcrumb\":{\"@id\":\"https:\\\/\\\/www.lvbe.uha.fr\\\/index.php\\\/equipe\\\/docteurs-es-sciences-formes-au-lvbe\\\/dr-sylvain-lebel\\\/#breadcrumb\"},\"inLanguage\":\"fr-FR\",\"potentialAction\":[{\"@type\":\"ReadAction\",\"target\":[\"https:\\\/\\\/www.lvbe.uha.fr\\\/index.php\\\/equipe\\\/docteurs-es-sciences-formes-au-lvbe\\\/dr-sylvain-lebel\\\/\"]}]},{\"@type\":\"BreadcrumbList\",\"@id\":\"https:\\\/\\\/www.lvbe.uha.fr\\\/index.php\\\/equipe\\\/docteurs-es-sciences-formes-au-lvbe\\\/dr-sylvain-lebel\\\/#breadcrumb\",\"itemListElement\":[{\"@type\":\"ListItem\",\"position\":1,\"name\":\"Accueil\",\"item\":\"https:\\\/\\\/www.lvbe.uha.fr\\\/\"},{\"@type\":\"ListItem\",\"position\":2,\"name\":\"\u00c9quipe\",\"item\":\"https:\\\/\\\/www.lvbe.uha.fr\\\/index.php\\\/equipe\\\/\"},{\"@type\":\"ListItem\",\"position\":3,\"name\":\"Docteurs \u00e8s sciences form\u00e9s au LVBE\",\"item\":\"https:\\\/\\\/www.lvbe.uha.fr\\\/index.php\\\/equipe\\\/docteurs-es-sciences-formes-au-lvbe\\\/\"},{\"@type\":\"ListItem\",\"position\":4,\"name\":\"Dr. Sylvain LEBEL\"}]},{\"@type\":\"WebSite\",\"@id\":\"https:\\\/\\\/www.lvbe.uha.fr\\\/#website\",\"url\":\"https:\\\/\\\/www.lvbe.uha.fr\\\/\",\"name\":\"LVBE - Laboratoire Vigne, Biotechnologies, Environnement | Universit\u00e9 de Haute-Alsace\",\"description\":\"Campus Biop\u00f4le | Universit\u00e9 de Haute-Alsace\",\"potentialAction\":[{\"@type\":\"SearchAction\",\"target\":{\"@type\":\"EntryPoint\",\"urlTemplate\":\"https:\\\/\\\/www.lvbe.uha.fr\\\/?s={search_term_string}\"},\"query-input\":{\"@type\":\"PropertyValueSpecification\",\"valueRequired\":true,\"valueName\":\"search_term_string\"}}],\"inLanguage\":\"fr-FR\"}]}<\/script>\n<!-- \/ Yoast SEO plugin. -->","yoast_head_json":{"title":"Dr. Sylvain LEBEL - LVBE - Laboratoire Vigne, Biotechnologies, Environnement | Universit\u00e9 de Haute-Alsace","robots":{"index":"index","follow":"follow","max-snippet":"max-snippet:-1","max-image-preview":"max-image-preview:large","max-video-preview":"max-video-preview:-1"},"canonical":"https:\/\/www.lvbe.uha.fr\/index.php\/equipe\/docteurs-es-sciences-formes-au-lvbe\/dr-sylvain-lebel\/","og_locale":"fr_FR","og_type":"article","og_title":"Dr. Sylvain LEBEL - LVBE - Laboratoire Vigne, Biotechnologies, Environnement | Universit\u00e9 de Haute-Alsace","og_description":"Caract\u00e9risation de la famille des g\u00e8nes PR10 chez Vitis vinifera et \u00e9tude de leur expression durant l\u2019embryogen\u00e8se somatique Soutenue en d\u00e9cembre 2010Sous la direction de Bernard WALTER et co-direction de Paul SCHELLENBAUM Le sujet de ma th\u00e8se \u00e9tait de d\u00e9crire sur le plan mol\u00e9culaire, le processus d\u2019embryogen\u00e8se somatique chez la vigne. J&rsquo;ai choisi d&rsquo;\u00e9tudier le [&hellip;]","og_url":"https:\/\/www.lvbe.uha.fr\/index.php\/equipe\/docteurs-es-sciences-formes-au-lvbe\/dr-sylvain-lebel\/","og_site_name":"LVBE - Laboratoire Vigne, Biotechnologies, Environnement | Universit\u00e9 de Haute-Alsace","article_modified_time":"2018-06-15T07:19:09+00:00","twitter_card":"summary_large_image","twitter_misc":{"Dur\u00e9e de lecture estim\u00e9e":"3 minutes"},"schema":{"@context":"https:\/\/schema.org","@graph":[{"@type":"WebPage","@id":"https:\/\/www.lvbe.uha.fr\/index.php\/equipe\/docteurs-es-sciences-formes-au-lvbe\/dr-sylvain-lebel\/","url":"https:\/\/www.lvbe.uha.fr\/index.php\/equipe\/docteurs-es-sciences-formes-au-lvbe\/dr-sylvain-lebel\/","name":"Dr. Sylvain LEBEL - LVBE - Laboratoire Vigne, Biotechnologies, Environnement | Universit\u00e9 de Haute-Alsace","isPartOf":{"@id":"https:\/\/www.lvbe.uha.fr\/#website"},"datePublished":"2018-04-06T12:57:50+00:00","dateModified":"2018-06-15T07:19:09+00:00","breadcrumb":{"@id":"https:\/\/www.lvbe.uha.fr\/index.php\/equipe\/docteurs-es-sciences-formes-au-lvbe\/dr-sylvain-lebel\/#breadcrumb"},"inLanguage":"fr-FR","potentialAction":[{"@type":"ReadAction","target":["https:\/\/www.lvbe.uha.fr\/index.php\/equipe\/docteurs-es-sciences-formes-au-lvbe\/dr-sylvain-lebel\/"]}]},{"@type":"BreadcrumbList","@id":"https:\/\/www.lvbe.uha.fr\/index.php\/equipe\/docteurs-es-sciences-formes-au-lvbe\/dr-sylvain-lebel\/#breadcrumb","itemListElement":[{"@type":"ListItem","position":1,"name":"Accueil","item":"https:\/\/www.lvbe.uha.fr\/"},{"@type":"ListItem","position":2,"name":"\u00c9quipe","item":"https:\/\/www.lvbe.uha.fr\/index.php\/equipe\/"},{"@type":"ListItem","position":3,"name":"Docteurs \u00e8s sciences form\u00e9s au LVBE","item":"https:\/\/www.lvbe.uha.fr\/index.php\/equipe\/docteurs-es-sciences-formes-au-lvbe\/"},{"@type":"ListItem","position":4,"name":"Dr. Sylvain LEBEL"}]},{"@type":"WebSite","@id":"https:\/\/www.lvbe.uha.fr\/#website","url":"https:\/\/www.lvbe.uha.fr\/","name":"LVBE - Laboratoire Vigne, Biotechnologies, Environnement | Universit\u00e9 de Haute-Alsace","description":"Campus Biop\u00f4le | Universit\u00e9 de Haute-Alsace","potentialAction":[{"@type":"SearchAction","target":{"@type":"EntryPoint","urlTemplate":"https:\/\/www.lvbe.uha.fr\/?s={search_term_string}"},"query-input":{"@type":"PropertyValueSpecification","valueRequired":true,"valueName":"search_term_string"}}],"inLanguage":"fr-FR"}]}},"_links":{"self":[{"href":"https:\/\/www.lvbe.uha.fr\/index.php\/wp-json\/wp\/v2\/pages\/71","targetHints":{"allow":["GET"]}}],"collection":[{"href":"https:\/\/www.lvbe.uha.fr\/index.php\/wp-json\/wp\/v2\/pages"}],"about":[{"href":"https:\/\/www.lvbe.uha.fr\/index.php\/wp-json\/wp\/v2\/types\/page"}],"author":[{"embeddable":true,"href":"https:\/\/www.lvbe.uha.fr\/index.php\/wp-json\/wp\/v2\/users\/2"}],"replies":[{"embeddable":true,"href":"https:\/\/www.lvbe.uha.fr\/index.php\/wp-json\/wp\/v2\/comments?post=71"}],"version-history":[{"count":7,"href":"https:\/\/www.lvbe.uha.fr\/index.php\/wp-json\/wp\/v2\/pages\/71\/revisions"}],"predecessor-version":[{"id":1860,"href":"https:\/\/www.lvbe.uha.fr\/index.php\/wp-json\/wp\/v2\/pages\/71\/revisions\/1860"}],"up":[{"embeddable":true,"href":"https:\/\/www.lvbe.uha.fr\/index.php\/wp-json\/wp\/v2\/pages\/1763"}],"wp:attachment":[{"href":"https:\/\/www.lvbe.uha.fr\/index.php\/wp-json\/wp\/v2\/media?parent=71"}],"curies":[{"name":"wp","href":"https:\/\/api.w.org\/{rel}","templated":true}]}}