{"id":497,"date":"2018-04-11T08:39:43","date_gmt":"2018-04-11T06:39:43","guid":{"rendered":"https:\/\/www.lvbe.uha.fr\/\/?page_id=497"},"modified":"2026-03-10T15:11:19","modified_gmt":"2026-03-10T14:11:19","slug":"partenariats","status":"publish","type":"page","link":"https:\/\/www.lvbe.uha.fr\/index.php\/partenariats\/","title":{"rendered":"Partenariats"},"content":{"rendered":"<div class=\"su-row\">\n<div class=\"su-column su-column-size-1-2\"><div class=\"su-column-inner su-u-clearfix su-u-trim\">\n<h2>Partenaires Universitaires :<\/h2>\n<h3>RIBP- R\u00e9sistance Induite et Bioprotection des Plantes<\/h3>\n<p>Le <a href=\"https:\/\/www.univ-reims.fr\/ribp\/resistance-induite-et-bio-protection-des-plantes\/accueil,10089,37692.html\">laboratoire R\u00e9sistance Induite et Bioprotection des Plantes <\/a>de l\u2019Universit\u00e9 de Reims-Champagne Ardennes,\u00a0r\u00e9unit une \u00e9quipe pluridisciplinaire d\u2019enseignants-chercheurs, de personnels techniques et de doctorants unis par un m\u00eame objectif\u202f: comprendre et valoriser le potentiel du microbiote et des d\u00e9fenses des plantes pour une agriculture plus r\u00e9siliente et respectueuse de l\u2019environnement.<\/p>\n<p>En 2026, l\u2019Universit\u00e9 de Haute-Alsace a choisi de soutenir une nouvelle collaboration entre le RIBP et le LVBE en participant au financement du projet VItibiodiv-GE<\/p>\n<h3>LSE- Laboratoire Sols et Environnement<\/h3>\n<p>La strat\u00e9gie scientifique du <a href=\"https:\/\/lse.univ-lorraine.fr\/\">Laboratoire Sols et Environnement<\/a> (LSE) de l\u2019Universit\u00e9 de Lorraine a pour objectif de r\u00e9pondre aux questions pos\u00e9es par les <strong>pressions anthropiques majeures qui s\u2019exercent sur les sols<\/strong>, amenant \u00e0 leur artificialisation croissante.<\/p>\n<h3>IRIMAS-Institut de Recherche en Informatique, Math\u00e9matiques, Automatique et Signal<\/h3>\n<p><a href=\"https:\/\/www.irimas.uha.fr\/index.php\/accueil\/\">L&rsquo;Institut de Recherche en Informatique, Math\u00e9matiques, Automatique et Signal<\/a> (IRIMAS) est une \u00e9quipe d&rsquo;accueil (EA 7499) de l&rsquo;Universit\u00e9 de Haute-Alsace. Cet institut interdisciplinaire rassemble tous les travaux de recherche li\u00e9s aux disciplines des math\u00e9matiques, de l&rsquo;informatique, de l&rsquo;\u00e9lectronique, de l&rsquo;\u00e9lectrotechnique, de l&rsquo;automatique et du traitement du signal et de l&rsquo;image \u00e0 l&rsquo;Universit\u00e9 de Haute-Alsace.<img loading=\"lazy\" decoding=\"async\" class=\"alignleft size-medium wp-image-3142\" src=\"https:\/\/www.lvbe.uha.fr\/wp-content\/uploads\/2020\/04\/BED9A6D5-F3BD-4367-99DF-F6AB01CFC4EA-298x300.jpeg\" alt=\"\" width=\"298\" height=\"300\" srcset=\"https:\/\/www.lvbe.uha.fr\/wp-content\/uploads\/2020\/04\/BED9A6D5-F3BD-4367-99DF-F6AB01CFC4EA-298x300.jpeg 298w, https:\/\/www.lvbe.uha.fr\/wp-content\/uploads\/2020\/04\/BED9A6D5-F3BD-4367-99DF-F6AB01CFC4EA-1017x1024.jpeg 1017w, https:\/\/www.lvbe.uha.fr\/wp-content\/uploads\/2020\/04\/BED9A6D5-F3BD-4367-99DF-F6AB01CFC4EA-150x150.jpeg 150w, https:\/\/www.lvbe.uha.fr\/wp-content\/uploads\/2020\/04\/BED9A6D5-F3BD-4367-99DF-F6AB01CFC4EA-768x773.jpeg 768w, https:\/\/www.lvbe.uha.fr\/wp-content\/uploads\/2020\/04\/BED9A6D5-F3BD-4367-99DF-F6AB01CFC4EA-1526x1536.jpeg 1526w, https:\/\/www.lvbe.uha.fr\/wp-content\/uploads\/2020\/04\/BED9A6D5-F3BD-4367-99DF-F6AB01CFC4EA.jpeg 1668w\" sizes=\"auto, (max-width: 298px) 100vw, 298px\" \/><\/p>\n<p>En 2019, l\u2019Universit\u00e9 de Haute-Alsace a choisi de soutenir une nouvelle collaboration entre l\u2019IRIMAS et le LVBE en finan\u00e7ant les projets Escalibur et Petricolor, \u00a0co-port\u00e9s par J. B. Courbot et\u00a0<a href=\"https:\/\/www.lvbe.uha.fr\/index.php\/equipe\/membres-de-lequipe\/dr-romain-pierron\/\" data-reader-unique-id=\"4\">Romain Pierron<\/a>.<\/p>\n<h3>LIMA &#8211; Laboratoire d\u2019Innovation Mol\u00e9culaire et Application<\/h3>\n<p>Le <a href=\"http:\/\/lima.unistra.fr\/\">Laboratoire d&rsquo;Innovation Mol\u00e9culaire et Applications<\/a> (LIMA, anciennement COB), laboratoire bisite et tritutelle (Unistra\/UHA\/CNRS),\u00a0 Depuis janvier 2018, ce nouveau laboratoire contribue \u00e0 une meilleure structuration de la chimie mol\u00e9culaire adoss\u00e9e aux deux \u00e9coles d&rsquo;ing\u00e9nieurs chimistes (EPCM et ENSCMu) pour une meilleure lisibilit\u00e9 et visibilit\u00e9.<\/p>\n<h3>LERMAB &#8211; Laboratoire d&rsquo;Etudes et de Recherche sur le Mat\u00e9riau Bois<\/h3>\n<p>Le <a href=\"http:\/\/lermab.univ-lorraine.fr\/\">LERMAB<\/a> est un <strong>laboratoire pluridisciplinaire de l&rsquo;Universit\u00e9 de Lorraine<\/strong> (EA 4370) rattach\u00e9 au centre INRAe\u00a0 de Nancy-Lorraine sous forme d&rsquo;Unit\u00e9 Sous Contrat. Il est \u00a0localis\u00e9 sur deux sites principaux, \u00e0 Vand\u0153uvre dans le cadre de la Facult\u00e9 des Sciences et Technologies, \u00e0 \u00c9pinal dans celui de l\u2019\u00c9cole Nationale Sup\u00e9rieure des Technologies et Industries du Bois (ENSTIB), ainsi que de fa\u00e7on plus ponctuelle \u00e0 Longwy avec une antenne \u00e0 l\u2019IUT.<\/p>\n<\/div><\/div>\n<div class=\"su-column su-column-size-1-2\"><div class=\"su-column-inner su-u-clearfix su-u-trim\">\n<p>&nbsp;<\/p>\n<h2>Partenaires retenus dans le projet <strong>Vitibiodiv-GE<\/strong> :<\/h2>\n<p><img loading=\"lazy\" decoding=\"async\" class=\"alignleft size-medium wp-image-4745\" src=\"https:\/\/www.lvbe.uha.fr\/wp-content\/uploads\/2026\/02\/logo-3-195x300.jpg\" alt=\"\" width=\"195\" height=\"300\" \/>Le 16 f\u00e9vrier 2026 s\u2019est tenue la r\u00e9union de lancement du projet <a href=\"https:\/\/www.lvbe.uha.fr\/index.php\/15-fevrier-2026-vitibiodiv-ge\/\">Vitibiodiv-GE<\/a> : <strong>Communaut\u00e9s microbiennes b\u00e9n\u00e9fiques<\/strong> des vignobles de la R\u00e9gion Grand Est : <strong>r\u00e9pertoire des populations b\u00e9n\u00e9fiques<\/strong> des diff\u00e9rents terroirs et <strong>r\u00e9introduction<\/strong> afin d\u2019<strong>am\u00e9liorer la tol\u00e9rance aux d\u00e9p\u00e9rissement<\/strong>s.<\/p>\n<p>Ce projet d\u2019une dur\u00e9e de 3,5 ans est financ\u00e9 par <strong>l\u2019<a href=\"https:\/\/aides-territoires.beta.gouv.fr\/programmes\/feder-fonds-europeens-de-developpement-regional\/\">Union Europ\u00e9enne (FEDER)<\/a><\/strong>, la <a href=\"https:\/\/www.grandest.fr\/\"><strong>R\u00e9gion Grand Est<\/strong><\/a> et l\u2019<a href=\"https:\/\/www.uha.fr\/fr\/index.html\"><strong>Universit\u00e9 de Haute Alsace<\/strong><\/a>. Les laboratoires LVBE et RIBP sont co-porteurs du projet.<\/p>\n<p>Co\u00fbt total du projet (1688 k \u20ac),<\/p>\n<p>Montant subvention europ\u00e9enne (546 k\u20ac),<\/p>\n<p>Montant subvention R\u00e9gion Grand Est (298 k\u20ac)<\/p>\n<p><img loading=\"lazy\" decoding=\"async\" class=\"aligncenter size-full wp-image-4757\" src=\"https:\/\/www.lvbe.uha.fr\/wp-content\/uploads\/2026\/03\/logos-Union-Europeenne-GE-UHA.jpg\" alt=\"\" width=\"2038\" height=\"253\" srcset=\"https:\/\/www.lvbe.uha.fr\/wp-content\/uploads\/2026\/03\/logos-Union-Europeenne-GE-UHA.jpg 2038w, https:\/\/www.lvbe.uha.fr\/wp-content\/uploads\/2026\/03\/logos-Union-Europeenne-GE-UHA-300x37.jpg 300w, https:\/\/www.lvbe.uha.fr\/wp-content\/uploads\/2026\/03\/logos-Union-Europeenne-GE-UHA-1024x127.jpg 1024w, https:\/\/www.lvbe.uha.fr\/wp-content\/uploads\/2026\/03\/logos-Union-Europeenne-GE-UHA-768x95.jpg 768w, https:\/\/www.lvbe.uha.fr\/wp-content\/uploads\/2026\/03\/logos-Union-Europeenne-GE-UHA-1536x191.jpg 1536w\" sizes=\"auto, (max-width: 2038px) 100vw, 2038px\" \/><\/p>\n<p>Il a pour objectif de <strong>caract\u00e9riser et r\u00e9introduire des micro-organismes rhizosph\u00e9riques end\u00e9miques des vignobles du Grand Est<\/strong> afin d\u2019am\u00e9liorer les performances de la vigne dans un contexte de changement climatique.<\/p>\n<p>Il r\u00e9unit<strong> 3 Unit\u00e9s de Recherche de la R\u00e9gion Grand Est\u00a0 :<\/strong><\/p>\n<ol>\n<li>le <a href=\"https:\/\/www.lvbe.uha.fr\/\">Laboratoire Vigne, Biotechnologies et Environnement<\/a> de l\u2019Universit\u00e9 de Haute Alsace,<\/li>\n<li>le <a href=\"https:\/\/www.univ-reims.fr\/ribp\/resistance-induite-et-bio-protection-des-plantes\/accueil,10089,37692.html\">laboratoire R\u00e9sistance Induite et Bioprotection des Plantes <\/a>de l\u2019Universit\u00e9 de Reims-Champagne-Ardennes,<\/li>\n<li>le<a href=\"https:\/\/lse.univ-lorraine.fr\/\"> laboratoire Sols et Environnement<\/a> de l\u2019Universit\u00e9 de Lorraine,<\/li>\n<\/ol>\n<p><strong>et 6 partenaires professionnels :<\/strong><\/p>\n<ol>\n<li>l\u2019<a href=\"https:\/\/www.vignevin.com\/\">Institut Fran\u00e7ais de la Vigne et du Vin<\/a>,<\/li>\n<li>le<a href=\"https:\/\/www.champagne.fr\/fr\/approfondir\/filiere-champagne\/comite-champagne\"> Comit\u00e9 Champagne,<\/a><\/li>\n<li>le <a href=\"https:\/\/www.vinsalsace.com\/fr\/\">Conseil Interprofessionnel des Vins d\u2019Alsace<\/a>,<\/li>\n<li>le <a href=\"https:\/\/2022.worldlivingsoilsforum.com\/fr\/content\/centre-de-recherches-robert-jean-de-vogue\">Centre de Recherche Robert-Jean de Vog\u00fc\u00e9,<\/a><\/li>\n<li>la <a href=\"https:\/\/arthurmetz.com\/fr\/\">Maison Arthur Metz<\/a> \u00a0et<\/li>\n<li>le <a href=\"https:\/\/www.inrae.fr\/actualites\/lancement-du-vinopole-alsace-partenariat-strategique-viticulture-alsacienne-acteurs-du-biopole-colmar\">Vinop\u00f4le Alsace<\/a>.<\/li>\n<\/ol>\n<p><img loading=\"lazy\" decoding=\"async\" class=\"wp-image-4738 size-full\" src=\"https:\/\/www.lvbe.uha.fr\/wp-content\/uploads\/2026\/02\/logo-1-VItibiodiv-GE.jpg\" alt=\"\" width=\"1800\" height=\"352\" srcset=\"https:\/\/www.lvbe.uha.fr\/wp-content\/uploads\/2026\/02\/logo-1-VItibiodiv-GE.jpg 1800w, https:\/\/www.lvbe.uha.fr\/wp-content\/uploads\/2026\/02\/logo-1-VItibiodiv-GE-300x59.jpg 300w, https:\/\/www.lvbe.uha.fr\/wp-content\/uploads\/2026\/02\/logo-1-VItibiodiv-GE-1024x200.jpg 1024w, https:\/\/www.lvbe.uha.fr\/wp-content\/uploads\/2026\/02\/logo-1-VItibiodiv-GE-768x150.jpg 768w, https:\/\/www.lvbe.uha.fr\/wp-content\/uploads\/2026\/02\/logo-1-VItibiodiv-GE-1536x300.jpg 1536w\" sizes=\"auto, (max-width: 1800px) 100vw, 1800px\" \/><\/p>\n<h2>Partenaires retenus dans le projet <a href=\"https:\/\/www.eucor-uni.org\/fr\/opportunites-de-financement\/seed-money-d-eucor\/id-2024\/recherche-innovation-et-transfert\/roots-of-resilience\">Roots of Resilience<\/a> :<\/h2>\n<p><img loading=\"lazy\" decoding=\"async\" class=\"alignright size-medium wp-image-4574\" src=\"https:\/\/www.lvbe.uha.fr\/wp-content\/uploads\/2025\/03\/Roots-of-Resilience2024-300x267.jpg\" alt=\"\" width=\"300\" height=\"267\" srcset=\"https:\/\/www.lvbe.uha.fr\/wp-content\/uploads\/2025\/03\/Roots-of-Resilience2024-300x267.jpg 300w, https:\/\/www.lvbe.uha.fr\/wp-content\/uploads\/2025\/03\/Roots-of-Resilience2024-768x683.jpg 768w, https:\/\/www.lvbe.uha.fr\/wp-content\/uploads\/2025\/03\/Roots-of-Resilience2024.jpg 855w\" sizes=\"auto, (max-width: 300px) 100vw, 300px\" \/>Laur\u00e9at de l\u2019AAP 2024 <a href=\"https:\/\/www.eucor-uni.org\/fr\/opportunites-de-financement\/seed-money-d-eucor\">Seed Money d\u2019EUCOR<\/a>.<\/p>\n<p>Le dispositif Seed Money (en fran\u00e7ais : le <strong><em>capital d&rsquo;amor\u00e7age<\/em><\/strong><em> est le premier apport en <\/em>capital<em> d&rsquo;une <\/em>entreprise) vise \u00e0 apporter un soutien financier aux projets transfrontaliers innovants au sein d\u2019Eucor \u2013 Le Campus europ\u00e9en.<\/p>\n<p>Ce projet aura pour objectif d\u2019\u00e9tudier et de comprendre l\u2019effet du microbiome associ\u00e9 \u00e0 diff\u00e9rents porte-greffes sur la r\u00e9silience de la vigne face aux maladies du bois.<\/p>\n<p>D\u2019une dur\u00e9e de 2 ans, ce projet r\u00e9unit<\/p>\n<ul>\n<li>le LVBE-UHA repr\u00e9sent\u00e9 le <strong>Pr. Julie CHONG<\/strong> et le <strong>Dr. Lo\u00efc YUNG<\/strong>,<\/li>\n<li>le Karlsruher Institute of Technology ( KIT) repr\u00e9sent\u00e9 par le <strong>Pr. P. Nick<\/strong> et le <strong>Dr. Islam KHATTAB<\/strong> et<\/li>\n<li>l\u2019universit\u00e9 de B\u00e2le repr\u00e9sent\u00e9e le <strong>Dr. Pascale FLURY<\/strong>.<\/li>\n<\/ul>\n<p><img loading=\"lazy\" decoding=\"async\" class=\"alignleft size-medium wp-image-4582\" src=\"https:\/\/www.lvbe.uha.fr\/wp-content\/uploads\/2025\/03\/logo-universite-Bale-300x67.jpg\" alt=\"\" width=\"300\" height=\"67\" srcset=\"https:\/\/www.lvbe.uha.fr\/wp-content\/uploads\/2025\/03\/logo-universite-Bale-300x67.jpg 300w, https:\/\/www.lvbe.uha.fr\/wp-content\/uploads\/2025\/03\/logo-universite-Bale-1024x230.jpg 1024w, https:\/\/www.lvbe.uha.fr\/wp-content\/uploads\/2025\/03\/logo-universite-Bale-768x173.jpg 768w, https:\/\/www.lvbe.uha.fr\/wp-content\/uploads\/2025\/03\/logo-universite-Bale.jpg 1179w\" sizes=\"auto, (max-width: 300px) 100vw, 300px\" \/><\/p>\n<p><img loading=\"lazy\" decoding=\"async\" class=\"size-medium wp-image-4583\" src=\"https:\/\/www.lvbe.uha.fr\/wp-content\/uploads\/2025\/03\/logo-UHA-KIT-300x96.jpg\" alt=\"\" width=\"300\" height=\"96\" srcset=\"https:\/\/www.lvbe.uha.fr\/wp-content\/uploads\/2025\/03\/logo-UHA-KIT-300x96.jpg 300w, https:\/\/www.lvbe.uha.fr\/wp-content\/uploads\/2025\/03\/logo-UHA-KIT-1024x329.jpg 1024w, https:\/\/www.lvbe.uha.fr\/wp-content\/uploads\/2025\/03\/logo-UHA-KIT-768x247.jpg 768w, https:\/\/www.lvbe.uha.fr\/wp-content\/uploads\/2025\/03\/logo-UHA-KIT.jpg 1164w\" sizes=\"auto, (max-width: 300px) 100vw, 300px\" \/><\/p>\n<h2><\/h2>\n<h2><\/h2>\n<h2><\/h2>\n<h2>Partenaires retenus dans le projet Eur\u00e9ka :<\/h2>\n<div class=\"su-service\"><div class=\"su-service-title\" style=\"padding-left:38px;min-height:24px;line-height:24px\"><i class=\"sui sui-search\" style=\"font-size:24px;color:#1e4b74\"><\/i> Partenaires du projet Eur\u00e9ka<\/div><div class=\"su-service-content su-u-clearfix su-u-trim\" style=\"padding-left:38px\"><a href=\"https:\/\/www.lvbe.uha.fr\/index.php\/recherche\/axe-1-maladies-du-bois\/projet-eureka\/\">D\u00e9couvrez le projet Eur\u00e9ka<\/a><\/div><\/div><img loading=\"lazy\" decoding=\"async\" class=\"size-full wp-image-1949 alignright\" src=\"https:\/\/www.lvbe.uha.fr\/\/wp-content\/uploads\/2018\/06\/DFEAC0BA-B43A-4D39-97D7-C7465580E509.jpeg\" alt=\"Logo Eur\u00e9ka 1\" width=\"674\" height=\"328\" srcset=\"https:\/\/www.lvbe.uha.fr\/wp-content\/uploads\/2018\/06\/DFEAC0BA-B43A-4D39-97D7-C7465580E509.jpeg 674w, https:\/\/www.lvbe.uha.fr\/wp-content\/uploads\/2018\/06\/DFEAC0BA-B43A-4D39-97D7-C7465580E509-300x146.jpeg 300w\" sizes=\"auto, (max-width: 674px) 100vw, 674px\" \/><\/p>\n<p>Les partenaires techniques impliqu\u00e9s dans la r\u00e9alisation du projet (destinataires de Financements) sont (par ordre alphab\u00e9tique) :<\/p>\n<ul>\n<li><a href=\"http:\/\/www.ava-aoc.fr\/\"><strong>l&rsquo;Association des Viticulteurs d&rsquo;Alsace<\/strong><\/a> (AVA), repr\u00e9sent\u00e9e par Vicky Chan Fook Tin, Fr\u00e9d\u00e9ric Bach et J\u00e9r\u00f4me Bauer,<\/li>\n<li><a href=\"http:\/\/www.alsace.chambagri.fr\/\">la Chambre d&rsquo;Agriculture d&rsquo;Alsace<\/a> (CAA), repr\u00e9sent\u00e9e par J\u00e9r\u00f4me Attard,<\/li>\n<li><a href=\"https:\/\/www.vinsalsace.com\/fr\/\">le Conseil Interprofessionel des Vins d&rsquo;Alsace <\/a>(CIVA), repr\u00e9sent\u00e9 par Guillaume Arnold, Gilles Neusch et Jean-Louis V\u00e9zien,<\/li>\n<li><a href=\"http:\/\/rouffach-wintzenheim.educagri.fr\/\">les sillons de Haute Alsace-Rouffach <\/a>(EPLEFPA), repr\u00e9sent\u00e9 par Christine Klein et Marie Monique,<\/li>\n<li><a href=\"http:\/\/www.vignevin.com\/\">l&rsquo;Institut fran\u00e7ais de la vigne et du vin<\/a> (IFV), repr\u00e9sent\u00e9 par C\u00e9line Abidon, Philippe Larignon et Eric Meistermann,<\/li>\n<li><a href=\"https:\/\/www.kit.edu\/english\/\">l&rsquo;institut technologique de Karlsruhe<\/a> (Allemagne) (KIT), repr\u00e9sent\u00e9 par Peter Nick,<\/li>\n<li><a href=\"https:\/\/www.pepinieres-hebinger.fr\/\">les P\u00e9pini\u00e8res Hebinger<\/a>, repr\u00e9sent\u00e9es par Christophe Hebinger,<\/li>\n<li><a href=\"https:\/\/www.uha.fr\/\">l&rsquo;Universit\u00e9 de Haute-Alsace<\/a> (UHA), repr\u00e9sent\u00e9e par M\u00e9lanie Gellon, Sibylle Farine, Laurence Martin, Mary-Lor\u00e8ne Goddard, Julie Chong, C\u00e9line Tarnus et Christophe Bertsch.<\/li>\n<\/ul>\n<p><img loading=\"lazy\" decoding=\"async\" class=\"aligncenter size-full wp-image-1635\" src=\"https:\/\/www.lvbe.uha.fr\/\/wp-content\/uploads\/2018\/06\/807E61B1-9380-4F49-A068-940EB574A25E.jpeg\" alt=\"Logo des partenaires du projet Eur\u00e9ka\" width=\"1668\" height=\"207\" srcset=\"https:\/\/www.lvbe.uha.fr\/wp-content\/uploads\/2018\/06\/807E61B1-9380-4F49-A068-940EB574A25E.jpeg 1668w, https:\/\/www.lvbe.uha.fr\/wp-content\/uploads\/2018\/06\/807E61B1-9380-4F49-A068-940EB574A25E-300x37.jpeg 300w, https:\/\/www.lvbe.uha.fr\/wp-content\/uploads\/2018\/06\/807E61B1-9380-4F49-A068-940EB574A25E-768x95.jpeg 768w, https:\/\/www.lvbe.uha.fr\/wp-content\/uploads\/2018\/06\/807E61B1-9380-4F49-A068-940EB574A25E-1024x127.jpeg 1024w\" sizes=\"auto, (max-width: 1668px) 100vw, 1668px\" \/><br \/>\n<\/div><\/div>\n<\/div>\n","protected":false},"excerpt":{"rendered":"","protected":false},"author":2,"featured_media":0,"parent":0,"menu_order":4,"comment_status":"closed","ping_status":"closed","template":"","meta":{"footnotes":""},"class_list":["post-497","page","type-page","status-publish","hentry"],"yoast_head":"<!-- This site is optimized with the Yoast SEO plugin v27.4 - https:\/\/yoast.com\/product\/yoast-seo-wordpress\/ -->\n<title>Partenariats - LVBE - Laboratoire Vigne, Biotechnologies, Environnement | Universit\u00e9 de Haute-Alsace<\/title>\n<meta name=\"robots\" content=\"index, follow, max-snippet:-1, max-image-preview:large, max-video-preview:-1\" \/>\n<link rel=\"canonical\" href=\"https:\/\/www.lvbe.uha.fr\/index.php\/partenariats\/\" \/>\n<meta property=\"og:locale\" content=\"fr_FR\" \/>\n<meta property=\"og:type\" content=\"article\" \/>\n<meta property=\"og:title\" content=\"Partenariats - LVBE - Laboratoire Vigne, Biotechnologies, Environnement | Universit\u00e9 de Haute-Alsace\" \/>\n<meta property=\"og:url\" content=\"https:\/\/www.lvbe.uha.fr\/index.php\/partenariats\/\" \/>\n<meta property=\"og:site_name\" content=\"LVBE - Laboratoire Vigne, Biotechnologies, Environnement | Universit\u00e9 de Haute-Alsace\" \/>\n<meta property=\"article:modified_time\" content=\"2026-03-10T14:11:19+00:00\" \/>\n<meta property=\"og:image\" content=\"https:\/\/www.lvbe.uha.fr\/wp-content\/uploads\/2020\/04\/BED9A6D5-F3BD-4367-99DF-F6AB01CFC4EA.jpeg\" \/>\n\t<meta property=\"og:image:width\" content=\"1668\" \/>\n\t<meta property=\"og:image:height\" content=\"1679\" \/>\n\t<meta property=\"og:image:type\" content=\"image\/jpeg\" \/>\n<meta name=\"twitter:card\" content=\"summary_large_image\" \/>\n<meta name=\"twitter:label1\" content=\"Dur\u00e9e de lecture estim\u00e9e\" \/>\n\t<meta name=\"twitter:data1\" content=\"7 minutes\" \/>\n<script type=\"application\/ld+json\" class=\"yoast-schema-graph\">{\"@context\":\"https:\\\/\\\/schema.org\",\"@graph\":[{\"@type\":\"WebPage\",\"@id\":\"https:\\\/\\\/www.lvbe.uha.fr\\\/index.php\\\/partenariats\\\/\",\"url\":\"https:\\\/\\\/www.lvbe.uha.fr\\\/index.php\\\/partenariats\\\/\",\"name\":\"Partenariats - LVBE - Laboratoire Vigne, Biotechnologies, Environnement | Universit\u00e9 de Haute-Alsace\",\"isPartOf\":{\"@id\":\"https:\\\/\\\/www.lvbe.uha.fr\\\/#website\"},\"primaryImageOfPage\":{\"@id\":\"https:\\\/\\\/www.lvbe.uha.fr\\\/index.php\\\/partenariats\\\/#primaryimage\"},\"image\":{\"@id\":\"https:\\\/\\\/www.lvbe.uha.fr\\\/index.php\\\/partenariats\\\/#primaryimage\"},\"thumbnailUrl\":\"https:\\\/\\\/www.lvbe.uha.fr\\\/wp-content\\\/uploads\\\/2020\\\/04\\\/BED9A6D5-F3BD-4367-99DF-F6AB01CFC4EA-298x300.jpeg\",\"datePublished\":\"2018-04-11T06:39:43+00:00\",\"dateModified\":\"2026-03-10T14:11:19+00:00\",\"breadcrumb\":{\"@id\":\"https:\\\/\\\/www.lvbe.uha.fr\\\/index.php\\\/partenariats\\\/#breadcrumb\"},\"inLanguage\":\"fr-FR\",\"potentialAction\":[{\"@type\":\"ReadAction\",\"target\":[\"https:\\\/\\\/www.lvbe.uha.fr\\\/index.php\\\/partenariats\\\/\"]}]},{\"@type\":\"ImageObject\",\"inLanguage\":\"fr-FR\",\"@id\":\"https:\\\/\\\/www.lvbe.uha.fr\\\/index.php\\\/partenariats\\\/#primaryimage\",\"url\":\"https:\\\/\\\/www.lvbe.uha.fr\\\/wp-content\\\/uploads\\\/2020\\\/04\\\/BED9A6D5-F3BD-4367-99DF-F6AB01CFC4EA.jpeg\",\"contentUrl\":\"https:\\\/\\\/www.lvbe.uha.fr\\\/wp-content\\\/uploads\\\/2020\\\/04\\\/BED9A6D5-F3BD-4367-99DF-F6AB01CFC4EA.jpeg\",\"width\":1668,\"height\":1679},{\"@type\":\"BreadcrumbList\",\"@id\":\"https:\\\/\\\/www.lvbe.uha.fr\\\/index.php\\\/partenariats\\\/#breadcrumb\",\"itemListElement\":[{\"@type\":\"ListItem\",\"position\":1,\"name\":\"Accueil\",\"item\":\"https:\\\/\\\/www.lvbe.uha.fr\\\/\"},{\"@type\":\"ListItem\",\"position\":2,\"name\":\"Partenariats\"}]},{\"@type\":\"WebSite\",\"@id\":\"https:\\\/\\\/www.lvbe.uha.fr\\\/#website\",\"url\":\"https:\\\/\\\/www.lvbe.uha.fr\\\/\",\"name\":\"LVBE - Laboratoire Vigne, Biotechnologies, Environnement | Universit\u00e9 de Haute-Alsace\",\"description\":\"Campus Biop\u00f4le | Universit\u00e9 de Haute-Alsace\",\"potentialAction\":[{\"@type\":\"SearchAction\",\"target\":{\"@type\":\"EntryPoint\",\"urlTemplate\":\"https:\\\/\\\/www.lvbe.uha.fr\\\/?s={search_term_string}\"},\"query-input\":{\"@type\":\"PropertyValueSpecification\",\"valueRequired\":true,\"valueName\":\"search_term_string\"}}],\"inLanguage\":\"fr-FR\"}]}<\/script>\n<!-- \/ Yoast SEO plugin. -->","yoast_head_json":{"title":"Partenariats - LVBE - Laboratoire Vigne, Biotechnologies, Environnement | Universit\u00e9 de Haute-Alsace","robots":{"index":"index","follow":"follow","max-snippet":"max-snippet:-1","max-image-preview":"max-image-preview:large","max-video-preview":"max-video-preview:-1"},"canonical":"https:\/\/www.lvbe.uha.fr\/index.php\/partenariats\/","og_locale":"fr_FR","og_type":"article","og_title":"Partenariats - LVBE - Laboratoire Vigne, Biotechnologies, Environnement | Universit\u00e9 de Haute-Alsace","og_url":"https:\/\/www.lvbe.uha.fr\/index.php\/partenariats\/","og_site_name":"LVBE - Laboratoire Vigne, Biotechnologies, Environnement | Universit\u00e9 de Haute-Alsace","article_modified_time":"2026-03-10T14:11:19+00:00","og_image":[{"width":1668,"height":1679,"url":"https:\/\/www.lvbe.uha.fr\/wp-content\/uploads\/2020\/04\/BED9A6D5-F3BD-4367-99DF-F6AB01CFC4EA.jpeg","type":"image\/jpeg"}],"twitter_card":"summary_large_image","twitter_misc":{"Dur\u00e9e de lecture estim\u00e9e":"7 minutes"},"schema":{"@context":"https:\/\/schema.org","@graph":[{"@type":"WebPage","@id":"https:\/\/www.lvbe.uha.fr\/index.php\/partenariats\/","url":"https:\/\/www.lvbe.uha.fr\/index.php\/partenariats\/","name":"Partenariats - LVBE - Laboratoire Vigne, Biotechnologies, Environnement | Universit\u00e9 de Haute-Alsace","isPartOf":{"@id":"https:\/\/www.lvbe.uha.fr\/#website"},"primaryImageOfPage":{"@id":"https:\/\/www.lvbe.uha.fr\/index.php\/partenariats\/#primaryimage"},"image":{"@id":"https:\/\/www.lvbe.uha.fr\/index.php\/partenariats\/#primaryimage"},"thumbnailUrl":"https:\/\/www.lvbe.uha.fr\/wp-content\/uploads\/2020\/04\/BED9A6D5-F3BD-4367-99DF-F6AB01CFC4EA-298x300.jpeg","datePublished":"2018-04-11T06:39:43+00:00","dateModified":"2026-03-10T14:11:19+00:00","breadcrumb":{"@id":"https:\/\/www.lvbe.uha.fr\/index.php\/partenariats\/#breadcrumb"},"inLanguage":"fr-FR","potentialAction":[{"@type":"ReadAction","target":["https:\/\/www.lvbe.uha.fr\/index.php\/partenariats\/"]}]},{"@type":"ImageObject","inLanguage":"fr-FR","@id":"https:\/\/www.lvbe.uha.fr\/index.php\/partenariats\/#primaryimage","url":"https:\/\/www.lvbe.uha.fr\/wp-content\/uploads\/2020\/04\/BED9A6D5-F3BD-4367-99DF-F6AB01CFC4EA.jpeg","contentUrl":"https:\/\/www.lvbe.uha.fr\/wp-content\/uploads\/2020\/04\/BED9A6D5-F3BD-4367-99DF-F6AB01CFC4EA.jpeg","width":1668,"height":1679},{"@type":"BreadcrumbList","@id":"https:\/\/www.lvbe.uha.fr\/index.php\/partenariats\/#breadcrumb","itemListElement":[{"@type":"ListItem","position":1,"name":"Accueil","item":"https:\/\/www.lvbe.uha.fr\/"},{"@type":"ListItem","position":2,"name":"Partenariats"}]},{"@type":"WebSite","@id":"https:\/\/www.lvbe.uha.fr\/#website","url":"https:\/\/www.lvbe.uha.fr\/","name":"LVBE - Laboratoire Vigne, Biotechnologies, Environnement | Universit\u00e9 de Haute-Alsace","description":"Campus Biop\u00f4le | Universit\u00e9 de Haute-Alsace","potentialAction":[{"@type":"SearchAction","target":{"@type":"EntryPoint","urlTemplate":"https:\/\/www.lvbe.uha.fr\/?s={search_term_string}"},"query-input":{"@type":"PropertyValueSpecification","valueRequired":true,"valueName":"search_term_string"}}],"inLanguage":"fr-FR"}]}},"_links":{"self":[{"href":"https:\/\/www.lvbe.uha.fr\/index.php\/wp-json\/wp\/v2\/pages\/497","targetHints":{"allow":["GET"]}}],"collection":[{"href":"https:\/\/www.lvbe.uha.fr\/index.php\/wp-json\/wp\/v2\/pages"}],"about":[{"href":"https:\/\/www.lvbe.uha.fr\/index.php\/wp-json\/wp\/v2\/types\/page"}],"author":[{"embeddable":true,"href":"https:\/\/www.lvbe.uha.fr\/index.php\/wp-json\/wp\/v2\/users\/2"}],"replies":[{"embeddable":true,"href":"https:\/\/www.lvbe.uha.fr\/index.php\/wp-json\/wp\/v2\/comments?post=497"}],"version-history":[{"count":60,"href":"https:\/\/www.lvbe.uha.fr\/index.php\/wp-json\/wp\/v2\/pages\/497\/revisions"}],"predecessor-version":[{"id":4584,"href":"https:\/\/www.lvbe.uha.fr\/index.php\/wp-json\/wp\/v2\/pages\/497\/revisions\/4584"}],"wp:attachment":[{"href":"https:\/\/www.lvbe.uha.fr\/index.php\/wp-json\/wp\/v2\/media?parent=497"}],"curies":[{"name":"wp","href":"https:\/\/api.w.org\/{rel}","templated":true}]}}