{"id":4550,"date":"2025-01-09T14:41:22","date_gmt":"2025-01-09T13:41:22","guid":{"rendered":"https:\/\/www.lvbe.uha.fr\/?page_id=4550"},"modified":"2025-01-09T14:41:22","modified_gmt":"2025-01-09T13:41:22","slug":"dr-alexia-grau","status":"publish","type":"page","link":"https:\/\/www.lvbe.uha.fr\/index.php\/equipe\/docteurs-es-sciences-formes-au-lvbe\/dr-alexia-grau\/","title":{"rendered":"Dr. Alexia GRAU"},"content":{"rendered":"<h1><strong>Maladies du bois de la vigne : compr\u00e9hension des m\u00e9canismes de tol\u00e9rance chez la plante et \u00e9tude d&rsquo;effecteurs de <em>Botryosphaeriaceae<\/em> <\/strong><\/h1>\n<p>Th\u00e8se en biologie v\u00e9g\u00e9tale, sp\u00e9cialit\u00e9 interactions plantes microorganismes, <strong>soutenue le 13 d\u00e9cembre 2024,<\/strong> \u00e0 Colmar.<\/p>\n<p>Directeur de th\u00e8se : <strong>Pr. Julie CHONG<\/strong>, Universit\u00e9 de Haute Alsace<\/p>\n<p>Co-directeurs\u00a0 de th\u00e8se : <strong>Dr. Romain PIERRON<\/strong>,\u00a0 ma\u00eetre de conf\u00e9rence, Universit\u00e9 de Haute Alsace et <strong>Dr. Mary-Lor\u00e8ne GODDARD,<\/strong> Ing\u00e9nieure de recherche, Universit\u00e9 de Haute Alsace<\/p>\n<p>Le jury est compos\u00e9 du :<\/p>\n<p>Dr. Alban JACQUES, INP-EI, PURPAN (rapporteur)<\/p>\n<p>Pr. Aziz AZIZ, Universit\u00e9 de Reims Champagne-Ardenne (rapporteur)<\/p>\n<p>Pr. M\u00e9lanie MOREL-ROUHIER, Universit\u00e9 de Lorraine (examinatrice)<\/p>\n<p><u><strong>R\u00e9sum\u00e9 :<\/strong><br \/>\n<\/u><\/p>\n<p>Les d\u00e9p\u00e9rissements \u00e0 <em>Botryosphaeriaceae<\/em>, une des trois principales maladies du bois de la vigne, sont un fl\u00e9au pr\u00e9occupant pour toute la fili\u00e8re viti-vinicole. Ils sont caus\u00e9s par des complexes de champignons de la famille des <em>Botryosphaeriaceae<\/em> et peuvent provoquer des sympt\u00f4mes vari\u00e9s allant de l\u2019apparition de tigrures sur les feuilles, \u00e0 la forme apoplectique qui conduit \u00e0 la mort du pied. Bien qu\u2019elles soient pr\u00e9sentes dans les vignobles du monde entier aucun moyen de lutte v\u00e9ritablement efficace n\u2019est disponible sur le march\u00e9 suite au retrait de l\u2019ars\u00e9nite de sodium.<\/p>\n<p>Bien qu\u2019il n\u2019existe aucun c\u00e9page compl\u00e8tement tol\u00e9rant, des niveaux de sensibilit\u00e9 diff\u00e9rents en fonction des vari\u00e9t\u00e9s de vigne ont \u00e9t\u00e9 constat\u00e9s au vignoble. Le premier objectif \u00e9tait donc d\u2019\u00e9tudier plus pr\u00e9cis\u00e9ment les interactions entre un champignon pathog\u00e8ne associ\u00e9 aux d\u00e9p\u00e9rissements \u00e0 <em>Botryosphaeriaceae<\/em>, <em>Neofusicoccum parvum <\/em>et 3 c\u00e9pages de vigne, <em>Vitis vinifera<\/em> cv. Chardonnay, Riesling (plus tol\u00e9rants) et Gewurztraminer (plus sensible). Les \u00e9tudes conduites sur entre-n\u0153uds d\u00e9tach\u00e9s ont permis d\u2019\u00e9tablir que la cin\u00e9tique de d\u00e9veloppement des sympt\u00f4mes n\u00e9crotiques dans le bois \u00e9tait la m\u00eame dans les 5 premiers jours suivant l\u2019infection. En revanche, la quantification de le l\u2019ADN fongique par qPCR dans le bois a montr\u00e9 une colonisation plus rapide par <em>N. parvum<\/em> chez Riesling. Ces r\u00e9sultats sugg\u00e8rent une meilleure tol\u00e9rance \u00e0 l\u2019infection de Riesling bas\u00e9e sur un d\u00e9veloppement de sympt\u00f4mes plus faibles par rapport \u00e0 la quantit\u00e9 de myc\u00e9lium pr\u00e9sent.<\/p>\n<p>Suite \u00e0 cela, une \u00e9tude m\u00e9tabolomique mesurant la r\u00e9ponse \u00e0 4, 8 et 14 semaines post-inoculation par <em>N. parvum <\/em>des c\u00e9pages Chardonnay et Gewurztraminer a \u00e9t\u00e9 conduite sur des plantes en pot. Les mesures r\u00e9alis\u00e9es dans le bois, site de l\u2019infection, ont montr\u00e9 une r\u00e9ponse principalement li\u00e9e \u00e0 la synth\u00e8se de stilb\u00e8nes suite \u00e0 l\u2019infection par le pathog\u00e8ne fongique. Cette r\u00e9ponse \u00e9tait diff\u00e9rente entre les c\u00e9pages, Chardonnay semblant donner une r\u00e9ponse plus rapide et constante.<\/p>\n<p>Ainsi, l\u2019\u00e9tablissement de la tol\u00e9rance est un m\u00e9canisme complexe qui semble impliquer un contr\u00f4le du d\u00e9veloppement des sympt\u00f4mes n\u00e9crotiques par l\u2019h\u00f4te et l\u2019\u00e9tablissement d\u2019une r\u00e9ponse rapide et adapt\u00e9e, notamment <em>via<\/em> la synth\u00e8se de polym\u00e8res de stilb\u00e8nes. Des \u00e9tudes compl\u00e9mentaires sur le m\u00e9tabolisme primaire et l\u2019\u00e9tablissement d\u2019un lien entre la synth\u00e8se des m\u00e9tabolites et le niveau de colonisation du bois seront investigu\u00e9s par la suite.<\/p>\n<p>En parall\u00e8le, les m\u00e9canismes d\u2019agressivit\u00e9 de <em>N. parvum<\/em> ont \u00e9t\u00e9 \u00e9tudi\u00e9s <em>via<\/em> la caract\u00e9risation de trois petites prot\u00e9ines riches en cyst\u00e9ines s\u00e9lectionn\u00e9 se sur la base de leur affinit\u00e9 pour l\u2019ars\u00e9nite de sodium. Ces prot\u00e9ines se sont av\u00e9r\u00e9es faire partie de la famille des Cerato-platanins, NpCP1, et de la famille des Alt-a1-llike proteins, NpAA1.1 et NpAA1.2. Des homologues de ces prot\u00e9ines ont pu \u00eatre identifi\u00e9s chez d\u2019autres pathog\u00e8nes des plantes et certaines sont d\u00e9j\u00e0 connues comme des facteurs de virulence. Notre \u00e9tude a conclu qu\u2019il s\u2019agissait d\u2019effecteurs s\u00e9cr\u00e9t\u00e9s dans le bois d\u2019entre-n\u0153uds d\u00e9tach\u00e9s rapidement apr\u00e8s le d\u00e9but de l\u2019infection. Cette s\u00e9cr\u00e9tion \u00e9tait diff\u00e9rente en fonction du c\u00e9page \u00e9tudi\u00e9, Chardonnay, Riesling ou Gewurztraminer. Une \u00e9tude d\u2019expression transitoire de ces effecteurs dans les feuilles de <em>Nicotiana benthamiana <\/em>et <em>Vitis vinifera<\/em> a permis de montrer l\u2019induction d\u2019une r\u00e9ponse de d\u00e9fense impliquant une modulation de la voie du stress oxydatif pour les 3 effecteurs ainsi qu\u2019une synth\u00e8se de prot\u00e9ines PR, de STS, PAL, CHS et la modulation de prot\u00e9ines impliqu\u00e9es dans la synth\u00e8se de l\u2019\u00e9thyl\u00e8ne pour l\u2019une des deux NpAA1.<\/p>\n<p>La r\u00e9ponse plus importante chez les feuilles de <em>V. vinifera <\/em>semble refl\u00e9ter une co\u00e9volution de <em>N. parvum <\/em>et de son h\u00f4te, la vigne. Des \u00e9tudes compl\u00e9mentaires impliquant la cr\u00e9ation de souches mutantes KO est envisag\u00e9 pour investiguer davantage le r\u00f4le de ces effecteurs.<\/p>\n<p><strong>Mots cl\u00e9s<\/strong>\u00a0: Maladies du bois de la vigne\u00a0; <em>Botryosphaeriaceae\u00a0<\/em>; <em>Neofusicoccum parvum<\/em>\u00a0; <em>Vitis vinifera<\/em>\u00a0; c\u00e9pages\u00a0; effecteurs\u00a0; facteurs d\u2019agressivit\u00e9\u00a0; facteurs de tol\u00e9rance\u00a0; m\u00e9tabolisme sp\u00e9cialis\u00e9\u00a0; ars\u00e9nite de sodium<\/p>\n","protected":false},"excerpt":{"rendered":"<p>Maladies du bois de la vigne : compr\u00e9hension des m\u00e9canismes de tol\u00e9rance chez la plante et \u00e9tude d&rsquo;effecteurs de Botryosphaeriaceae Th\u00e8se en biologie v\u00e9g\u00e9tale, sp\u00e9cialit\u00e9 interactions plantes microorganismes, soutenue le 13 d\u00e9cembre 2024, \u00e0 Colmar. Directeur de th\u00e8se : Pr. Julie CHONG, Universit\u00e9 de Haute Alsace Co-directeurs\u00a0 de th\u00e8se : Dr. Romain PIERRON,\u00a0 ma\u00eetre de [&hellip;]<\/p>\n","protected":false},"author":2,"featured_media":0,"parent":1763,"menu_order":0,"comment_status":"closed","ping_status":"closed","template":"","meta":{"footnotes":""},"class_list":["post-4550","page","type-page","status-publish","hentry"],"yoast_head":"<!-- This site is optimized with the Yoast SEO plugin v27.4 - https:\/\/yoast.com\/product\/yoast-seo-wordpress\/ -->\n<title>Dr. Alexia GRAU - LVBE - Laboratoire Vigne, Biotechnologies, Environnement | Universit\u00e9 de Haute-Alsace<\/title>\n<meta name=\"robots\" content=\"index, follow, max-snippet:-1, max-image-preview:large, max-video-preview:-1\" \/>\n<link rel=\"canonical\" href=\"https:\/\/www.lvbe.uha.fr\/index.php\/equipe\/docteurs-es-sciences-formes-au-lvbe\/dr-alexia-grau\/\" \/>\n<meta property=\"og:locale\" content=\"fr_FR\" \/>\n<meta property=\"og:type\" content=\"article\" \/>\n<meta property=\"og:title\" content=\"Dr. Alexia GRAU - LVBE - Laboratoire Vigne, Biotechnologies, Environnement | Universit\u00e9 de Haute-Alsace\" \/>\n<meta property=\"og:description\" content=\"Maladies du bois de la vigne : compr\u00e9hension des m\u00e9canismes de tol\u00e9rance chez la plante et \u00e9tude d&rsquo;effecteurs de Botryosphaeriaceae Th\u00e8se en biologie v\u00e9g\u00e9tale, sp\u00e9cialit\u00e9 interactions plantes microorganismes, soutenue le 13 d\u00e9cembre 2024, \u00e0 Colmar. Directeur de th\u00e8se : Pr. Julie CHONG, Universit\u00e9 de Haute Alsace Co-directeurs\u00a0 de th\u00e8se : Dr. Romain PIERRON,\u00a0 ma\u00eetre de [&hellip;]\" \/>\n<meta property=\"og:url\" content=\"https:\/\/www.lvbe.uha.fr\/index.php\/equipe\/docteurs-es-sciences-formes-au-lvbe\/dr-alexia-grau\/\" \/>\n<meta property=\"og:site_name\" content=\"LVBE - Laboratoire Vigne, Biotechnologies, Environnement | Universit\u00e9 de Haute-Alsace\" \/>\n<meta name=\"twitter:card\" content=\"summary_large_image\" \/>\n<meta name=\"twitter:label1\" content=\"Dur\u00e9e de lecture estim\u00e9e\" \/>\n\t<meta name=\"twitter:data1\" content=\"4 minutes\" \/>\n<script type=\"application\/ld+json\" class=\"yoast-schema-graph\">{\"@context\":\"https:\\\/\\\/schema.org\",\"@graph\":[{\"@type\":\"WebPage\",\"@id\":\"https:\\\/\\\/www.lvbe.uha.fr\\\/index.php\\\/equipe\\\/docteurs-es-sciences-formes-au-lvbe\\\/dr-alexia-grau\\\/\",\"url\":\"https:\\\/\\\/www.lvbe.uha.fr\\\/index.php\\\/equipe\\\/docteurs-es-sciences-formes-au-lvbe\\\/dr-alexia-grau\\\/\",\"name\":\"Dr. Alexia GRAU - LVBE - Laboratoire Vigne, Biotechnologies, Environnement | Universit\u00e9 de Haute-Alsace\",\"isPartOf\":{\"@id\":\"https:\\\/\\\/www.lvbe.uha.fr\\\/#website\"},\"datePublished\":\"2025-01-09T13:41:22+00:00\",\"breadcrumb\":{\"@id\":\"https:\\\/\\\/www.lvbe.uha.fr\\\/index.php\\\/equipe\\\/docteurs-es-sciences-formes-au-lvbe\\\/dr-alexia-grau\\\/#breadcrumb\"},\"inLanguage\":\"fr-FR\",\"potentialAction\":[{\"@type\":\"ReadAction\",\"target\":[\"https:\\\/\\\/www.lvbe.uha.fr\\\/index.php\\\/equipe\\\/docteurs-es-sciences-formes-au-lvbe\\\/dr-alexia-grau\\\/\"]}]},{\"@type\":\"BreadcrumbList\",\"@id\":\"https:\\\/\\\/www.lvbe.uha.fr\\\/index.php\\\/equipe\\\/docteurs-es-sciences-formes-au-lvbe\\\/dr-alexia-grau\\\/#breadcrumb\",\"itemListElement\":[{\"@type\":\"ListItem\",\"position\":1,\"name\":\"Accueil\",\"item\":\"https:\\\/\\\/www.lvbe.uha.fr\\\/\"},{\"@type\":\"ListItem\",\"position\":2,\"name\":\"\u00c9quipe\",\"item\":\"https:\\\/\\\/www.lvbe.uha.fr\\\/index.php\\\/equipe\\\/\"},{\"@type\":\"ListItem\",\"position\":3,\"name\":\"Docteurs \u00e8s sciences form\u00e9s au LVBE\",\"item\":\"https:\\\/\\\/www.lvbe.uha.fr\\\/index.php\\\/equipe\\\/docteurs-es-sciences-formes-au-lvbe\\\/\"},{\"@type\":\"ListItem\",\"position\":4,\"name\":\"Dr. Alexia GRAU\"}]},{\"@type\":\"WebSite\",\"@id\":\"https:\\\/\\\/www.lvbe.uha.fr\\\/#website\",\"url\":\"https:\\\/\\\/www.lvbe.uha.fr\\\/\",\"name\":\"LVBE - Laboratoire Vigne, Biotechnologies, Environnement | Universit\u00e9 de Haute-Alsace\",\"description\":\"Campus Biop\u00f4le | Universit\u00e9 de Haute-Alsace\",\"potentialAction\":[{\"@type\":\"SearchAction\",\"target\":{\"@type\":\"EntryPoint\",\"urlTemplate\":\"https:\\\/\\\/www.lvbe.uha.fr\\\/?s={search_term_string}\"},\"query-input\":{\"@type\":\"PropertyValueSpecification\",\"valueRequired\":true,\"valueName\":\"search_term_string\"}}],\"inLanguage\":\"fr-FR\"}]}<\/script>\n<!-- \/ Yoast SEO plugin. -->","yoast_head_json":{"title":"Dr. Alexia GRAU - LVBE - Laboratoire Vigne, Biotechnologies, Environnement | Universit\u00e9 de Haute-Alsace","robots":{"index":"index","follow":"follow","max-snippet":"max-snippet:-1","max-image-preview":"max-image-preview:large","max-video-preview":"max-video-preview:-1"},"canonical":"https:\/\/www.lvbe.uha.fr\/index.php\/equipe\/docteurs-es-sciences-formes-au-lvbe\/dr-alexia-grau\/","og_locale":"fr_FR","og_type":"article","og_title":"Dr. Alexia GRAU - LVBE - Laboratoire Vigne, Biotechnologies, Environnement | Universit\u00e9 de Haute-Alsace","og_description":"Maladies du bois de la vigne : compr\u00e9hension des m\u00e9canismes de tol\u00e9rance chez la plante et \u00e9tude d&rsquo;effecteurs de Botryosphaeriaceae Th\u00e8se en biologie v\u00e9g\u00e9tale, sp\u00e9cialit\u00e9 interactions plantes microorganismes, soutenue le 13 d\u00e9cembre 2024, \u00e0 Colmar. Directeur de th\u00e8se : Pr. Julie CHONG, Universit\u00e9 de Haute Alsace Co-directeurs\u00a0 de th\u00e8se : Dr. Romain PIERRON,\u00a0 ma\u00eetre de [&hellip;]","og_url":"https:\/\/www.lvbe.uha.fr\/index.php\/equipe\/docteurs-es-sciences-formes-au-lvbe\/dr-alexia-grau\/","og_site_name":"LVBE - Laboratoire Vigne, Biotechnologies, Environnement | Universit\u00e9 de Haute-Alsace","twitter_card":"summary_large_image","twitter_misc":{"Dur\u00e9e de lecture estim\u00e9e":"4 minutes"},"schema":{"@context":"https:\/\/schema.org","@graph":[{"@type":"WebPage","@id":"https:\/\/www.lvbe.uha.fr\/index.php\/equipe\/docteurs-es-sciences-formes-au-lvbe\/dr-alexia-grau\/","url":"https:\/\/www.lvbe.uha.fr\/index.php\/equipe\/docteurs-es-sciences-formes-au-lvbe\/dr-alexia-grau\/","name":"Dr. Alexia GRAU - LVBE - Laboratoire Vigne, Biotechnologies, Environnement | Universit\u00e9 de Haute-Alsace","isPartOf":{"@id":"https:\/\/www.lvbe.uha.fr\/#website"},"datePublished":"2025-01-09T13:41:22+00:00","breadcrumb":{"@id":"https:\/\/www.lvbe.uha.fr\/index.php\/equipe\/docteurs-es-sciences-formes-au-lvbe\/dr-alexia-grau\/#breadcrumb"},"inLanguage":"fr-FR","potentialAction":[{"@type":"ReadAction","target":["https:\/\/www.lvbe.uha.fr\/index.php\/equipe\/docteurs-es-sciences-formes-au-lvbe\/dr-alexia-grau\/"]}]},{"@type":"BreadcrumbList","@id":"https:\/\/www.lvbe.uha.fr\/index.php\/equipe\/docteurs-es-sciences-formes-au-lvbe\/dr-alexia-grau\/#breadcrumb","itemListElement":[{"@type":"ListItem","position":1,"name":"Accueil","item":"https:\/\/www.lvbe.uha.fr\/"},{"@type":"ListItem","position":2,"name":"\u00c9quipe","item":"https:\/\/www.lvbe.uha.fr\/index.php\/equipe\/"},{"@type":"ListItem","position":3,"name":"Docteurs \u00e8s sciences form\u00e9s au LVBE","item":"https:\/\/www.lvbe.uha.fr\/index.php\/equipe\/docteurs-es-sciences-formes-au-lvbe\/"},{"@type":"ListItem","position":4,"name":"Dr. Alexia GRAU"}]},{"@type":"WebSite","@id":"https:\/\/www.lvbe.uha.fr\/#website","url":"https:\/\/www.lvbe.uha.fr\/","name":"LVBE - Laboratoire Vigne, Biotechnologies, Environnement | Universit\u00e9 de Haute-Alsace","description":"Campus Biop\u00f4le | Universit\u00e9 de Haute-Alsace","potentialAction":[{"@type":"SearchAction","target":{"@type":"EntryPoint","urlTemplate":"https:\/\/www.lvbe.uha.fr\/?s={search_term_string}"},"query-input":{"@type":"PropertyValueSpecification","valueRequired":true,"valueName":"search_term_string"}}],"inLanguage":"fr-FR"}]}},"_links":{"self":[{"href":"https:\/\/www.lvbe.uha.fr\/index.php\/wp-json\/wp\/v2\/pages\/4550","targetHints":{"allow":["GET"]}}],"collection":[{"href":"https:\/\/www.lvbe.uha.fr\/index.php\/wp-json\/wp\/v2\/pages"}],"about":[{"href":"https:\/\/www.lvbe.uha.fr\/index.php\/wp-json\/wp\/v2\/types\/page"}],"author":[{"embeddable":true,"href":"https:\/\/www.lvbe.uha.fr\/index.php\/wp-json\/wp\/v2\/users\/2"}],"replies":[{"embeddable":true,"href":"https:\/\/www.lvbe.uha.fr\/index.php\/wp-json\/wp\/v2\/comments?post=4550"}],"version-history":[{"count":3,"href":"https:\/\/www.lvbe.uha.fr\/index.php\/wp-json\/wp\/v2\/pages\/4550\/revisions"}],"predecessor-version":[{"id":4553,"href":"https:\/\/www.lvbe.uha.fr\/index.php\/wp-json\/wp\/v2\/pages\/4550\/revisions\/4553"}],"up":[{"embeddable":true,"href":"https:\/\/www.lvbe.uha.fr\/index.php\/wp-json\/wp\/v2\/pages\/1763"}],"wp:attachment":[{"href":"https:\/\/www.lvbe.uha.fr\/index.php\/wp-json\/wp\/v2\/media?parent=4550"}],"curies":[{"name":"wp","href":"https:\/\/api.w.org\/{rel}","templated":true}]}}