{"id":414,"date":"2018-04-10T14:38:12","date_gmt":"2018-04-10T12:38:12","guid":{"rendered":"https:\/\/www.lvbe.uha.fr\/\/?page_id=414"},"modified":"2019-11-22T13:34:28","modified_gmt":"2019-11-22T12:34:28","slug":"414-2","status":"publish","type":"page","link":"https:\/\/www.lvbe.uha.fr\/index.php\/equipe\/membres-de-lequipe\/414-2\/","title":{"rendered":"Dr. Christine LE JEUNE"},"content":{"rendered":"<p>Ma\u00eetre de Conf\u00e9rences<\/p>\n<p>Courriel : <a href=\"mailto:christine.le-jeune@uha.fr\">christine.le-jeune@uha.fr<\/a><\/p>\n<p><strong>1991-1994<\/strong> :<\/p>\n<ul>\n<li><strong>Th\u00e8se de doctorat universitaire<\/strong><br \/>\nSoutenue \u00e0 l\u2019Institut d\u2019\u0152nologie (Universit\u00e9 de Bordeaux II), le 12 D\u00e9cembre 1994<br \/>\nTitre : Caract\u00e9risation mol\u00e9culaire de souches de bact\u00e9ries lactiques du vin et des mo\u00fbts<br \/>\nDirecteur de th\u00e8se : Professeur Lonvaud Funel<br \/>\nComp\u00e9tences\u00a0: \u0152nologie, Microbiologie, Biologie Mol\u00e9culaire<\/li>\n<\/ul>\n<p><strong>1995-1996<\/strong> :<\/p>\n<ul>\n<li><strong>Stage post-doctoral<\/strong><br \/>\nFinancement europ\u00e9en, Universit\u00e0 degli studi di Bologna (Italie), Professeur Matteuzzi<br \/>\nMise au point de vecteurs de clonage et d\u2019expression efficaces pour des souches appartenant au genre<em> Bifidobacterium.<\/em><\/li>\n<\/ul>\n<p><strong>1997<\/strong> :<\/p>\n<ul>\n<li><strong>Ma\u00eetre de conf\u00e9rences<\/strong> \u00e0 l\u2019Universit\u00e9 de Haute-Alsace<\/li>\n<\/ul>\n<h2>Listes de publications<\/h2>\n<div class=\"su-tabs su-tabs-style-default su-tabs-mobile-stack\" data-active=\"1\" data-scroll-offset=\"0\" data-anchor-in-url=\"no\"><div class=\"su-tabs-nav\"><span class=\"\" data-url=\"\" data-target=\"blank\" tabindex=\"0\" role=\"button\">A. Chapitres d\u2019ouvrages<\/span><span class=\"\" data-url=\"\" data-target=\"blank\" tabindex=\"0\" role=\"button\">B. Articles publi\u00e9s dans des revues internationales \u00e0 comit\u00e9 de lecture<\/span><\/div><div class=\"su-tabs-panes\"><div class=\"su-tabs-pane su-u-clearfix su-u-trim\" data-title=\"A. Chapitres d\u2019ouvrages\">\n<h3>Chapitres d&rsquo;ouvrages<\/h3>\n<p>A.1 Demuyter C., Lollier M., Le Jeune C. (2003) \u2013 Diversity and evolution of an indigenous enological yeast flora from vine to wine in Alsace. &#8211; \u0152nologie 2003, Tech et Doc, Lavoisier Ed, pp. 279-281.<\/p>\n<p>A.2 Le Jeune C., Demuyter C., Lollier M., (2003) \u2013 Origin of the yeasts implicated in the spontaneous fermentation of an Alsatian domain. &#8211; \u0152nologie 2003, Tech et Doc, Lavoisier Ed, pp. 282-284<\/p>\n<\/div>\n<div class=\"su-tabs-pane su-u-clearfix su-u-trim\" data-title=\"B. Articles publi\u00e9s dans des revues internationales \u00e0 comit\u00e9 de lecture\">\n<h3>Articles publi\u00e9s dans des revues internationales \u00e0 comit\u00e9 de lecture<\/h3>\n<p>B.1 Le Jeune C. and Lonvaud-Funel A., (1994) \u2013 Lactobacillus hilgardii and Lactobacillus brevis DNA analysis by fragment lenght polymorphism \u2013 Food Microbiology, 11, 195-202.<\/p>\n<p>B.2 Le Jeune C., Lonvaud-Funel A., Ten Brink B., Hofstra H., Van der Vossen. J. M. B. M., (1995) \u2013 Development of a detection system for histidine decarboxylating lactic acid bacteria based on DNA probes, PCR and activity test \u2013 Journal of applied bacteriology, 78, 316-326.<\/p>\n<p>B.3 Le Jeune C. and Lonvaud-Funel A., (1997) \u2013 Sequence of DNA 16S\/23S spacer region of Leuconostoc \u0153nos (\u0152nococcus \u0153ni) : application to strain differentiation \u2013 Research Microbiology, 1, 148, 79-87.<\/p>\n<p>B.4 Demuyter C., Lollier M., Legras J.L., Le Jeune C. (2004) \u2013 Predominance of Saccharomyces uvarum during spontaneous fermentation, for three consecutive years, in an Alsatian winery \u2013 Journal of Applied Microbioly, 97, 1140-1148.<\/p>\n<p>B.5 Le Jeune C., Erny C., Demuyter C., Lollier M. (2006) \u2013 Evolution of the population of Saccharomyces cerevisiae from grape to wine in a spontaneous fermentation. \u2013 Food Microbiology, 23, 709-716.<\/p>\n<p>B.6 Masneuf-Pomarede I., Le Jeune C., Durrens P., Lollier M., Aigle M., Dubourdieu D. (2007) \u2013 Molecular typing of wine yeast strains Saccharomyces bayanus var uvarum using microsatellite markers \u2013 Systematic and Applied Microbiology, 30, 1, 75-82.<\/p>\n<p>B.7 Le Jeune C., Lollier M., Demuyter C., Erny C., Legras J.L., Aigle M., Masneuf-Pomarede I. (2007) \u2013 Characterization of natural hybrid strains between Saccharomyces cerevisiae and Saccharomyces bayanus var uvarum. \u2013 FEMS Yeast Research 7, 540-549.<\/p>\n<p>B.8 Legras J.L. Erny C., Le Jeune C., Lollier M., Adolphe Y., Demuyter C., Delobel P., Blondin B., Karst F. (2010) \u2013 Activation of Two Different Resistance Mechanisms in Saccharomyces cerevisiae upon Exposure to Octanoic and Decanoic Acids \u2013 Applied and Environmental Microbiology, 73, 22, 7526\u20137535.<\/p>\n<p>B.9 Masneuf-Pomarede I., Salin F., B\u00f6rlin M., Coton E., Coton M., Le Jeune C., Legras J.L.(2016) \u2013 Microsatellite analysis of Saccharomyces uvarum diversity \u2013 FEMS Yeast Research, 16, 2, March 2016 doi: 10.1093\/femsyr\/fow002<\/p>\n<p>B.10 Valat, L., Degl\u00e8ne-Benbrahim, L., Kendel, M., Hussenet, R., Le Jeune, C., Schellenbaum, P., Maillot, P. (2018) \u2013 Transcriptional induction of two phosphate transporter 1 genes and enhanced root branching in grape plants inoculated with Funneliformis mosseae \u2013 Mycorrhiza 28, 179\u2013185.doi.org\/10.1007\/s00572-017-0809-5<\/p>\n<\/div><\/div><\/div>\n","protected":false},"excerpt":{"rendered":"<p>Ma\u00eetre de Conf\u00e9rences Courriel : christine.le-jeune@uha.fr 1991-1994 : Th\u00e8se de doctorat universitaire Soutenue \u00e0 l\u2019Institut d\u2019\u0152nologie (Universit\u00e9 de Bordeaux II), le 12 D\u00e9cembre 1994 Titre : Caract\u00e9risation mol\u00e9culaire de souches de bact\u00e9ries lactiques du vin et des mo\u00fbts Directeur de th\u00e8se : Professeur Lonvaud Funel Comp\u00e9tences\u00a0: \u0152nologie, Microbiologie, Biologie Mol\u00e9culaire 1995-1996 : Stage post-doctoral Financement [&hellip;]<\/p>\n","protected":false},"author":2,"featured_media":0,"parent":1751,"menu_order":16,"comment_status":"closed","ping_status":"closed","template":"","meta":{"footnotes":""},"class_list":["post-414","page","type-page","status-publish","hentry"],"yoast_head":"<!-- This site is optimized with the Yoast SEO plugin v27.4 - https:\/\/yoast.com\/product\/yoast-seo-wordpress\/ -->\n<title>Dr. Christine LE JEUNE - LVBE - Laboratoire Vigne, Biotechnologies, Environnement | Universit\u00e9 de Haute-Alsace<\/title>\n<meta name=\"robots\" content=\"index, follow, max-snippet:-1, max-image-preview:large, max-video-preview:-1\" \/>\n<link rel=\"canonical\" href=\"https:\/\/www.lvbe.uha.fr\/index.php\/equipe\/membres-de-lequipe\/414-2\/\" \/>\n<meta property=\"og:locale\" content=\"fr_FR\" \/>\n<meta property=\"og:type\" content=\"article\" \/>\n<meta property=\"og:title\" content=\"Dr. Christine LE JEUNE - LVBE - Laboratoire Vigne, Biotechnologies, Environnement | Universit\u00e9 de Haute-Alsace\" \/>\n<meta property=\"og:description\" content=\"Ma\u00eetre de Conf\u00e9rences Courriel : christine.le-jeune@uha.fr 1991-1994 : Th\u00e8se de doctorat universitaire Soutenue \u00e0 l\u2019Institut d\u2019\u0152nologie (Universit\u00e9 de Bordeaux II), le 12 D\u00e9cembre 1994 Titre : Caract\u00e9risation mol\u00e9culaire de souches de bact\u00e9ries lactiques du vin et des mo\u00fbts Directeur de th\u00e8se : Professeur Lonvaud Funel Comp\u00e9tences\u00a0: \u0152nologie, Microbiologie, Biologie Mol\u00e9culaire 1995-1996 : Stage post-doctoral Financement [&hellip;]\" \/>\n<meta property=\"og:url\" content=\"https:\/\/www.lvbe.uha.fr\/index.php\/equipe\/membres-de-lequipe\/414-2\/\" \/>\n<meta property=\"og:site_name\" content=\"LVBE - Laboratoire Vigne, Biotechnologies, Environnement | Universit\u00e9 de Haute-Alsace\" \/>\n<meta property=\"article:modified_time\" content=\"2019-11-22T12:34:28+00:00\" \/>\n<meta name=\"twitter:card\" content=\"summary_large_image\" \/>\n<meta name=\"twitter:label1\" content=\"Dur\u00e9e de lecture estim\u00e9e\" \/>\n\t<meta name=\"twitter:data1\" content=\"3 minutes\" \/>\n<script type=\"application\/ld+json\" class=\"yoast-schema-graph\">{\"@context\":\"https:\\\/\\\/schema.org\",\"@graph\":[{\"@type\":\"WebPage\",\"@id\":\"https:\\\/\\\/www.lvbe.uha.fr\\\/index.php\\\/equipe\\\/membres-de-lequipe\\\/414-2\\\/\",\"url\":\"https:\\\/\\\/www.lvbe.uha.fr\\\/index.php\\\/equipe\\\/membres-de-lequipe\\\/414-2\\\/\",\"name\":\"Dr. Christine LE JEUNE - LVBE - Laboratoire Vigne, Biotechnologies, Environnement | Universit\u00e9 de Haute-Alsace\",\"isPartOf\":{\"@id\":\"https:\\\/\\\/www.lvbe.uha.fr\\\/#website\"},\"datePublished\":\"2018-04-10T12:38:12+00:00\",\"dateModified\":\"2019-11-22T12:34:28+00:00\",\"breadcrumb\":{\"@id\":\"https:\\\/\\\/www.lvbe.uha.fr\\\/index.php\\\/equipe\\\/membres-de-lequipe\\\/414-2\\\/#breadcrumb\"},\"inLanguage\":\"fr-FR\",\"potentialAction\":[{\"@type\":\"ReadAction\",\"target\":[\"https:\\\/\\\/www.lvbe.uha.fr\\\/index.php\\\/equipe\\\/membres-de-lequipe\\\/414-2\\\/\"]}]},{\"@type\":\"BreadcrumbList\",\"@id\":\"https:\\\/\\\/www.lvbe.uha.fr\\\/index.php\\\/equipe\\\/membres-de-lequipe\\\/414-2\\\/#breadcrumb\",\"itemListElement\":[{\"@type\":\"ListItem\",\"position\":1,\"name\":\"Accueil\",\"item\":\"https:\\\/\\\/www.lvbe.uha.fr\\\/\"},{\"@type\":\"ListItem\",\"position\":2,\"name\":\"\u00c9quipe\",\"item\":\"https:\\\/\\\/www.lvbe.uha.fr\\\/index.php\\\/equipe\\\/\"},{\"@type\":\"ListItem\",\"position\":3,\"name\":\"Membres de l&rsquo;\u00e9quipe\",\"item\":\"https:\\\/\\\/www.lvbe.uha.fr\\\/index.php\\\/equipe\\\/membres-de-lequipe\\\/\"},{\"@type\":\"ListItem\",\"position\":4,\"name\":\"Dr. Christine LE JEUNE\"}]},{\"@type\":\"WebSite\",\"@id\":\"https:\\\/\\\/www.lvbe.uha.fr\\\/#website\",\"url\":\"https:\\\/\\\/www.lvbe.uha.fr\\\/\",\"name\":\"LVBE - Laboratoire Vigne, Biotechnologies, Environnement | Universit\u00e9 de Haute-Alsace\",\"description\":\"Campus Biop\u00f4le | Universit\u00e9 de Haute-Alsace\",\"potentialAction\":[{\"@type\":\"SearchAction\",\"target\":{\"@type\":\"EntryPoint\",\"urlTemplate\":\"https:\\\/\\\/www.lvbe.uha.fr\\\/?s={search_term_string}\"},\"query-input\":{\"@type\":\"PropertyValueSpecification\",\"valueRequired\":true,\"valueName\":\"search_term_string\"}}],\"inLanguage\":\"fr-FR\"}]}<\/script>\n<!-- \/ Yoast SEO plugin. -->","yoast_head_json":{"title":"Dr. Christine LE JEUNE - LVBE - Laboratoire Vigne, Biotechnologies, Environnement | Universit\u00e9 de Haute-Alsace","robots":{"index":"index","follow":"follow","max-snippet":"max-snippet:-1","max-image-preview":"max-image-preview:large","max-video-preview":"max-video-preview:-1"},"canonical":"https:\/\/www.lvbe.uha.fr\/index.php\/equipe\/membres-de-lequipe\/414-2\/","og_locale":"fr_FR","og_type":"article","og_title":"Dr. Christine LE JEUNE - LVBE - Laboratoire Vigne, Biotechnologies, Environnement | Universit\u00e9 de Haute-Alsace","og_description":"Ma\u00eetre de Conf\u00e9rences Courriel : christine.le-jeune@uha.fr 1991-1994 : Th\u00e8se de doctorat universitaire Soutenue \u00e0 l\u2019Institut d\u2019\u0152nologie (Universit\u00e9 de Bordeaux II), le 12 D\u00e9cembre 1994 Titre : Caract\u00e9risation mol\u00e9culaire de souches de bact\u00e9ries lactiques du vin et des mo\u00fbts Directeur de th\u00e8se : Professeur Lonvaud Funel Comp\u00e9tences\u00a0: \u0152nologie, Microbiologie, Biologie Mol\u00e9culaire 1995-1996 : Stage post-doctoral Financement [&hellip;]","og_url":"https:\/\/www.lvbe.uha.fr\/index.php\/equipe\/membres-de-lequipe\/414-2\/","og_site_name":"LVBE - Laboratoire Vigne, Biotechnologies, Environnement | Universit\u00e9 de Haute-Alsace","article_modified_time":"2019-11-22T12:34:28+00:00","twitter_card":"summary_large_image","twitter_misc":{"Dur\u00e9e de lecture estim\u00e9e":"3 minutes"},"schema":{"@context":"https:\/\/schema.org","@graph":[{"@type":"WebPage","@id":"https:\/\/www.lvbe.uha.fr\/index.php\/equipe\/membres-de-lequipe\/414-2\/","url":"https:\/\/www.lvbe.uha.fr\/index.php\/equipe\/membres-de-lequipe\/414-2\/","name":"Dr. Christine LE JEUNE - LVBE - Laboratoire Vigne, Biotechnologies, Environnement | Universit\u00e9 de Haute-Alsace","isPartOf":{"@id":"https:\/\/www.lvbe.uha.fr\/#website"},"datePublished":"2018-04-10T12:38:12+00:00","dateModified":"2019-11-22T12:34:28+00:00","breadcrumb":{"@id":"https:\/\/www.lvbe.uha.fr\/index.php\/equipe\/membres-de-lequipe\/414-2\/#breadcrumb"},"inLanguage":"fr-FR","potentialAction":[{"@type":"ReadAction","target":["https:\/\/www.lvbe.uha.fr\/index.php\/equipe\/membres-de-lequipe\/414-2\/"]}]},{"@type":"BreadcrumbList","@id":"https:\/\/www.lvbe.uha.fr\/index.php\/equipe\/membres-de-lequipe\/414-2\/#breadcrumb","itemListElement":[{"@type":"ListItem","position":1,"name":"Accueil","item":"https:\/\/www.lvbe.uha.fr\/"},{"@type":"ListItem","position":2,"name":"\u00c9quipe","item":"https:\/\/www.lvbe.uha.fr\/index.php\/equipe\/"},{"@type":"ListItem","position":3,"name":"Membres de l&rsquo;\u00e9quipe","item":"https:\/\/www.lvbe.uha.fr\/index.php\/equipe\/membres-de-lequipe\/"},{"@type":"ListItem","position":4,"name":"Dr. Christine LE JEUNE"}]},{"@type":"WebSite","@id":"https:\/\/www.lvbe.uha.fr\/#website","url":"https:\/\/www.lvbe.uha.fr\/","name":"LVBE - Laboratoire Vigne, Biotechnologies, Environnement | Universit\u00e9 de Haute-Alsace","description":"Campus Biop\u00f4le | Universit\u00e9 de Haute-Alsace","potentialAction":[{"@type":"SearchAction","target":{"@type":"EntryPoint","urlTemplate":"https:\/\/www.lvbe.uha.fr\/?s={search_term_string}"},"query-input":{"@type":"PropertyValueSpecification","valueRequired":true,"valueName":"search_term_string"}}],"inLanguage":"fr-FR"}]}},"_links":{"self":[{"href":"https:\/\/www.lvbe.uha.fr\/index.php\/wp-json\/wp\/v2\/pages\/414","targetHints":{"allow":["GET"]}}],"collection":[{"href":"https:\/\/www.lvbe.uha.fr\/index.php\/wp-json\/wp\/v2\/pages"}],"about":[{"href":"https:\/\/www.lvbe.uha.fr\/index.php\/wp-json\/wp\/v2\/types\/page"}],"author":[{"embeddable":true,"href":"https:\/\/www.lvbe.uha.fr\/index.php\/wp-json\/wp\/v2\/users\/2"}],"replies":[{"embeddable":true,"href":"https:\/\/www.lvbe.uha.fr\/index.php\/wp-json\/wp\/v2\/comments?post=414"}],"version-history":[{"count":11,"href":"https:\/\/www.lvbe.uha.fr\/index.php\/wp-json\/wp\/v2\/pages\/414\/revisions"}],"predecessor-version":[{"id":2819,"href":"https:\/\/www.lvbe.uha.fr\/index.php\/wp-json\/wp\/v2\/pages\/414\/revisions\/2819"}],"up":[{"embeddable":true,"href":"https:\/\/www.lvbe.uha.fr\/index.php\/wp-json\/wp\/v2\/pages\/1751"}],"wp:attachment":[{"href":"https:\/\/www.lvbe.uha.fr\/index.php\/wp-json\/wp\/v2\/media?parent=414"}],"curies":[{"name":"wp","href":"https:\/\/api.w.org\/{rel}","templated":true}]}}