{"id":387,"date":"2018-04-10T12:01:59","date_gmt":"2018-04-10T10:01:59","guid":{"rendered":"https:\/\/www.lvbe.uha.fr\/\/?page_id=387"},"modified":"2022-03-15T14:35:56","modified_gmt":"2022-03-15T13:35:56","slug":"acces","status":"publish","type":"page","link":"https:\/\/www.lvbe.uha.fr\/index.php\/acces\/","title":{"rendered":"Acc\u00e8s"},"content":{"rendered":"<p style=\"text-align: center;\">Laboratoire Vigne, Biotechnologies et Environnement &#8211; LVBE<br \/>\nCampus Biop\u00f4le &#8211; Universit\u00e9 de Haute-Alsace<br \/>\n33 rue de Herrlisheim,<br \/>\n68008 COLMAR Cedex<\/p>\n<p style=\"text-align: center;\"><a href=\"https:\/\/www.uha.fr\/fr\/plan-d-acces.html\">plans de tout l\u2019UHA <\/a><\/p>\n<div class=\"su-tabs su-tabs-style-default su-tabs-mobile-stack\" data-active=\"1\" data-scroll-offset=\"0\" data-anchor-in-url=\"no\"><div class=\"su-tabs-nav\"><span class=\"\" data-url=\"\" data-target=\"blank\" tabindex=\"0\" role=\"button\">Acc\u00e8s pi\u00e9ton depuis la gare de Colmar<\/span><span class=\"\" data-url=\"\" data-target=\"blank\" tabindex=\"0\" role=\"button\">Depuis l'A\u00e9roport international de B\u00e2le-Mulhouse-Fribourg<\/span><span class=\"\" data-url=\"\" data-target=\"blank\" tabindex=\"0\" role=\"button\">Depuis l'A\u00e9roport de Strasbourg<\/span><span class=\"\" data-url=\"\" data-target=\"blank\" tabindex=\"0\" role=\"button\">Depuis la Gare de Mulhouse<\/span><span class=\"\" data-url=\"\" data-target=\"blank\" tabindex=\"0\" role=\"button\">En voiture<\/span><span class=\"\" data-url=\"\" data-target=\"blank\" tabindex=\"0\" role=\"button\">En taxi<\/span><\/div><div class=\"su-tabs-panes\"><div class=\"su-tabs-pane su-u-clearfix su-u-trim\" data-title=\"Acc\u00e8s pi\u00e9ton depuis la gare de Colmar\">\n<h2>Acc\u00e8s pi\u00e9ton depuis la gare de Colmar<\/h2>\n<p><iframe loading=\"lazy\" style=\"border: 0;\" src=\"https:\/\/www.google.com\/maps\/embed?pb=!1m28!1m12!1m3!1d5332.369762601713!2d7.33656947822909!3d48.068074186397226!2m3!1f0!2f0!3f0!3m2!1i1024!2i768!4f13.1!4m13!3e2!4m5!1s0x479165c348b70069%3A0xfe89c65b885f7c9f!2sGare+de+Colmar%2C+9+Place+de+la+Gare%2C+68000+Colmar!3m2!1d48.072473699999996!2d7.3469006!4m5!1s0x479165b7a5c7d8f7%3A0x3a26338d164f5b6b!2s33+Rue+de+Herrlisheim%2C+68000+Colmar!3m2!1d48.062956!2d7.336291699999999!5e0!3m2!1sfr!2sfr!4v1528990543263\" width=\"600\" height=\"450\" frameborder=\"0\" allowfullscreen=\"allowfullscreen\"><\/iframe><br \/>\n<\/div>\n<div class=\"su-tabs-pane su-u-clearfix su-u-trim\" data-title=\"Depuis l&#039;A\u00e9roport international de B\u00e2le-Mulhouse-Fribourg\">\n<h2>Depuis l&rsquo;A\u00e9roport international de B\u00e2le-Mulhouse-Fribourg<\/h2>\n<ul>\n<li>Prendre un train de Saint Louis \u00e0 la gare de Colmar, de 36 min \u00e0 1h07 de trajet<\/li>\n<li>Prendre une navette direction Gare SNCF de Saint Louis, 12 min de trajet<\/li>\n<li>Colmar Gare au LVBE, 20 min de marche<\/li>\n<\/ul>\n<\/div>\n<div class=\"su-tabs-pane su-u-clearfix su-u-trim\" data-title=\"Depuis l&#039;A\u00e9roport de Strasbourg\">\n<h2>Depuis l&rsquo;A\u00e9roport de Strasbourg<\/h2>\n<ul>\n<li>Rejoindre la Gare SNCF d\u2019Enztheim gr\u00e2ce \u00e0 la passerelle<\/li>\n<li>Prendre une navette-train jusqu\u2019\u00e0 la gare de Strasbourg, 9 min de trajet<\/li>\n<li>Prendre un train de Strasbourg \u00e0 la gare de Colmar, de 30 min \u00e0 46 min de trajet<\/li>\n<li>Colmar Gare au LVBE, 20 min de marche<\/li>\n<\/ul>\n<\/div>\n<div class=\"su-tabs-pane su-u-clearfix su-u-trim\" data-title=\"Depuis la Gare de Mulhouse\">\n<h2>Depuis la Gare de Mulhouse<\/h2>\n<ul>\n<li>Prendre un train en direction Colmar, de 18 \u00e0 46 min de trajet<\/li>\n<li>Colmar Gare au LVBE, 20 min de marche<\/li>\n<\/ul>\n<\/div>\n<div class=\"su-tabs-pane su-u-clearfix su-u-trim\" data-title=\"En voiture\">\n<h2>En voiture<\/h2>\n<ul>\n<li>Rejoindre l&rsquo;A35<\/li>\n<li>Prendre la sortie direction Freiburg\/Neuf-Brisach\/Horbourg-Wihr\/Colmar-Sud<\/li>\n<li>Prendre \u00e0 gauche sur Rue de la Semm\/D415<\/li>\n<li>Tourner l\u00e9g\u00e8rement \u00e0 gauche sur Avenue de Fribourg<\/li>\n<li>Continuer sur Avenue Georges Clemenceau<\/li>\n<li>Continuer sur Avenue Raymond Poincar\u00e9<\/li>\n<li>Prendre \u00e0 gauche sur Route de Rouffach\/D30<\/li>\n<li>Prendre \u00e0 droite sur Route de Rouffach = monter le pont<\/li>\n<li>Prendre \u00e0 droite sur Rue d&rsquo;Altkirch<\/li>\n<li>Tourner \u00e0 gauche pour rester sur Rue d&rsquo;Altkirch<\/li>\n<li>Prendre \u00e0 gauche sur Rue de Herrlisheim<br \/>\nB\u00e2timent au fond \u00e0 droite (P\u00f4le Agrosciences)<\/li>\n<li>Continuer jusqu&rsquo;au n\u00b033 sur votre gauche<\/li>\n<\/ul>\n<\/div>\n<div class=\"su-tabs-pane su-u-clearfix su-u-trim\" data-title=\"En taxi\">\n<h2>En taxi<\/h2>\n<ul>\n<li>\n<div>\n<div class=\"fYOrjf kp-hc\">\n<div class=\"NFQFxe viOShc LKPcQc mod\" lang=\"fr-US\" data-md=\"16\" data-hveid=\"CAEQLQ\" data-ved=\"2ahUKEwiojLTe_sjjAhVSAmMBHc9_DUsQhygoATABegQIARAt\">\n<div class=\"Ftghae iirjIb\">\n<div class=\"SPZz6b\">\n<div class=\"kno-ecr-pt kno-fb-ctx PZPZlf HOpgu gsmt\" data-dtype=\"d3ifr\" data-local-attribute=\"d3bn\" data-attrid=\"title\" data-ved=\"2ahUKEwiojLTe_sjjAhVSAmMBHc9_DUsQ3B0oADABegQIARAu\">Taxis Ross\u00e9, \u00e0 Colmar, France<\/div>\n<\/div>\n<\/div>\n<\/div>\n<\/div>\n<\/div>\n<div class=\"dOMkIc iN7dylaxCFLo--I2qCxov72s r-icCnAhaGQl4M\" data-idx=\"0\">\n<div data-rtid=\"icCnAhaGQl4M\">\n<div class=\"NFQFxe VwAWN XbtRGb qxsd mod\" lang=\"fr-US\" data-attrid=\"kc:\/location\/location:actions\" data-md=\"10\" data-ved=\"2ahUKEwiojLTe_sjjAhVSAmMBHc9_DUsQkCkoADAEegQIARA6\">\n<div class=\"oT5pie W8fmSe threecol\">\n<div class=\"gvuEkb\">T\u00e9l. : +33(0)3 89 41 07 54<\/div>\n<\/div>\n<\/div>\n<div class=\"CQKTwc mod\" lang=\"fr-US\" data-attrid=\"kc:\/location\/location:address\" data-md=\"1002\" data-hveid=\"CAEQRw\" data-ved=\"2ahUKEwiojLTe_sjjAhVSAmMBHc9_DUsQkCkoAjAHegQIARBH\">\n<div class=\"Z1hOCe\">\n<div class=\"zloOqf fRooge\" data-local-attribute=\"d3adr\" data-ved=\"2ahUKEwiojLTe_sjjAhVSAmMBHc9_DUsQghwoADAHegQIARBI\"><\/div>\n<\/div>\n<\/div>\n<\/div>\n<\/div>\n<\/li>\n<li>TAXI BOYER (7h-23h) :<br \/>\nT\u00e9l. : <a href=\"tel:0663158647\">+33 (0)6 63 15 86 47<\/a><br \/>\nSite web : <a href=\"http:\/\/www.taxi-de-mulhouse.fr\/\">www.taxi-de-mulhouse.fr<\/a><\/li>\n<li>Taxi Colmar 68 :<br \/>\nT\u00e9l. : <a href=\"tel:0770741768\">+33 (0)7 70 74 17 68<\/a><\/li>\n<li>ABSOLU TAXI SERVICES :<br \/>\nT\u00e9l. : <a href=\"0679509996\">+33 (0)6 79 50 99 96<\/a><br \/>\nSite web : <a href=\"https:\/\/www.ats-colmar.fr\/\" target=\"_blank\" rel=\"noopener noreferrer\">www.ats-colmar.fr<\/a><\/li>\n<li>Bus : Site web :\u00a0<a href=\"https:\/\/www.flixbus.fr\/bus\/colmar\">Flixbus<\/a><\/li>\n<\/ul>\n<\/div><\/div><\/div>\n","protected":false},"excerpt":{"rendered":"<p>Laboratoire Vigne, Biotechnologies et Environnement &#8211; LVBE Campus Biop\u00f4le &#8211; Universit\u00e9 de Haute-Alsace 33 rue de Herrlisheim, 68008 COLMAR Cedex plans de tout l\u2019UHA<\/p>\n","protected":false},"author":1,"featured_media":0,"parent":0,"menu_order":0,"comment_status":"closed","ping_status":"closed","template":"","meta":{"footnotes":""},"class_list":["post-387","page","type-page","status-publish","hentry"],"yoast_head":"<!-- This site is optimized with the Yoast SEO plugin v27.4 - https:\/\/yoast.com\/product\/yoast-seo-wordpress\/ -->\n<title>Acc\u00e8s - LVBE - Laboratoire Vigne, Biotechnologies, Environnement | Universit\u00e9 de Haute-Alsace<\/title>\n<meta name=\"robots\" content=\"index, follow, max-snippet:-1, max-image-preview:large, max-video-preview:-1\" \/>\n<link rel=\"canonical\" href=\"https:\/\/www.lvbe.uha.fr\/index.php\/acces\/\" \/>\n<meta property=\"og:locale\" content=\"fr_FR\" \/>\n<meta property=\"og:type\" content=\"article\" \/>\n<meta property=\"og:title\" content=\"Acc\u00e8s - LVBE - Laboratoire Vigne, Biotechnologies, Environnement | Universit\u00e9 de Haute-Alsace\" \/>\n<meta property=\"og:description\" content=\"Laboratoire Vigne, Biotechnologies et Environnement &#8211; LVBE Campus Biop\u00f4le &#8211; Universit\u00e9 de Haute-Alsace 33 rue de Herrlisheim, 68008 COLMAR Cedex plans de tout l\u2019UHA\" \/>\n<meta property=\"og:url\" content=\"https:\/\/www.lvbe.uha.fr\/index.php\/acces\/\" \/>\n<meta property=\"og:site_name\" content=\"LVBE - Laboratoire Vigne, Biotechnologies, Environnement | Universit\u00e9 de Haute-Alsace\" \/>\n<meta property=\"article:modified_time\" content=\"2022-03-15T13:35:56+00:00\" \/>\n<meta name=\"twitter:card\" content=\"summary_large_image\" \/>\n<meta name=\"twitter:label1\" content=\"Dur\u00e9e de lecture estim\u00e9e\" \/>\n\t<meta name=\"twitter:data1\" content=\"2 minutes\" \/>\n<script type=\"application\/ld+json\" class=\"yoast-schema-graph\">{\"@context\":\"https:\\\/\\\/schema.org\",\"@graph\":[{\"@type\":\"WebPage\",\"@id\":\"https:\\\/\\\/www.lvbe.uha.fr\\\/index.php\\\/acces\\\/\",\"url\":\"https:\\\/\\\/www.lvbe.uha.fr\\\/index.php\\\/acces\\\/\",\"name\":\"Acc\u00e8s - LVBE - Laboratoire Vigne, Biotechnologies, Environnement | Universit\u00e9 de Haute-Alsace\",\"isPartOf\":{\"@id\":\"https:\\\/\\\/www.lvbe.uha.fr\\\/#website\"},\"datePublished\":\"2018-04-10T10:01:59+00:00\",\"dateModified\":\"2022-03-15T13:35:56+00:00\",\"breadcrumb\":{\"@id\":\"https:\\\/\\\/www.lvbe.uha.fr\\\/index.php\\\/acces\\\/#breadcrumb\"},\"inLanguage\":\"fr-FR\",\"potentialAction\":[{\"@type\":\"ReadAction\",\"target\":[\"https:\\\/\\\/www.lvbe.uha.fr\\\/index.php\\\/acces\\\/\"]}]},{\"@type\":\"BreadcrumbList\",\"@id\":\"https:\\\/\\\/www.lvbe.uha.fr\\\/index.php\\\/acces\\\/#breadcrumb\",\"itemListElement\":[{\"@type\":\"ListItem\",\"position\":1,\"name\":\"Accueil\",\"item\":\"https:\\\/\\\/www.lvbe.uha.fr\\\/\"},{\"@type\":\"ListItem\",\"position\":2,\"name\":\"Acc\u00e8s\"}]},{\"@type\":\"WebSite\",\"@id\":\"https:\\\/\\\/www.lvbe.uha.fr\\\/#website\",\"url\":\"https:\\\/\\\/www.lvbe.uha.fr\\\/\",\"name\":\"LVBE - Laboratoire Vigne, Biotechnologies, Environnement | Universit\u00e9 de Haute-Alsace\",\"description\":\"Campus Biop\u00f4le | Universit\u00e9 de Haute-Alsace\",\"potentialAction\":[{\"@type\":\"SearchAction\",\"target\":{\"@type\":\"EntryPoint\",\"urlTemplate\":\"https:\\\/\\\/www.lvbe.uha.fr\\\/?s={search_term_string}\"},\"query-input\":{\"@type\":\"PropertyValueSpecification\",\"valueRequired\":true,\"valueName\":\"search_term_string\"}}],\"inLanguage\":\"fr-FR\"}]}<\/script>\n<!-- \/ Yoast SEO plugin. -->","yoast_head_json":{"title":"Acc\u00e8s - LVBE - Laboratoire Vigne, Biotechnologies, Environnement | Universit\u00e9 de Haute-Alsace","robots":{"index":"index","follow":"follow","max-snippet":"max-snippet:-1","max-image-preview":"max-image-preview:large","max-video-preview":"max-video-preview:-1"},"canonical":"https:\/\/www.lvbe.uha.fr\/index.php\/acces\/","og_locale":"fr_FR","og_type":"article","og_title":"Acc\u00e8s - LVBE - Laboratoire Vigne, Biotechnologies, Environnement | Universit\u00e9 de Haute-Alsace","og_description":"Laboratoire Vigne, Biotechnologies et Environnement &#8211; LVBE Campus Biop\u00f4le &#8211; Universit\u00e9 de Haute-Alsace 33 rue de Herrlisheim, 68008 COLMAR Cedex plans de tout l\u2019UHA","og_url":"https:\/\/www.lvbe.uha.fr\/index.php\/acces\/","og_site_name":"LVBE - Laboratoire Vigne, Biotechnologies, Environnement | Universit\u00e9 de Haute-Alsace","article_modified_time":"2022-03-15T13:35:56+00:00","twitter_card":"summary_large_image","twitter_misc":{"Dur\u00e9e de lecture estim\u00e9e":"2 minutes"},"schema":{"@context":"https:\/\/schema.org","@graph":[{"@type":"WebPage","@id":"https:\/\/www.lvbe.uha.fr\/index.php\/acces\/","url":"https:\/\/www.lvbe.uha.fr\/index.php\/acces\/","name":"Acc\u00e8s - LVBE - Laboratoire Vigne, Biotechnologies, Environnement | Universit\u00e9 de Haute-Alsace","isPartOf":{"@id":"https:\/\/www.lvbe.uha.fr\/#website"},"datePublished":"2018-04-10T10:01:59+00:00","dateModified":"2022-03-15T13:35:56+00:00","breadcrumb":{"@id":"https:\/\/www.lvbe.uha.fr\/index.php\/acces\/#breadcrumb"},"inLanguage":"fr-FR","potentialAction":[{"@type":"ReadAction","target":["https:\/\/www.lvbe.uha.fr\/index.php\/acces\/"]}]},{"@type":"BreadcrumbList","@id":"https:\/\/www.lvbe.uha.fr\/index.php\/acces\/#breadcrumb","itemListElement":[{"@type":"ListItem","position":1,"name":"Accueil","item":"https:\/\/www.lvbe.uha.fr\/"},{"@type":"ListItem","position":2,"name":"Acc\u00e8s"}]},{"@type":"WebSite","@id":"https:\/\/www.lvbe.uha.fr\/#website","url":"https:\/\/www.lvbe.uha.fr\/","name":"LVBE - Laboratoire Vigne, Biotechnologies, Environnement | Universit\u00e9 de Haute-Alsace","description":"Campus Biop\u00f4le | Universit\u00e9 de Haute-Alsace","potentialAction":[{"@type":"SearchAction","target":{"@type":"EntryPoint","urlTemplate":"https:\/\/www.lvbe.uha.fr\/?s={search_term_string}"},"query-input":{"@type":"PropertyValueSpecification","valueRequired":true,"valueName":"search_term_string"}}],"inLanguage":"fr-FR"}]}},"_links":{"self":[{"href":"https:\/\/www.lvbe.uha.fr\/index.php\/wp-json\/wp\/v2\/pages\/387","targetHints":{"allow":["GET"]}}],"collection":[{"href":"https:\/\/www.lvbe.uha.fr\/index.php\/wp-json\/wp\/v2\/pages"}],"about":[{"href":"https:\/\/www.lvbe.uha.fr\/index.php\/wp-json\/wp\/v2\/types\/page"}],"author":[{"embeddable":true,"href":"https:\/\/www.lvbe.uha.fr\/index.php\/wp-json\/wp\/v2\/users\/1"}],"replies":[{"embeddable":true,"href":"https:\/\/www.lvbe.uha.fr\/index.php\/wp-json\/wp\/v2\/comments?post=387"}],"version-history":[{"count":30,"href":"https:\/\/www.lvbe.uha.fr\/index.php\/wp-json\/wp\/v2\/pages\/387\/revisions"}],"predecessor-version":[{"id":3635,"href":"https:\/\/www.lvbe.uha.fr\/index.php\/wp-json\/wp\/v2\/pages\/387\/revisions\/3635"}],"wp:attachment":[{"href":"https:\/\/www.lvbe.uha.fr\/index.php\/wp-json\/wp\/v2\/media?parent=387"}],"curies":[{"name":"wp","href":"https:\/\/api.w.org\/{rel}","templated":true}]}}