{"id":2537,"date":"2019-10-07T14:57:02","date_gmt":"2019-10-07T12:57:02","guid":{"rendered":"https:\/\/www.lvbe.uha.fr\/?page_id=2537"},"modified":"2024-09-02T09:46:39","modified_gmt":"2024-09-02T07:46:39","slug":"chercheurs-venus-collaborer-au-lvbe","status":"publish","type":"page","link":"https:\/\/www.lvbe.uha.fr\/index.php\/equipe\/chercheurs-venus-collaborer-au-lvbe\/","title":{"rendered":"Chercheurs venus collaborer au LVBE"},"content":{"rendered":"<h3>De nombreux Post-Doc du monde entier viennent parfaire leur formation au sein de l&rsquo;\u00e9quipe du LVBE.<\/h3>\n<p>&nbsp;<\/p>\n<div class=\"su-row\">\n<div class=\"su-column su-column-size-1-2\"><div class=\"su-column-inner su-u-clearfix su-u-trim\">\n<p>Dr. <a href=\"https:\/\/www.lvbe.uha.fr\/index.php\/equipe\/chercheurs-venus-collaborer-au-lvbe\/loriane-merlen\/\">MERLEN Loriane<\/a> 2023 <strong>France<\/strong><\/p>\n<p>Dr. <a href=\"https:\/\/www.lvbe.uha.fr\/index.php\/equipe\/membres-de-lequipe\/dr-samuele-moretti\/\">MORETTI Samuele<\/a> 2022 <strong>Italie<\/strong><\/p>\n<p>Dr. MARTIN Isabelle 2022 <strong>France<\/strong><\/p>\n<p>Dr. <a href=\"https:\/\/www.lvbe.uha.fr\/index.php\/equipe\/chercheurs-venus-collaborer-au-lvbe\/dr-andrea-pacetti\/\">PACETTI Andrea<\/a> 2022 <strong>Italie<\/strong><\/p>\n<p>Dr. COMBIER Maud 2022 <strong>France<\/strong><\/p>\n<p>Dr. <a href=\"https:\/\/www.lvbe.uha.fr\/index.php\/equipe\/chercheurs-venus-collaborer-au-lvbe\/dr-lorene-belval\/\">BELVAL Lor\u00e8ne<\/a> 2020 <strong>France<\/strong><\/p>\n<p>Dr. <a href=\"https:\/\/www.lvbe.uha.fr\/index.php\/equipe\/chercheurs-venus-collaborer-au-lvbe\/dr-peijie-gong\/\">PEIJIE Gong<\/a> 2018 <strong>Chine<\/strong><\/p>\n<p>Dr. <a href=\"https:\/\/www.lvbe.uha.fr\/index.php\/equipe\/chercheurs-venus-collaborer-au-lvbe\/dr-awatef-rezgui\/\">REZGUI Awatef<\/a> 2018 <strong>Tunisie<\/strong><\/p>\n<p>Dr. GUAN Xin 2015 <strong>Chine<\/strong><\/p>\n<p>Dr. ESSAKHI S. 2015 <strong>Maroc<\/strong><\/p>\n<p>Dr. RAMIREZ-SUERO M. 2014 <strong>Mexique<\/strong><\/p>\n<\/div><\/div>\n<div class=\"su-column su-column-size-1-2\"><div class=\"su-column-inner su-u-clearfix su-u-trim\">\n<p><img loading=\"lazy\" decoding=\"async\" class=\"alignright wp-image-2567 size-large\" src=\"https:\/\/www.lvbe.uha.fr\/wp-content\/uploads\/2019\/10\/67CE4CAD-F00E-482E-9B29-7CD34A263333-1024x768.jpeg\" alt=\"\" width=\"750\" height=\"563\" srcset=\"https:\/\/www.lvbe.uha.fr\/wp-content\/uploads\/2019\/10\/67CE4CAD-F00E-482E-9B29-7CD34A263333-1024x768.jpeg 1024w, https:\/\/www.lvbe.uha.fr\/wp-content\/uploads\/2019\/10\/67CE4CAD-F00E-482E-9B29-7CD34A263333-300x225.jpeg 300w, https:\/\/www.lvbe.uha.fr\/wp-content\/uploads\/2019\/10\/67CE4CAD-F00E-482E-9B29-7CD34A263333-768x576.jpeg 768w, https:\/\/www.lvbe.uha.fr\/wp-content\/uploads\/2019\/10\/67CE4CAD-F00E-482E-9B29-7CD34A263333-135x100.jpeg 135w\" sizes=\"auto, (max-width: 750px) 100vw, 750px\" \/><\/p>\n<p>&nbsp;<\/p>\n<\/div><\/div>\n<\/div>\n","protected":false},"excerpt":{"rendered":"<p>De nombreux Post-Doc du monde entier viennent parfaire leur formation au sein de l&rsquo;\u00e9quipe du LVBE. &nbsp;<\/p>\n","protected":false},"author":2,"featured_media":0,"parent":15,"menu_order":3,"comment_status":"closed","ping_status":"closed","template":"","meta":{"footnotes":""},"class_list":["post-2537","page","type-page","status-publish","hentry"],"yoast_head":"<!-- This site is optimized with the Yoast SEO plugin v27.0 - https:\/\/yoast.com\/product\/yoast-seo-wordpress\/ -->\n<title>Chercheurs venus collaborer au LVBE - LVBE - Laboratoire Vigne, Biotechnologies, Environnement | Universit\u00e9 de Haute-Alsace<\/title>\n<meta name=\"robots\" content=\"index, follow, max-snippet:-1, max-image-preview:large, max-video-preview:-1\" \/>\n<link rel=\"canonical\" href=\"https:\/\/www.lvbe.uha.fr\/index.php\/equipe\/chercheurs-venus-collaborer-au-lvbe\/\" \/>\n<meta property=\"og:locale\" content=\"fr_FR\" \/>\n<meta property=\"og:type\" content=\"article\" \/>\n<meta property=\"og:title\" content=\"Chercheurs venus collaborer au LVBE - LVBE - Laboratoire Vigne, Biotechnologies, Environnement | Universit\u00e9 de Haute-Alsace\" \/>\n<meta property=\"og:description\" content=\"De nombreux Post-Doc du monde entier viennent parfaire leur formation au sein de l&rsquo;\u00e9quipe du LVBE. &nbsp;\" \/>\n<meta property=\"og:url\" content=\"https:\/\/www.lvbe.uha.fr\/index.php\/equipe\/chercheurs-venus-collaborer-au-lvbe\/\" \/>\n<meta property=\"og:site_name\" content=\"LVBE - Laboratoire Vigne, Biotechnologies, Environnement | Universit\u00e9 de Haute-Alsace\" \/>\n<meta property=\"article:modified_time\" content=\"2024-09-02T07:46:39+00:00\" \/>\n<meta property=\"og:image\" content=\"https:\/\/www.lvbe.uha.fr\/wp-content\/uploads\/2019\/10\/67CE4CAD-F00E-482E-9B29-7CD34A263333-1024x768.jpeg\" \/>\n<meta name=\"twitter:card\" content=\"summary_large_image\" \/>\n<meta name=\"twitter:label1\" content=\"Dur\u00e9e de lecture estim\u00e9e\" \/>\n\t<meta name=\"twitter:data1\" content=\"1 minute\" \/>\n<script type=\"application\/ld+json\" class=\"yoast-schema-graph\">{\"@context\":\"https:\/\/schema.org\",\"@graph\":[{\"@type\":\"WebPage\",\"@id\":\"https:\/\/www.lvbe.uha.fr\/index.php\/equipe\/chercheurs-venus-collaborer-au-lvbe\/\",\"url\":\"https:\/\/www.lvbe.uha.fr\/index.php\/equipe\/chercheurs-venus-collaborer-au-lvbe\/\",\"name\":\"Chercheurs venus collaborer au LVBE - LVBE - Laboratoire Vigne, Biotechnologies, Environnement | Universit\u00e9 de Haute-Alsace\",\"isPartOf\":{\"@id\":\"https:\/\/www.lvbe.uha.fr\/#website\"},\"primaryImageOfPage\":{\"@id\":\"https:\/\/www.lvbe.uha.fr\/index.php\/equipe\/chercheurs-venus-collaborer-au-lvbe\/#primaryimage\"},\"image\":{\"@id\":\"https:\/\/www.lvbe.uha.fr\/index.php\/equipe\/chercheurs-venus-collaborer-au-lvbe\/#primaryimage\"},\"thumbnailUrl\":\"https:\/\/www.lvbe.uha.fr\/wp-content\/uploads\/2019\/10\/67CE4CAD-F00E-482E-9B29-7CD34A263333-1024x768.jpeg\",\"datePublished\":\"2019-10-07T12:57:02+00:00\",\"dateModified\":\"2024-09-02T07:46:39+00:00\",\"breadcrumb\":{\"@id\":\"https:\/\/www.lvbe.uha.fr\/index.php\/equipe\/chercheurs-venus-collaborer-au-lvbe\/#breadcrumb\"},\"inLanguage\":\"fr-FR\",\"potentialAction\":[{\"@type\":\"ReadAction\",\"target\":[\"https:\/\/www.lvbe.uha.fr\/index.php\/equipe\/chercheurs-venus-collaborer-au-lvbe\/\"]}]},{\"@type\":\"ImageObject\",\"inLanguage\":\"fr-FR\",\"@id\":\"https:\/\/www.lvbe.uha.fr\/index.php\/equipe\/chercheurs-venus-collaborer-au-lvbe\/#primaryimage\",\"url\":\"https:\/\/www.lvbe.uha.fr\/wp-content\/uploads\/2019\/10\/67CE4CAD-F00E-482E-9B29-7CD34A263333-1024x768.jpeg\",\"contentUrl\":\"https:\/\/www.lvbe.uha.fr\/wp-content\/uploads\/2019\/10\/67CE4CAD-F00E-482E-9B29-7CD34A263333-1024x768.jpeg\"},{\"@type\":\"BreadcrumbList\",\"@id\":\"https:\/\/www.lvbe.uha.fr\/index.php\/equipe\/chercheurs-venus-collaborer-au-lvbe\/#breadcrumb\",\"itemListElement\":[{\"@type\":\"ListItem\",\"position\":1,\"name\":\"Accueil\",\"item\":\"https:\/\/www.lvbe.uha.fr\/\"},{\"@type\":\"ListItem\",\"position\":2,\"name\":\"\u00c9quipe\",\"item\":\"https:\/\/www.lvbe.uha.fr\/index.php\/equipe\/\"},{\"@type\":\"ListItem\",\"position\":3,\"name\":\"Chercheurs venus collaborer au LVBE\"}]},{\"@type\":\"WebSite\",\"@id\":\"https:\/\/www.lvbe.uha.fr\/#website\",\"url\":\"https:\/\/www.lvbe.uha.fr\/\",\"name\":\"LVBE - Laboratoire Vigne, Biotechnologies, Environnement | Universit\u00e9 de Haute-Alsace\",\"description\":\"Campus Biop\u00f4le | Universit\u00e9 de Haute-Alsace\",\"potentialAction\":[{\"@type\":\"SearchAction\",\"target\":{\"@type\":\"EntryPoint\",\"urlTemplate\":\"https:\/\/www.lvbe.uha.fr\/?s={search_term_string}\"},\"query-input\":{\"@type\":\"PropertyValueSpecification\",\"valueRequired\":true,\"valueName\":\"search_term_string\"}}],\"inLanguage\":\"fr-FR\"}]}<\/script>\n<!-- \/ Yoast SEO plugin. -->","yoast_head_json":{"title":"Chercheurs venus collaborer au LVBE - LVBE - Laboratoire Vigne, Biotechnologies, Environnement | Universit\u00e9 de Haute-Alsace","robots":{"index":"index","follow":"follow","max-snippet":"max-snippet:-1","max-image-preview":"max-image-preview:large","max-video-preview":"max-video-preview:-1"},"canonical":"https:\/\/www.lvbe.uha.fr\/index.php\/equipe\/chercheurs-venus-collaborer-au-lvbe\/","og_locale":"fr_FR","og_type":"article","og_title":"Chercheurs venus collaborer au LVBE - LVBE - Laboratoire Vigne, Biotechnologies, Environnement | Universit\u00e9 de Haute-Alsace","og_description":"De nombreux Post-Doc du monde entier viennent parfaire leur formation au sein de l&rsquo;\u00e9quipe du LVBE. &nbsp;","og_url":"https:\/\/www.lvbe.uha.fr\/index.php\/equipe\/chercheurs-venus-collaborer-au-lvbe\/","og_site_name":"LVBE - Laboratoire Vigne, Biotechnologies, Environnement | Universit\u00e9 de Haute-Alsace","article_modified_time":"2024-09-02T07:46:39+00:00","og_image":[{"url":"https:\/\/www.lvbe.uha.fr\/wp-content\/uploads\/2019\/10\/67CE4CAD-F00E-482E-9B29-7CD34A263333-1024x768.jpeg","type":"","width":"","height":""}],"twitter_card":"summary_large_image","twitter_misc":{"Dur\u00e9e de lecture estim\u00e9e":"1 minute"},"schema":{"@context":"https:\/\/schema.org","@graph":[{"@type":"WebPage","@id":"https:\/\/www.lvbe.uha.fr\/index.php\/equipe\/chercheurs-venus-collaborer-au-lvbe\/","url":"https:\/\/www.lvbe.uha.fr\/index.php\/equipe\/chercheurs-venus-collaborer-au-lvbe\/","name":"Chercheurs venus collaborer au LVBE - LVBE - Laboratoire Vigne, Biotechnologies, Environnement | Universit\u00e9 de Haute-Alsace","isPartOf":{"@id":"https:\/\/www.lvbe.uha.fr\/#website"},"primaryImageOfPage":{"@id":"https:\/\/www.lvbe.uha.fr\/index.php\/equipe\/chercheurs-venus-collaborer-au-lvbe\/#primaryimage"},"image":{"@id":"https:\/\/www.lvbe.uha.fr\/index.php\/equipe\/chercheurs-venus-collaborer-au-lvbe\/#primaryimage"},"thumbnailUrl":"https:\/\/www.lvbe.uha.fr\/wp-content\/uploads\/2019\/10\/67CE4CAD-F00E-482E-9B29-7CD34A263333-1024x768.jpeg","datePublished":"2019-10-07T12:57:02+00:00","dateModified":"2024-09-02T07:46:39+00:00","breadcrumb":{"@id":"https:\/\/www.lvbe.uha.fr\/index.php\/equipe\/chercheurs-venus-collaborer-au-lvbe\/#breadcrumb"},"inLanguage":"fr-FR","potentialAction":[{"@type":"ReadAction","target":["https:\/\/www.lvbe.uha.fr\/index.php\/equipe\/chercheurs-venus-collaborer-au-lvbe\/"]}]},{"@type":"ImageObject","inLanguage":"fr-FR","@id":"https:\/\/www.lvbe.uha.fr\/index.php\/equipe\/chercheurs-venus-collaborer-au-lvbe\/#primaryimage","url":"https:\/\/www.lvbe.uha.fr\/wp-content\/uploads\/2019\/10\/67CE4CAD-F00E-482E-9B29-7CD34A263333-1024x768.jpeg","contentUrl":"https:\/\/www.lvbe.uha.fr\/wp-content\/uploads\/2019\/10\/67CE4CAD-F00E-482E-9B29-7CD34A263333-1024x768.jpeg"},{"@type":"BreadcrumbList","@id":"https:\/\/www.lvbe.uha.fr\/index.php\/equipe\/chercheurs-venus-collaborer-au-lvbe\/#breadcrumb","itemListElement":[{"@type":"ListItem","position":1,"name":"Accueil","item":"https:\/\/www.lvbe.uha.fr\/"},{"@type":"ListItem","position":2,"name":"\u00c9quipe","item":"https:\/\/www.lvbe.uha.fr\/index.php\/equipe\/"},{"@type":"ListItem","position":3,"name":"Chercheurs venus collaborer au LVBE"}]},{"@type":"WebSite","@id":"https:\/\/www.lvbe.uha.fr\/#website","url":"https:\/\/www.lvbe.uha.fr\/","name":"LVBE - Laboratoire Vigne, Biotechnologies, Environnement | Universit\u00e9 de Haute-Alsace","description":"Campus Biop\u00f4le | Universit\u00e9 de Haute-Alsace","potentialAction":[{"@type":"SearchAction","target":{"@type":"EntryPoint","urlTemplate":"https:\/\/www.lvbe.uha.fr\/?s={search_term_string}"},"query-input":{"@type":"PropertyValueSpecification","valueRequired":true,"valueName":"search_term_string"}}],"inLanguage":"fr-FR"}]}},"_links":{"self":[{"href":"https:\/\/www.lvbe.uha.fr\/index.php\/wp-json\/wp\/v2\/pages\/2537","targetHints":{"allow":["GET"]}}],"collection":[{"href":"https:\/\/www.lvbe.uha.fr\/index.php\/wp-json\/wp\/v2\/pages"}],"about":[{"href":"https:\/\/www.lvbe.uha.fr\/index.php\/wp-json\/wp\/v2\/types\/page"}],"author":[{"embeddable":true,"href":"https:\/\/www.lvbe.uha.fr\/index.php\/wp-json\/wp\/v2\/users\/2"}],"replies":[{"embeddable":true,"href":"https:\/\/www.lvbe.uha.fr\/index.php\/wp-json\/wp\/v2\/comments?post=2537"}],"version-history":[{"count":23,"href":"https:\/\/www.lvbe.uha.fr\/index.php\/wp-json\/wp\/v2\/pages\/2537\/revisions"}],"predecessor-version":[{"id":4495,"href":"https:\/\/www.lvbe.uha.fr\/index.php\/wp-json\/wp\/v2\/pages\/2537\/revisions\/4495"}],"up":[{"embeddable":true,"href":"https:\/\/www.lvbe.uha.fr\/index.php\/wp-json\/wp\/v2\/pages\/15"}],"wp:attachment":[{"href":"https:\/\/www.lvbe.uha.fr\/index.php\/wp-json\/wp\/v2\/media?parent=2537"}],"curies":[{"name":"wp","href":"https:\/\/api.w.org\/{rel}","templated":true}]}}