{"id":2344,"date":"2019-06-28T14:40:41","date_gmt":"2019-06-28T12:40:41","guid":{"rendered":"https:\/\/www.lvbe.uha.fr\/?page_id=2344"},"modified":"2019-06-28T14:41:15","modified_gmt":"2019-06-28T12:41:15","slug":"dr-ludovic-faessel","status":"publish","type":"page","link":"https:\/\/www.lvbe.uha.fr\/index.php\/equipe\/docteurs-es-sciences-formes-au-lvbe\/dr-ludovic-faessel\/","title":{"rendered":"Dr. Ludovic FAESSEL"},"content":{"rendered":"<h2 xml:lang=\"fr\">R\u00e9sistance induite par l\u2019acibenzolar-Sm\u00e9thyl sur soja et cons\u00e9quences sur la rhizosph\u00e8re.<\/h2>\n<p>Soutenue en 2007<\/p>\n<p>Sous la direction de Bernard Walter et de Thierry Lebeau.<\/p>\n<p><span xml:lang=\"fr\">Limiter l&rsquo;impact des pratiques agricoles sur la sant\u00e9 et sur l&rsquo;environnement est une pr\u00e9occupation majeure de notre soci\u00e9t\u00e9. Les recherches en protection des cultures se concentrent actuellement sur le d\u00e9veloppement de nouvelles strat\u00e9gies alternatives ou compl\u00e9mentaires aux produits phytosanitaires. L&rsquo;induction d&rsquo;une r\u00e9sistance apr\u00e8s stimulation des m\u00e9canismes de d\u00e9fenses des plantes \u00e9merge comme une nouvelle strat\u00e9gie en protection des cultures. Ce travail avait pour objectifs d&rsquo;\u00e9valuer l&rsquo;induction d&rsquo;une r\u00e9sistance sur soja par un agent inducteur de r\u00e9sistance, l&rsquo;acibenzolar-S-m\u00e9thyl (ASM), vis-\u00e0-vis de la pourriture de l&rsquo;hypocotyle puis d&rsquo;\u00e9tudier les effets de cette strat\u00e9gie sur la croissance et le d\u00e9veloppement racinaire et sur l&rsquo;efficacit\u00e9 de deux relations symbiotiques du soja : soja-Bradyrhizobium japonicum et soja Glomus mosseae. Nos r\u00e9sultats montrent qu&rsquo;un traitement \u00e0 l&rsquo;ASM par trempage des semences diminue significativement la s\u00e9v\u00e9rit\u00e9 des sympt\u00f4mes de la pourriture de l&rsquo;hypocotyle du soja caus\u00e9e par Rhizoctonia solani AG-4. Cet effet protecteur est la conjonction d&rsquo;une induction des d\u00e9fenses naturelles du soja et d&rsquo;un l\u00e9ger effet fongistatique de l&rsquo;ASM. Cependant, cette strat\u00e9gie peut \u00e9galement occasionner des effets non intentionnels, en modifiant la morphologie du syst\u00e8me racinaire et en inhibant l&rsquo;\u00e9tablissement et l&rsquo;efficacit\u00e9 des symbioses du soja. <\/span><\/p>\n","protected":false},"excerpt":{"rendered":"<p>R\u00e9sistance induite par l\u2019acibenzolar-Sm\u00e9thyl sur soja et cons\u00e9quences sur la rhizosph\u00e8re. Soutenue en 2007 Sous la direction de Bernard Walter et de Thierry Lebeau. Limiter l&rsquo;impact des pratiques agricoles sur la sant\u00e9 et sur l&rsquo;environnement est une pr\u00e9occupation majeure de notre soci\u00e9t\u00e9. Les recherches en protection des cultures se concentrent actuellement sur le d\u00e9veloppement de [&hellip;]<\/p>\n","protected":false},"author":2,"featured_media":0,"parent":1763,"menu_order":0,"comment_status":"closed","ping_status":"closed","template":"","meta":{"footnotes":""},"class_list":["post-2344","page","type-page","status-publish","hentry"],"yoast_head":"<!-- This site is optimized with the Yoast SEO plugin v27.4 - https:\/\/yoast.com\/product\/yoast-seo-wordpress\/ -->\n<title>Dr. Ludovic FAESSEL - LVBE - Laboratoire Vigne, Biotechnologies, Environnement | Universit\u00e9 de Haute-Alsace<\/title>\n<meta name=\"robots\" content=\"index, follow, max-snippet:-1, max-image-preview:large, max-video-preview:-1\" \/>\n<link rel=\"canonical\" href=\"https:\/\/www.lvbe.uha.fr\/index.php\/equipe\/docteurs-es-sciences-formes-au-lvbe\/dr-ludovic-faessel\/\" \/>\n<meta property=\"og:locale\" content=\"fr_FR\" \/>\n<meta property=\"og:type\" content=\"article\" \/>\n<meta property=\"og:title\" content=\"Dr. Ludovic FAESSEL - LVBE - Laboratoire Vigne, Biotechnologies, Environnement | Universit\u00e9 de Haute-Alsace\" \/>\n<meta property=\"og:description\" content=\"R\u00e9sistance induite par l\u2019acibenzolar-Sm\u00e9thyl sur soja et cons\u00e9quences sur la rhizosph\u00e8re. Soutenue en 2007 Sous la direction de Bernard Walter et de Thierry Lebeau. Limiter l&rsquo;impact des pratiques agricoles sur la sant\u00e9 et sur l&rsquo;environnement est une pr\u00e9occupation majeure de notre soci\u00e9t\u00e9. Les recherches en protection des cultures se concentrent actuellement sur le d\u00e9veloppement de [&hellip;]\" \/>\n<meta property=\"og:url\" content=\"https:\/\/www.lvbe.uha.fr\/index.php\/equipe\/docteurs-es-sciences-formes-au-lvbe\/dr-ludovic-faessel\/\" \/>\n<meta property=\"og:site_name\" content=\"LVBE - Laboratoire Vigne, Biotechnologies, Environnement | Universit\u00e9 de Haute-Alsace\" \/>\n<meta property=\"article:modified_time\" content=\"2019-06-28T12:41:15+00:00\" \/>\n<meta name=\"twitter:card\" content=\"summary_large_image\" \/>\n<meta name=\"twitter:label1\" content=\"Dur\u00e9e de lecture estim\u00e9e\" \/>\n\t<meta name=\"twitter:data1\" content=\"1 minute\" \/>\n<script type=\"application\/ld+json\" class=\"yoast-schema-graph\">{\"@context\":\"https:\\\/\\\/schema.org\",\"@graph\":[{\"@type\":\"WebPage\",\"@id\":\"https:\\\/\\\/www.lvbe.uha.fr\\\/index.php\\\/equipe\\\/docteurs-es-sciences-formes-au-lvbe\\\/dr-ludovic-faessel\\\/\",\"url\":\"https:\\\/\\\/www.lvbe.uha.fr\\\/index.php\\\/equipe\\\/docteurs-es-sciences-formes-au-lvbe\\\/dr-ludovic-faessel\\\/\",\"name\":\"Dr. Ludovic FAESSEL - LVBE - Laboratoire Vigne, Biotechnologies, Environnement | Universit\u00e9 de Haute-Alsace\",\"isPartOf\":{\"@id\":\"https:\\\/\\\/www.lvbe.uha.fr\\\/#website\"},\"datePublished\":\"2019-06-28T12:40:41+00:00\",\"dateModified\":\"2019-06-28T12:41:15+00:00\",\"breadcrumb\":{\"@id\":\"https:\\\/\\\/www.lvbe.uha.fr\\\/index.php\\\/equipe\\\/docteurs-es-sciences-formes-au-lvbe\\\/dr-ludovic-faessel\\\/#breadcrumb\"},\"inLanguage\":\"fr-FR\",\"potentialAction\":[{\"@type\":\"ReadAction\",\"target\":[\"https:\\\/\\\/www.lvbe.uha.fr\\\/index.php\\\/equipe\\\/docteurs-es-sciences-formes-au-lvbe\\\/dr-ludovic-faessel\\\/\"]}]},{\"@type\":\"BreadcrumbList\",\"@id\":\"https:\\\/\\\/www.lvbe.uha.fr\\\/index.php\\\/equipe\\\/docteurs-es-sciences-formes-au-lvbe\\\/dr-ludovic-faessel\\\/#breadcrumb\",\"itemListElement\":[{\"@type\":\"ListItem\",\"position\":1,\"name\":\"Accueil\",\"item\":\"https:\\\/\\\/www.lvbe.uha.fr\\\/\"},{\"@type\":\"ListItem\",\"position\":2,\"name\":\"\u00c9quipe\",\"item\":\"https:\\\/\\\/www.lvbe.uha.fr\\\/index.php\\\/equipe\\\/\"},{\"@type\":\"ListItem\",\"position\":3,\"name\":\"Docteurs \u00e8s sciences form\u00e9s au LVBE\",\"item\":\"https:\\\/\\\/www.lvbe.uha.fr\\\/index.php\\\/equipe\\\/docteurs-es-sciences-formes-au-lvbe\\\/\"},{\"@type\":\"ListItem\",\"position\":4,\"name\":\"Dr. Ludovic FAESSEL\"}]},{\"@type\":\"WebSite\",\"@id\":\"https:\\\/\\\/www.lvbe.uha.fr\\\/#website\",\"url\":\"https:\\\/\\\/www.lvbe.uha.fr\\\/\",\"name\":\"LVBE - Laboratoire Vigne, Biotechnologies, Environnement | Universit\u00e9 de Haute-Alsace\",\"description\":\"Campus Biop\u00f4le | Universit\u00e9 de Haute-Alsace\",\"potentialAction\":[{\"@type\":\"SearchAction\",\"target\":{\"@type\":\"EntryPoint\",\"urlTemplate\":\"https:\\\/\\\/www.lvbe.uha.fr\\\/?s={search_term_string}\"},\"query-input\":{\"@type\":\"PropertyValueSpecification\",\"valueRequired\":true,\"valueName\":\"search_term_string\"}}],\"inLanguage\":\"fr-FR\"}]}<\/script>\n<!-- \/ Yoast SEO plugin. -->","yoast_head_json":{"title":"Dr. Ludovic FAESSEL - LVBE - Laboratoire Vigne, Biotechnologies, Environnement | Universit\u00e9 de Haute-Alsace","robots":{"index":"index","follow":"follow","max-snippet":"max-snippet:-1","max-image-preview":"max-image-preview:large","max-video-preview":"max-video-preview:-1"},"canonical":"https:\/\/www.lvbe.uha.fr\/index.php\/equipe\/docteurs-es-sciences-formes-au-lvbe\/dr-ludovic-faessel\/","og_locale":"fr_FR","og_type":"article","og_title":"Dr. Ludovic FAESSEL - LVBE - Laboratoire Vigne, Biotechnologies, Environnement | Universit\u00e9 de Haute-Alsace","og_description":"R\u00e9sistance induite par l\u2019acibenzolar-Sm\u00e9thyl sur soja et cons\u00e9quences sur la rhizosph\u00e8re. Soutenue en 2007 Sous la direction de Bernard Walter et de Thierry Lebeau. Limiter l&rsquo;impact des pratiques agricoles sur la sant\u00e9 et sur l&rsquo;environnement est une pr\u00e9occupation majeure de notre soci\u00e9t\u00e9. Les recherches en protection des cultures se concentrent actuellement sur le d\u00e9veloppement de [&hellip;]","og_url":"https:\/\/www.lvbe.uha.fr\/index.php\/equipe\/docteurs-es-sciences-formes-au-lvbe\/dr-ludovic-faessel\/","og_site_name":"LVBE - Laboratoire Vigne, Biotechnologies, Environnement | Universit\u00e9 de Haute-Alsace","article_modified_time":"2019-06-28T12:41:15+00:00","twitter_card":"summary_large_image","twitter_misc":{"Dur\u00e9e de lecture estim\u00e9e":"1 minute"},"schema":{"@context":"https:\/\/schema.org","@graph":[{"@type":"WebPage","@id":"https:\/\/www.lvbe.uha.fr\/index.php\/equipe\/docteurs-es-sciences-formes-au-lvbe\/dr-ludovic-faessel\/","url":"https:\/\/www.lvbe.uha.fr\/index.php\/equipe\/docteurs-es-sciences-formes-au-lvbe\/dr-ludovic-faessel\/","name":"Dr. Ludovic FAESSEL - LVBE - Laboratoire Vigne, Biotechnologies, Environnement | Universit\u00e9 de Haute-Alsace","isPartOf":{"@id":"https:\/\/www.lvbe.uha.fr\/#website"},"datePublished":"2019-06-28T12:40:41+00:00","dateModified":"2019-06-28T12:41:15+00:00","breadcrumb":{"@id":"https:\/\/www.lvbe.uha.fr\/index.php\/equipe\/docteurs-es-sciences-formes-au-lvbe\/dr-ludovic-faessel\/#breadcrumb"},"inLanguage":"fr-FR","potentialAction":[{"@type":"ReadAction","target":["https:\/\/www.lvbe.uha.fr\/index.php\/equipe\/docteurs-es-sciences-formes-au-lvbe\/dr-ludovic-faessel\/"]}]},{"@type":"BreadcrumbList","@id":"https:\/\/www.lvbe.uha.fr\/index.php\/equipe\/docteurs-es-sciences-formes-au-lvbe\/dr-ludovic-faessel\/#breadcrumb","itemListElement":[{"@type":"ListItem","position":1,"name":"Accueil","item":"https:\/\/www.lvbe.uha.fr\/"},{"@type":"ListItem","position":2,"name":"\u00c9quipe","item":"https:\/\/www.lvbe.uha.fr\/index.php\/equipe\/"},{"@type":"ListItem","position":3,"name":"Docteurs \u00e8s sciences form\u00e9s au LVBE","item":"https:\/\/www.lvbe.uha.fr\/index.php\/equipe\/docteurs-es-sciences-formes-au-lvbe\/"},{"@type":"ListItem","position":4,"name":"Dr. Ludovic FAESSEL"}]},{"@type":"WebSite","@id":"https:\/\/www.lvbe.uha.fr\/#website","url":"https:\/\/www.lvbe.uha.fr\/","name":"LVBE - Laboratoire Vigne, Biotechnologies, Environnement | Universit\u00e9 de Haute-Alsace","description":"Campus Biop\u00f4le | Universit\u00e9 de Haute-Alsace","potentialAction":[{"@type":"SearchAction","target":{"@type":"EntryPoint","urlTemplate":"https:\/\/www.lvbe.uha.fr\/?s={search_term_string}"},"query-input":{"@type":"PropertyValueSpecification","valueRequired":true,"valueName":"search_term_string"}}],"inLanguage":"fr-FR"}]}},"_links":{"self":[{"href":"https:\/\/www.lvbe.uha.fr\/index.php\/wp-json\/wp\/v2\/pages\/2344","targetHints":{"allow":["GET"]}}],"collection":[{"href":"https:\/\/www.lvbe.uha.fr\/index.php\/wp-json\/wp\/v2\/pages"}],"about":[{"href":"https:\/\/www.lvbe.uha.fr\/index.php\/wp-json\/wp\/v2\/types\/page"}],"author":[{"embeddable":true,"href":"https:\/\/www.lvbe.uha.fr\/index.php\/wp-json\/wp\/v2\/users\/2"}],"replies":[{"embeddable":true,"href":"https:\/\/www.lvbe.uha.fr\/index.php\/wp-json\/wp\/v2\/comments?post=2344"}],"version-history":[{"count":4,"href":"https:\/\/www.lvbe.uha.fr\/index.php\/wp-json\/wp\/v2\/pages\/2344\/revisions"}],"predecessor-version":[{"id":2348,"href":"https:\/\/www.lvbe.uha.fr\/index.php\/wp-json\/wp\/v2\/pages\/2344\/revisions\/2348"}],"up":[{"embeddable":true,"href":"https:\/\/www.lvbe.uha.fr\/index.php\/wp-json\/wp\/v2\/pages\/1763"}],"wp:attachment":[{"href":"https:\/\/www.lvbe.uha.fr\/index.php\/wp-json\/wp\/v2\/media?parent=2344"}],"curies":[{"name":"wp","href":"https:\/\/api.w.org\/{rel}","templated":true}]}}