{"id":1763,"date":"2018-06-12T16:58:59","date_gmt":"2018-06-12T14:58:59","guid":{"rendered":"https:\/\/www.lvbe.uha.fr\/\/?page_id=1763"},"modified":"2025-09-05T15:06:49","modified_gmt":"2025-09-05T13:06:49","slug":"docteurs-es-sciences-formes-au-lvbe","status":"publish","type":"page","link":"https:\/\/www.lvbe.uha.fr\/index.php\/equipe\/docteurs-es-sciences-formes-au-lvbe\/","title":{"rendered":"Docteurs \u00e8s sciences form\u00e9s au LVBE"},"content":{"rendered":"<p style=\"text-align: left;\">Vous trouverez ici tous les doctorants ayants soutenus leur th\u00e8se au LVBE ainsi que leur r\u00e9sum\u00e9 de th\u00e8se vous permettant ainsi d&rsquo;avoir une vue d&rsquo;ensemble de l&rsquo;\u00e9volution des sujets de recherche du LVBE au fil du temps.<\/p>\n<div class=\"su-row\">\n<div class=\"su-column su-column-size-1-4\"><div class=\"su-column-inner su-u-clearfix su-u-trim\">\n<p><a href=\"https:\/\/www.lvbe.uha.fr\/index.php\/equipe\/docteurs-es-sciences-formes-au-lvbe\/dr-alessandro-puca\/\">Dr Alessandro PUCA<\/a><\/p>\n<p>Juillet 2025<\/p>\n<p><a href=\"https:\/\/www.lvbe.uha.fr\/index.php\/equipe\/docteurs-es-sciences-formes-au-lvbe\/dr-alexia-grau\/\">Dr. Alexia GRAU<\/a><\/p>\n<p>D\u00e9cembre 2024<\/p>\n<p><a href=\"https:\/\/www.lvbe.uha.fr\/index.php\/equipe\/docteurs-es-sciences-formes-au-lvbe\/dr-marion-schilling\/\">Dr. Marion SCHILLING<\/a><\/p>\n<p>D\u00e9cembre 2022<\/p>\n<p><a href=\"https:\/\/www.lvbe.uha.fr\/index.php\/equipe\/docteurs-es-sciences-formes-au-lvbe\/dr-loriane-merlen\/\">Dr. Loriane MERLEN<\/a><\/p>\n<p>novembre 2022<\/p>\n<p><a href=\"https:\/\/www.lvbe.uha.fr\/index.php\/equipe\/docteurs-es-sciences-formes-au-lvbe\/dr-andrea-pacetti\/\">Dr. Andrea Pacetti<\/a><\/p>\n<p>juillet 2022<\/p>\n<p><a href=\"https:\/\/www.lvbe.uha.fr\/index.php\/equipe\/docteurs-es-sciences-formes-au-lvbe\/dr-clement-labois\/\">Dr. Cl\u00e9ment LABOIS<\/a><\/p>\n<p>d\u00e9cembre 2020<\/p>\n<p><a href=\"https:\/\/www.lvbe.uha.fr\/\/index.php\/dr-eloise-meteier\/\">Dr. \u00c9lo\u00efse METEIER <\/a><br \/>\njuillet 2019<\/p>\n<p><a href=\"https:\/\/www.lvbe.uha.fr\/\/index.php\/equipe\/dr-elodie-stempien-2\/\">Dr. \u00c9lodie STEMPIEN<\/a><br \/>\njuillet 2017<\/p>\n<p><a href=\"https:\/\/www.lvbe.uha.fr\/\/index.php\/equipe\/dr-nicolas-thevenin\/\">Dr. Nicolas TH\u00c9VENIN<\/a><br \/>\njuillet 2016<\/p>\n<p><a href=\"https:\/\/www.lvbe.uha.fr\/\/index.php\/equipe\/dr-sebastien-bruisson\/\">Dr. S\u00e9bastien BRUISSON<\/a><br \/>\navril 2015<\/p>\n<\/div><\/div>\n<div class=\"su-column su-column-size-1-4\"><div class=\"su-column-inner su-u-clearfix su-u-trim\">\n<p><a href=\"https:\/\/www.lvbe.uha.fr\/\/index.php\/equipe\/dr-juan-ocana\/\">Dr. Juan OCA\u00d1A<\/a><br \/>\nseptembre 2014<\/p>\n<p><a href=\"https:\/\/www.lvbe.uha.fr\/\/index.php\/equipe\/dr-flora-pensec\/\">Dr. Flora PENSEC<\/a><br \/>\nnovembre 2013<\/p>\n<p><a href=\"https:\/\/www.lvbe.uha.fr\/\/index.php\/equipe\/dr-camille-secher\/\">Dr. Camille S\u00c9CHER<\/a><br \/>\njuin 2012<\/p>\n<p><a href=\"https:\/\/www.lvbe.uha.fr\/\/index.php\/equipe\/dr-noemie-jelly\/\">Dr. No\u00e9mie JELLY<\/a><br \/>\nd\u00e9cembre 2011<\/p>\n<p><a href=\"https:\/\/www.lvbe.uha.fr\/\/index.php\/equipe\/dr-melanie-benard-gellon\/\">Dr. M\u00e9lanie B\u00c9NARD<\/a><br \/>\nnovembre 2011<\/p>\n<p><a href=\"https:\/\/www.lvbe.uha.fr\/\/index.php\/equipe\/dr-sylvain-lebel\/\">Dr. Sylvain LEBEL<\/a><br \/>\nd\u00e9cembre 2010<\/p>\n<p><a href=\"https:\/\/www.lvbe.uha.fr\/\/index.php\/equipe\/dr-karine-bergeault\/\">Dr. Karine BERGEAULT<\/a><br \/>\nnovembre 2010<\/p>\n<p><a href=\"https:\/\/www.lvbe.uha.fr\/\/index.php\/equipe\/dr-david-huguenot\/\">Dr. David HUGUENOT<\/a><br \/>\njuillet 2010<\/p>\n<p><a href=\"https:\/\/www.lvbe.uha.fr\/\/index.php\/equipe\/dr-paul-bois\/\">Dr. Paul BOIS<\/a><br \/>\nmai 2010<\/p>\n<p><a href=\"https:\/\/www.lvbe.uha.fr\/\/index.php\/equipe\/dr-gaelle-le-henanff\/\">Dr. Ga\u00eblle LE H\u00c9NANFF<\/a><br \/>\nseptembre 2009<\/p>\n<p><a href=\"https:\/\/www.lvbe.uha.fr\/index.php\/equipe\/docteurs-es-sciences-formes-au-lvbe\/dr-ludovic-faessel\/\">Dr. Ludovic FAESSEL<\/a><br \/>\n2007<br \/>\n<\/div><\/div>\n<div class=\"su-column su-column-size-2-4\"><div class=\"su-column-inner su-u-clearfix su-u-trim\">\n<img loading=\"lazy\" decoding=\"async\" class=\"wp-image-46 alignleft\" src=\"https:\/\/www.lvbe.uha.fr\/\/wp-content\/uploads\/2018\/04\/87BE5B39-0F91-4918-860D-22201EB3541B-1024x642.jpeg\" alt=\"\" width=\"500\" height=\"314\" srcset=\"https:\/\/www.lvbe.uha.fr\/wp-content\/uploads\/2018\/04\/87BE5B39-0F91-4918-860D-22201EB3541B-1024x642.jpeg 1024w, https:\/\/www.lvbe.uha.fr\/wp-content\/uploads\/2018\/04\/87BE5B39-0F91-4918-860D-22201EB3541B-300x188.jpeg 300w, https:\/\/www.lvbe.uha.fr\/wp-content\/uploads\/2018\/04\/87BE5B39-0F91-4918-860D-22201EB3541B-768x482.jpeg 768w\" sizes=\"auto, (max-width: 500px) 100vw, 500px\" \/><br \/>\n<\/div><\/div>\n<\/div>\n","protected":false},"excerpt":{"rendered":"<p>Vous trouverez ici tous les doctorants ayants soutenus leur th\u00e8se au LVBE ainsi que leur r\u00e9sum\u00e9 de th\u00e8se vous permettant ainsi d&rsquo;avoir une vue d&rsquo;ensemble de l&rsquo;\u00e9volution des sujets de recherche du LVBE au fil du temps.<\/p>\n","protected":false},"author":1,"featured_media":0,"parent":15,"menu_order":2,"comment_status":"closed","ping_status":"closed","template":"","meta":{"footnotes":""},"class_list":["post-1763","page","type-page","status-publish","hentry"],"yoast_head":"<!-- This site is optimized with the Yoast SEO plugin v27.4 - https:\/\/yoast.com\/product\/yoast-seo-wordpress\/ -->\n<title>Docteurs \u00e8s sciences form\u00e9s au LVBE - LVBE - Laboratoire Vigne, Biotechnologies, Environnement | Universit\u00e9 de Haute-Alsace<\/title>\n<meta name=\"robots\" content=\"index, follow, max-snippet:-1, max-image-preview:large, max-video-preview:-1\" \/>\n<link rel=\"canonical\" href=\"https:\/\/www.lvbe.uha.fr\/index.php\/equipe\/docteurs-es-sciences-formes-au-lvbe\/\" \/>\n<meta property=\"og:locale\" content=\"fr_FR\" \/>\n<meta property=\"og:type\" content=\"article\" \/>\n<meta property=\"og:title\" content=\"Docteurs \u00e8s sciences form\u00e9s au LVBE - LVBE - Laboratoire Vigne, Biotechnologies, Environnement | Universit\u00e9 de Haute-Alsace\" \/>\n<meta property=\"og:description\" content=\"Vous trouverez ici tous les doctorants ayants soutenus leur th\u00e8se au LVBE ainsi que leur r\u00e9sum\u00e9 de th\u00e8se vous permettant ainsi d&rsquo;avoir une vue d&rsquo;ensemble de l&rsquo;\u00e9volution des sujets de recherche du LVBE au fil du temps.\" \/>\n<meta property=\"og:url\" content=\"https:\/\/www.lvbe.uha.fr\/index.php\/equipe\/docteurs-es-sciences-formes-au-lvbe\/\" \/>\n<meta property=\"og:site_name\" content=\"LVBE - Laboratoire Vigne, Biotechnologies, Environnement | Universit\u00e9 de Haute-Alsace\" \/>\n<meta property=\"article:modified_time\" content=\"2025-09-05T13:06:49+00:00\" \/>\n<meta property=\"og:image\" content=\"https:\/\/www.lvbe.uha.fr\/wp-content\/uploads\/2018\/04\/87BE5B39-0F91-4918-860D-22201EB3541B.jpeg\" \/>\n\t<meta property=\"og:image:width\" content=\"2172\" \/>\n\t<meta property=\"og:image:height\" content=\"1362\" \/>\n\t<meta property=\"og:image:type\" content=\"image\/jpeg\" \/>\n<meta name=\"twitter:card\" content=\"summary_large_image\" \/>\n<meta name=\"twitter:label1\" content=\"Dur\u00e9e de lecture estim\u00e9e\" \/>\n\t<meta name=\"twitter:data1\" content=\"2 minutes\" \/>\n<script type=\"application\/ld+json\" class=\"yoast-schema-graph\">{\"@context\":\"https:\\\/\\\/schema.org\",\"@graph\":[{\"@type\":\"WebPage\",\"@id\":\"https:\\\/\\\/www.lvbe.uha.fr\\\/index.php\\\/equipe\\\/docteurs-es-sciences-formes-au-lvbe\\\/\",\"url\":\"https:\\\/\\\/www.lvbe.uha.fr\\\/index.php\\\/equipe\\\/docteurs-es-sciences-formes-au-lvbe\\\/\",\"name\":\"Docteurs \u00e8s sciences form\u00e9s au LVBE - LVBE - Laboratoire Vigne, Biotechnologies, Environnement | Universit\u00e9 de Haute-Alsace\",\"isPartOf\":{\"@id\":\"https:\\\/\\\/www.lvbe.uha.fr\\\/#website\"},\"primaryImageOfPage\":{\"@id\":\"https:\\\/\\\/www.lvbe.uha.fr\\\/index.php\\\/equipe\\\/docteurs-es-sciences-formes-au-lvbe\\\/#primaryimage\"},\"image\":{\"@id\":\"https:\\\/\\\/www.lvbe.uha.fr\\\/index.php\\\/equipe\\\/docteurs-es-sciences-formes-au-lvbe\\\/#primaryimage\"},\"thumbnailUrl\":\"https:\\\/\\\/www.lvbe.uha.fr\\\/\\\/wp-content\\\/uploads\\\/2018\\\/04\\\/87BE5B39-0F91-4918-860D-22201EB3541B-1024x642.jpeg\",\"datePublished\":\"2018-06-12T14:58:59+00:00\",\"dateModified\":\"2025-09-05T13:06:49+00:00\",\"breadcrumb\":{\"@id\":\"https:\\\/\\\/www.lvbe.uha.fr\\\/index.php\\\/equipe\\\/docteurs-es-sciences-formes-au-lvbe\\\/#breadcrumb\"},\"inLanguage\":\"fr-FR\",\"potentialAction\":[{\"@type\":\"ReadAction\",\"target\":[\"https:\\\/\\\/www.lvbe.uha.fr\\\/index.php\\\/equipe\\\/docteurs-es-sciences-formes-au-lvbe\\\/\"]}]},{\"@type\":\"ImageObject\",\"inLanguage\":\"fr-FR\",\"@id\":\"https:\\\/\\\/www.lvbe.uha.fr\\\/index.php\\\/equipe\\\/docteurs-es-sciences-formes-au-lvbe\\\/#primaryimage\",\"url\":\"https:\\\/\\\/www.lvbe.uha.fr\\\/\\\/wp-content\\\/uploads\\\/2018\\\/04\\\/87BE5B39-0F91-4918-860D-22201EB3541B-1024x642.jpeg\",\"contentUrl\":\"https:\\\/\\\/www.lvbe.uha.fr\\\/\\\/wp-content\\\/uploads\\\/2018\\\/04\\\/87BE5B39-0F91-4918-860D-22201EB3541B-1024x642.jpeg\"},{\"@type\":\"BreadcrumbList\",\"@id\":\"https:\\\/\\\/www.lvbe.uha.fr\\\/index.php\\\/equipe\\\/docteurs-es-sciences-formes-au-lvbe\\\/#breadcrumb\",\"itemListElement\":[{\"@type\":\"ListItem\",\"position\":1,\"name\":\"Accueil\",\"item\":\"https:\\\/\\\/www.lvbe.uha.fr\\\/\"},{\"@type\":\"ListItem\",\"position\":2,\"name\":\"\u00c9quipe\",\"item\":\"https:\\\/\\\/www.lvbe.uha.fr\\\/index.php\\\/equipe\\\/\"},{\"@type\":\"ListItem\",\"position\":3,\"name\":\"Docteurs \u00e8s sciences form\u00e9s au LVBE\"}]},{\"@type\":\"WebSite\",\"@id\":\"https:\\\/\\\/www.lvbe.uha.fr\\\/#website\",\"url\":\"https:\\\/\\\/www.lvbe.uha.fr\\\/\",\"name\":\"LVBE - Laboratoire Vigne, Biotechnologies, Environnement | Universit\u00e9 de Haute-Alsace\",\"description\":\"Campus Biop\u00f4le | Universit\u00e9 de Haute-Alsace\",\"potentialAction\":[{\"@type\":\"SearchAction\",\"target\":{\"@type\":\"EntryPoint\",\"urlTemplate\":\"https:\\\/\\\/www.lvbe.uha.fr\\\/?s={search_term_string}\"},\"query-input\":{\"@type\":\"PropertyValueSpecification\",\"valueRequired\":true,\"valueName\":\"search_term_string\"}}],\"inLanguage\":\"fr-FR\"}]}<\/script>\n<!-- \/ Yoast SEO plugin. -->","yoast_head_json":{"title":"Docteurs \u00e8s sciences form\u00e9s au LVBE - LVBE - Laboratoire Vigne, Biotechnologies, Environnement | Universit\u00e9 de Haute-Alsace","robots":{"index":"index","follow":"follow","max-snippet":"max-snippet:-1","max-image-preview":"max-image-preview:large","max-video-preview":"max-video-preview:-1"},"canonical":"https:\/\/www.lvbe.uha.fr\/index.php\/equipe\/docteurs-es-sciences-formes-au-lvbe\/","og_locale":"fr_FR","og_type":"article","og_title":"Docteurs \u00e8s sciences form\u00e9s au LVBE - LVBE - Laboratoire Vigne, Biotechnologies, Environnement | Universit\u00e9 de Haute-Alsace","og_description":"Vous trouverez ici tous les doctorants ayants soutenus leur th\u00e8se au LVBE ainsi que leur r\u00e9sum\u00e9 de th\u00e8se vous permettant ainsi d&rsquo;avoir une vue d&rsquo;ensemble de l&rsquo;\u00e9volution des sujets de recherche du LVBE au fil du temps.","og_url":"https:\/\/www.lvbe.uha.fr\/index.php\/equipe\/docteurs-es-sciences-formes-au-lvbe\/","og_site_name":"LVBE - Laboratoire Vigne, Biotechnologies, Environnement | Universit\u00e9 de Haute-Alsace","article_modified_time":"2025-09-05T13:06:49+00:00","og_image":[{"width":2172,"height":1362,"url":"https:\/\/www.lvbe.uha.fr\/wp-content\/uploads\/2018\/04\/87BE5B39-0F91-4918-860D-22201EB3541B.jpeg","type":"image\/jpeg"}],"twitter_card":"summary_large_image","twitter_misc":{"Dur\u00e9e de lecture estim\u00e9e":"2 minutes"},"schema":{"@context":"https:\/\/schema.org","@graph":[{"@type":"WebPage","@id":"https:\/\/www.lvbe.uha.fr\/index.php\/equipe\/docteurs-es-sciences-formes-au-lvbe\/","url":"https:\/\/www.lvbe.uha.fr\/index.php\/equipe\/docteurs-es-sciences-formes-au-lvbe\/","name":"Docteurs \u00e8s sciences form\u00e9s au LVBE - LVBE - Laboratoire Vigne, Biotechnologies, Environnement | Universit\u00e9 de Haute-Alsace","isPartOf":{"@id":"https:\/\/www.lvbe.uha.fr\/#website"},"primaryImageOfPage":{"@id":"https:\/\/www.lvbe.uha.fr\/index.php\/equipe\/docteurs-es-sciences-formes-au-lvbe\/#primaryimage"},"image":{"@id":"https:\/\/www.lvbe.uha.fr\/index.php\/equipe\/docteurs-es-sciences-formes-au-lvbe\/#primaryimage"},"thumbnailUrl":"https:\/\/www.lvbe.uha.fr\/\/wp-content\/uploads\/2018\/04\/87BE5B39-0F91-4918-860D-22201EB3541B-1024x642.jpeg","datePublished":"2018-06-12T14:58:59+00:00","dateModified":"2025-09-05T13:06:49+00:00","breadcrumb":{"@id":"https:\/\/www.lvbe.uha.fr\/index.php\/equipe\/docteurs-es-sciences-formes-au-lvbe\/#breadcrumb"},"inLanguage":"fr-FR","potentialAction":[{"@type":"ReadAction","target":["https:\/\/www.lvbe.uha.fr\/index.php\/equipe\/docteurs-es-sciences-formes-au-lvbe\/"]}]},{"@type":"ImageObject","inLanguage":"fr-FR","@id":"https:\/\/www.lvbe.uha.fr\/index.php\/equipe\/docteurs-es-sciences-formes-au-lvbe\/#primaryimage","url":"https:\/\/www.lvbe.uha.fr\/\/wp-content\/uploads\/2018\/04\/87BE5B39-0F91-4918-860D-22201EB3541B-1024x642.jpeg","contentUrl":"https:\/\/www.lvbe.uha.fr\/\/wp-content\/uploads\/2018\/04\/87BE5B39-0F91-4918-860D-22201EB3541B-1024x642.jpeg"},{"@type":"BreadcrumbList","@id":"https:\/\/www.lvbe.uha.fr\/index.php\/equipe\/docteurs-es-sciences-formes-au-lvbe\/#breadcrumb","itemListElement":[{"@type":"ListItem","position":1,"name":"Accueil","item":"https:\/\/www.lvbe.uha.fr\/"},{"@type":"ListItem","position":2,"name":"\u00c9quipe","item":"https:\/\/www.lvbe.uha.fr\/index.php\/equipe\/"},{"@type":"ListItem","position":3,"name":"Docteurs \u00e8s sciences form\u00e9s au LVBE"}]},{"@type":"WebSite","@id":"https:\/\/www.lvbe.uha.fr\/#website","url":"https:\/\/www.lvbe.uha.fr\/","name":"LVBE - Laboratoire Vigne, Biotechnologies, Environnement | Universit\u00e9 de Haute-Alsace","description":"Campus Biop\u00f4le | Universit\u00e9 de Haute-Alsace","potentialAction":[{"@type":"SearchAction","target":{"@type":"EntryPoint","urlTemplate":"https:\/\/www.lvbe.uha.fr\/?s={search_term_string}"},"query-input":{"@type":"PropertyValueSpecification","valueRequired":true,"valueName":"search_term_string"}}],"inLanguage":"fr-FR"}]}},"_links":{"self":[{"href":"https:\/\/www.lvbe.uha.fr\/index.php\/wp-json\/wp\/v2\/pages\/1763","targetHints":{"allow":["GET"]}}],"collection":[{"href":"https:\/\/www.lvbe.uha.fr\/index.php\/wp-json\/wp\/v2\/pages"}],"about":[{"href":"https:\/\/www.lvbe.uha.fr\/index.php\/wp-json\/wp\/v2\/types\/page"}],"author":[{"embeddable":true,"href":"https:\/\/www.lvbe.uha.fr\/index.php\/wp-json\/wp\/v2\/users\/1"}],"replies":[{"embeddable":true,"href":"https:\/\/www.lvbe.uha.fr\/index.php\/wp-json\/wp\/v2\/comments?post=1763"}],"version-history":[{"count":45,"href":"https:\/\/www.lvbe.uha.fr\/index.php\/wp-json\/wp\/v2\/pages\/1763\/revisions"}],"predecessor-version":[{"id":4003,"href":"https:\/\/www.lvbe.uha.fr\/index.php\/wp-json\/wp\/v2\/pages\/1763\/revisions\/4003"}],"up":[{"embeddable":true,"href":"https:\/\/www.lvbe.uha.fr\/index.php\/wp-json\/wp\/v2\/pages\/15"}],"wp:attachment":[{"href":"https:\/\/www.lvbe.uha.fr\/index.php\/wp-json\/wp\/v2\/media?parent=1763"}],"curies":[{"name":"wp","href":"https:\/\/api.w.org\/{rel}","templated":true}]}}