{"id":107,"date":"2018-04-06T15:55:42","date_gmt":"2018-04-06T13:55:42","guid":{"rendered":"https:\/\/www.lvbe.uha.fr\/\/?page_id=107"},"modified":"2022-03-10T09:30:34","modified_gmt":"2022-03-10T08:30:34","slug":"dr-sebastien-bruisson","status":"publish","type":"page","link":"https:\/\/www.lvbe.uha.fr\/index.php\/equipe\/docteurs-es-sciences-formes-au-lvbe\/dr-sebastien-bruisson\/","title":{"rendered":"Dr. S\u00e9bastien BRUISSON"},"content":{"rendered":"<h2>Potentialisation de r\u00e9actions de d\u00e9fense suite \u00e0 la mycorhization de la Vigne et effets sur la production de stilb\u00e8nes.<\/h2>\n<p>Soutenue en avril 2015.<br \/>\nDirecteur de th\u00e8se : Pr. Bernard Walter<br \/>\nCo-encadrantes : Pascale Maillot et Laurence Degl\u00e8ne-Benbrahim.<\/p>\n<p>La lutte chimique est largement utilis\u00e9e pour limiter l\u2019impact des principales maladies de la vigne, cependant les produits phytosanitaires les plus efficaces se r\u00e9v\u00e8lent toxiques pour l\u2019environnement et le consommateur.<\/p>\n<p>Le travail pr\u00e9sent\u00e9 dans cette th\u00e8se explore la piste de l\u2019utilisation d\u2019AMF (Arbuscular Mycorrhizal Fungi = champignons mycorhizog\u00e8nes \u00e0 arbuscules), pour obtenir des plants moins sensibles aux maladies. Ces AMF ont naturellement la capacit\u00e9 de s\u2019associer avec les racines de nombreuses esp\u00e8ces v\u00e9g\u00e9tales, dont la vigne, pour former une symbiose, dont l\u2019un des effets est la mise en place d\u2019une r\u00e9sistance induite appel\u00e9e MIR (Mycorrhiza-Induced Resistance). Celle-ci se manifeste par la stimulation et\/ou la potentialisation de voies de d\u00e9fense. La potentialisation se caract\u00e9rise par un recrutement plus rapide et plus fort des d\u00e9fenses lorsque la plante est confront\u00e9e \u00e0 un pathog\u00e8ne.<\/p>\n<p>Des analyses par qRT-PCR mettent en \u00e9vidence que la pr\u00e9sence d\u2019AMF dans la plante permet de potentialiser l\u2019expression de plusieurs g\u00e8nes de d\u00e9fense au niveau des feuilles et des racines (Pinot noir greff\u00e9 sur 41B), comme r\u00e9v\u00e9l\u00e9 apr\u00e8s traitement foliaire par le Bion\u00ae, un \u00e9liciteur chimique analogue de l\u2019acide salicylique, ou infection par les pathog\u00e8nes <em>P. viticola<\/em> et <em>B. cinerea<\/em>. De plus, des dosages par HPLC permettent d\u2019observer des concentrations de compos\u00e9s stilb\u00e9niques (pic\u00e9ide, resv\u00e9ratrol, vinif\u00e9rines et pt\u00e9rostilb\u00e8ne) plus \u00e9lev\u00e9es dans les feuilles de plants mycorhiz\u00e9s, suite \u00e0 une infection par ces deux pathog\u00e8nes.<\/p>\n","protected":false},"excerpt":{"rendered":"<p>Potentialisation de r\u00e9actions de d\u00e9fense suite \u00e0 la mycorhization de la Vigne et effets sur la production de stilb\u00e8nes. Soutenue en avril 2015. Directeur de th\u00e8se : Pr. Bernard Walter Co-encadrantes : Pascale Maillot et Laurence Degl\u00e8ne-Benbrahim. La lutte chimique est largement utilis\u00e9e pour limiter l\u2019impact des principales maladies de la vigne, cependant les produits [&hellip;]<\/p>\n","protected":false},"author":2,"featured_media":0,"parent":1763,"menu_order":0,"comment_status":"closed","ping_status":"closed","template":"","meta":{"footnotes":""},"class_list":["post-107","page","type-page","status-publish","hentry"],"yoast_head":"<!-- This site is optimized with the Yoast SEO plugin v27.4 - https:\/\/yoast.com\/product\/yoast-seo-wordpress\/ -->\n<title>Dr. S\u00e9bastien BRUISSON - LVBE - Laboratoire Vigne, Biotechnologies, Environnement | Universit\u00e9 de Haute-Alsace<\/title>\n<meta name=\"robots\" content=\"index, follow, max-snippet:-1, max-image-preview:large, max-video-preview:-1\" \/>\n<link rel=\"canonical\" href=\"https:\/\/www.lvbe.uha.fr\/index.php\/equipe\/docteurs-es-sciences-formes-au-lvbe\/dr-sebastien-bruisson\/\" \/>\n<meta property=\"og:locale\" content=\"fr_FR\" \/>\n<meta property=\"og:type\" content=\"article\" \/>\n<meta property=\"og:title\" content=\"Dr. S\u00e9bastien BRUISSON - LVBE - Laboratoire Vigne, Biotechnologies, Environnement | Universit\u00e9 de Haute-Alsace\" \/>\n<meta property=\"og:description\" content=\"Potentialisation de r\u00e9actions de d\u00e9fense suite \u00e0 la mycorhization de la Vigne et effets sur la production de stilb\u00e8nes. Soutenue en avril 2015. Directeur de th\u00e8se : Pr. Bernard Walter Co-encadrantes : Pascale Maillot et Laurence Degl\u00e8ne-Benbrahim. La lutte chimique est largement utilis\u00e9e pour limiter l\u2019impact des principales maladies de la vigne, cependant les produits [&hellip;]\" \/>\n<meta property=\"og:url\" content=\"https:\/\/www.lvbe.uha.fr\/index.php\/equipe\/docteurs-es-sciences-formes-au-lvbe\/dr-sebastien-bruisson\/\" \/>\n<meta property=\"og:site_name\" content=\"LVBE - Laboratoire Vigne, Biotechnologies, Environnement | Universit\u00e9 de Haute-Alsace\" \/>\n<meta property=\"article:modified_time\" content=\"2022-03-10T08:30:34+00:00\" \/>\n<meta name=\"twitter:card\" content=\"summary_large_image\" \/>\n<meta name=\"twitter:label1\" content=\"Dur\u00e9e de lecture estim\u00e9e\" \/>\n\t<meta name=\"twitter:data1\" content=\"2 minutes\" \/>\n<script type=\"application\/ld+json\" class=\"yoast-schema-graph\">{\"@context\":\"https:\\\/\\\/schema.org\",\"@graph\":[{\"@type\":\"WebPage\",\"@id\":\"https:\\\/\\\/www.lvbe.uha.fr\\\/index.php\\\/equipe\\\/docteurs-es-sciences-formes-au-lvbe\\\/dr-sebastien-bruisson\\\/\",\"url\":\"https:\\\/\\\/www.lvbe.uha.fr\\\/index.php\\\/equipe\\\/docteurs-es-sciences-formes-au-lvbe\\\/dr-sebastien-bruisson\\\/\",\"name\":\"Dr. S\u00e9bastien BRUISSON - LVBE - Laboratoire Vigne, Biotechnologies, Environnement | Universit\u00e9 de Haute-Alsace\",\"isPartOf\":{\"@id\":\"https:\\\/\\\/www.lvbe.uha.fr\\\/#website\"},\"datePublished\":\"2018-04-06T13:55:42+00:00\",\"dateModified\":\"2022-03-10T08:30:34+00:00\",\"breadcrumb\":{\"@id\":\"https:\\\/\\\/www.lvbe.uha.fr\\\/index.php\\\/equipe\\\/docteurs-es-sciences-formes-au-lvbe\\\/dr-sebastien-bruisson\\\/#breadcrumb\"},\"inLanguage\":\"fr-FR\",\"potentialAction\":[{\"@type\":\"ReadAction\",\"target\":[\"https:\\\/\\\/www.lvbe.uha.fr\\\/index.php\\\/equipe\\\/docteurs-es-sciences-formes-au-lvbe\\\/dr-sebastien-bruisson\\\/\"]}]},{\"@type\":\"BreadcrumbList\",\"@id\":\"https:\\\/\\\/www.lvbe.uha.fr\\\/index.php\\\/equipe\\\/docteurs-es-sciences-formes-au-lvbe\\\/dr-sebastien-bruisson\\\/#breadcrumb\",\"itemListElement\":[{\"@type\":\"ListItem\",\"position\":1,\"name\":\"Accueil\",\"item\":\"https:\\\/\\\/www.lvbe.uha.fr\\\/\"},{\"@type\":\"ListItem\",\"position\":2,\"name\":\"\u00c9quipe\",\"item\":\"https:\\\/\\\/www.lvbe.uha.fr\\\/index.php\\\/equipe\\\/\"},{\"@type\":\"ListItem\",\"position\":3,\"name\":\"Docteurs \u00e8s sciences form\u00e9s au LVBE\",\"item\":\"https:\\\/\\\/www.lvbe.uha.fr\\\/index.php\\\/equipe\\\/docteurs-es-sciences-formes-au-lvbe\\\/\"},{\"@type\":\"ListItem\",\"position\":4,\"name\":\"Dr. S\u00e9bastien BRUISSON\"}]},{\"@type\":\"WebSite\",\"@id\":\"https:\\\/\\\/www.lvbe.uha.fr\\\/#website\",\"url\":\"https:\\\/\\\/www.lvbe.uha.fr\\\/\",\"name\":\"LVBE - Laboratoire Vigne, Biotechnologies, Environnement | Universit\u00e9 de Haute-Alsace\",\"description\":\"Campus Biop\u00f4le | Universit\u00e9 de Haute-Alsace\",\"potentialAction\":[{\"@type\":\"SearchAction\",\"target\":{\"@type\":\"EntryPoint\",\"urlTemplate\":\"https:\\\/\\\/www.lvbe.uha.fr\\\/?s={search_term_string}\"},\"query-input\":{\"@type\":\"PropertyValueSpecification\",\"valueRequired\":true,\"valueName\":\"search_term_string\"}}],\"inLanguage\":\"fr-FR\"}]}<\/script>\n<!-- \/ Yoast SEO plugin. -->","yoast_head_json":{"title":"Dr. S\u00e9bastien BRUISSON - LVBE - Laboratoire Vigne, Biotechnologies, Environnement | Universit\u00e9 de Haute-Alsace","robots":{"index":"index","follow":"follow","max-snippet":"max-snippet:-1","max-image-preview":"max-image-preview:large","max-video-preview":"max-video-preview:-1"},"canonical":"https:\/\/www.lvbe.uha.fr\/index.php\/equipe\/docteurs-es-sciences-formes-au-lvbe\/dr-sebastien-bruisson\/","og_locale":"fr_FR","og_type":"article","og_title":"Dr. S\u00e9bastien BRUISSON - LVBE - Laboratoire Vigne, Biotechnologies, Environnement | Universit\u00e9 de Haute-Alsace","og_description":"Potentialisation de r\u00e9actions de d\u00e9fense suite \u00e0 la mycorhization de la Vigne et effets sur la production de stilb\u00e8nes. Soutenue en avril 2015. Directeur de th\u00e8se : Pr. Bernard Walter Co-encadrantes : Pascale Maillot et Laurence Degl\u00e8ne-Benbrahim. La lutte chimique est largement utilis\u00e9e pour limiter l\u2019impact des principales maladies de la vigne, cependant les produits [&hellip;]","og_url":"https:\/\/www.lvbe.uha.fr\/index.php\/equipe\/docteurs-es-sciences-formes-au-lvbe\/dr-sebastien-bruisson\/","og_site_name":"LVBE - Laboratoire Vigne, Biotechnologies, Environnement | Universit\u00e9 de Haute-Alsace","article_modified_time":"2022-03-10T08:30:34+00:00","twitter_card":"summary_large_image","twitter_misc":{"Dur\u00e9e de lecture estim\u00e9e":"2 minutes"},"schema":{"@context":"https:\/\/schema.org","@graph":[{"@type":"WebPage","@id":"https:\/\/www.lvbe.uha.fr\/index.php\/equipe\/docteurs-es-sciences-formes-au-lvbe\/dr-sebastien-bruisson\/","url":"https:\/\/www.lvbe.uha.fr\/index.php\/equipe\/docteurs-es-sciences-formes-au-lvbe\/dr-sebastien-bruisson\/","name":"Dr. S\u00e9bastien BRUISSON - LVBE - Laboratoire Vigne, Biotechnologies, Environnement | Universit\u00e9 de Haute-Alsace","isPartOf":{"@id":"https:\/\/www.lvbe.uha.fr\/#website"},"datePublished":"2018-04-06T13:55:42+00:00","dateModified":"2022-03-10T08:30:34+00:00","breadcrumb":{"@id":"https:\/\/www.lvbe.uha.fr\/index.php\/equipe\/docteurs-es-sciences-formes-au-lvbe\/dr-sebastien-bruisson\/#breadcrumb"},"inLanguage":"fr-FR","potentialAction":[{"@type":"ReadAction","target":["https:\/\/www.lvbe.uha.fr\/index.php\/equipe\/docteurs-es-sciences-formes-au-lvbe\/dr-sebastien-bruisson\/"]}]},{"@type":"BreadcrumbList","@id":"https:\/\/www.lvbe.uha.fr\/index.php\/equipe\/docteurs-es-sciences-formes-au-lvbe\/dr-sebastien-bruisson\/#breadcrumb","itemListElement":[{"@type":"ListItem","position":1,"name":"Accueil","item":"https:\/\/www.lvbe.uha.fr\/"},{"@type":"ListItem","position":2,"name":"\u00c9quipe","item":"https:\/\/www.lvbe.uha.fr\/index.php\/equipe\/"},{"@type":"ListItem","position":3,"name":"Docteurs \u00e8s sciences form\u00e9s au LVBE","item":"https:\/\/www.lvbe.uha.fr\/index.php\/equipe\/docteurs-es-sciences-formes-au-lvbe\/"},{"@type":"ListItem","position":4,"name":"Dr. S\u00e9bastien BRUISSON"}]},{"@type":"WebSite","@id":"https:\/\/www.lvbe.uha.fr\/#website","url":"https:\/\/www.lvbe.uha.fr\/","name":"LVBE - Laboratoire Vigne, Biotechnologies, Environnement | Universit\u00e9 de Haute-Alsace","description":"Campus Biop\u00f4le | Universit\u00e9 de Haute-Alsace","potentialAction":[{"@type":"SearchAction","target":{"@type":"EntryPoint","urlTemplate":"https:\/\/www.lvbe.uha.fr\/?s={search_term_string}"},"query-input":{"@type":"PropertyValueSpecification","valueRequired":true,"valueName":"search_term_string"}}],"inLanguage":"fr-FR"}]}},"_links":{"self":[{"href":"https:\/\/www.lvbe.uha.fr\/index.php\/wp-json\/wp\/v2\/pages\/107","targetHints":{"allow":["GET"]}}],"collection":[{"href":"https:\/\/www.lvbe.uha.fr\/index.php\/wp-json\/wp\/v2\/pages"}],"about":[{"href":"https:\/\/www.lvbe.uha.fr\/index.php\/wp-json\/wp\/v2\/types\/page"}],"author":[{"embeddable":true,"href":"https:\/\/www.lvbe.uha.fr\/index.php\/wp-json\/wp\/v2\/users\/2"}],"replies":[{"embeddable":true,"href":"https:\/\/www.lvbe.uha.fr\/index.php\/wp-json\/wp\/v2\/comments?post=107"}],"version-history":[{"count":8,"href":"https:\/\/www.lvbe.uha.fr\/index.php\/wp-json\/wp\/v2\/pages\/107\/revisions"}],"predecessor-version":[{"id":3610,"href":"https:\/\/www.lvbe.uha.fr\/index.php\/wp-json\/wp\/v2\/pages\/107\/revisions\/3610"}],"up":[{"embeddable":true,"href":"https:\/\/www.lvbe.uha.fr\/index.php\/wp-json\/wp\/v2\/pages\/1763"}],"wp:attachment":[{"href":"https:\/\/www.lvbe.uha.fr\/index.php\/wp-json\/wp\/v2\/media?parent=107"}],"curies":[{"name":"wp","href":"https:\/\/api.w.org\/{rel}","templated":true}]}}