{"version":"1.0","provider_name":"LVBE - Laboratoire Vigne, Biotechnologies, Environnement | Universit\u00e9 de Haute-Alsace","provider_url":"https:\/\/www.lvbe.uha.fr","title":"Conf\u00e9rence professionnelle de la Foire aux Vins 2019 - LVBE - Laboratoire Vigne, Biotechnologies, Environnement | Universit\u00e9 de Haute-Alsace","type":"rich","width":600,"height":338,"html":"<blockquote class=\"wp-embedded-content\" data-secret=\"dhohVTwBli\"><a href=\"https:\/\/www.lvbe.uha.fr\/index.php\/conference-professionnelle-de-la-foire-aux-vins-2019\/\">Conf\u00e9rence professionnelle de la Foire aux Vins 2019<\/a><\/blockquote><iframe sandbox=\"allow-scripts\" security=\"restricted\" src=\"https:\/\/www.lvbe.uha.fr\/index.php\/conference-professionnelle-de-la-foire-aux-vins-2019\/embed\/#?secret=dhohVTwBli\" width=\"600\" height=\"338\" title=\"\u00ab\u00a0Conf\u00e9rence professionnelle de la Foire aux Vins 2019\u00a0\u00bb &#8212; LVBE - Laboratoire Vigne, Biotechnologies, Environnement | Universit\u00e9 de Haute-Alsace\" data-secret=\"dhohVTwBli\" frameborder=\"0\" marginwidth=\"0\" marginheight=\"0\" scrolling=\"no\" class=\"wp-embedded-content\"><\/iframe><script type=\"text\/javascript\">\n\/* <![CDATA[ *\/\n\/*! This file is auto-generated *\/\n!function(d,l){\"use strict\";l.querySelector&&d.addEventListener&&\"undefined\"!=typeof URL&&(d.wp=d.wp||{},d.wp.receiveEmbedMessage||(d.wp.receiveEmbedMessage=function(e){var t=e.data;if((t||t.secret||t.message||t.value)&&!\/[^a-zA-Z0-9]\/.test(t.secret)){for(var s,r,n,a=l.querySelectorAll('iframe[data-secret=\"'+t.secret+'\"]'),o=l.querySelectorAll('blockquote[data-secret=\"'+t.secret+'\"]'),c=new RegExp(\"^https?:$\",\"i\"),i=0;i<o.length;i++)o[i].style.display=\"none\";for(i=0;i<a.length;i++)s=a[i],e.source===s.contentWindow&&(s.removeAttribute(\"style\"),\"height\"===t.message?(1e3<(r=parseInt(t.value,10))?r=1e3:~~r<200&&(r=200),s.height=r):\"link\"===t.message&&(r=new URL(s.getAttribute(\"src\")),n=new URL(t.value),c.test(n.protocol))&&n.host===r.host&&l.activeElement===s&&(d.top.location.href=t.value))}},d.addEventListener(\"message\",d.wp.receiveEmbedMessage,!1),l.addEventListener(\"DOMContentLoaded\",function(){for(var e,t,s=l.querySelectorAll(\"iframe.wp-embedded-content\"),r=0;r<s.length;r++)(t=(e=s[r]).getAttribute(\"data-secret\"))||(t=Math.random().toString(36).substring(2,12),e.src+=\"#?secret=\"+t,e.setAttribute(\"data-secret\",t)),e.contentWindow.postMessage({message:\"ready\",secret:t},\"*\")},!1)))}(window,document);\n\/\/# sourceURL=https:\/\/www.lvbe.uha.fr\/wp-includes\/js\/wp-embed.min.js\n\/* ]]> *\/\n<\/script>\n","thumbnail_url":"https:\/\/www.lvbe.uha.fr\/wp-content\/uploads\/2019\/07\/6F3D73B6-F602-4FDB-B8BE-26B81BE1CC48-768x1024.png","thumbnail_width":768,"thumbnail_height":1024,"description":"Le Pr. Christophe Bertsch a le plaisir de vous inviter mardi 30 juillet 2019 (9h30 \u00e0 12h)\u00a0\u00e0 la Conf\u00e9rence professionnelle de la Foire aux Vins (entr\u00e9e gratuite). Apr\u00e8s les maladies du bois en 2018, la Commission technique du Vignoble d&rsquo;Alsace vous propose la conf\u00e9rence\u00a0\u00ab\u00a0le changement climatique: Quel avenir pour les vins d&rsquo;Alsace\u00a0\u00bb.\u00a0 Les conf\u00e9renciers invit\u00e9s [&hellip;]"}

LVBE - Laboratoire Vigne, Biotechnologies, Environnement | Université de Haute-Alsace

Conférence professionnelle de la Foire aux Vins 2019 - LVBE - Laboratoire Vigne, Biotechnologies, Environnement | Université de Haute-Alsace

<blockquote class="wp-embedded-content" data-secret="dhohVTwBli"><a href="https://www.lvbe.uha.fr/index.php/conference-professionnelle-de-la-foire-aux-vins-2019/">Conférence professionnelle de la Foire aux Vins 2019</a></blockquote><iframe sandbox="allow-scripts" security="restricted" src="https://www.lvbe.uha.fr/index.php/conference-professionnelle-de-la-foire-aux-vins-2019/embed/#?secret=dhohVTwBli" width="600" height="338" title="« Conférence professionnelle de la Foire aux Vins 2019 » &#8212; LVBE - Laboratoire Vigne, Biotechnologies, Environnement | Université de Haute-Alsace" data-secret="dhohVTwBli" frameborder="0" marginwidth="0" marginheight="0" scrolling="no" class="wp-embedded-content"></iframe><script type="text/javascript">
/* <![CDATA[ */
/*! This file is auto-generated */
!function(d,l){"use strict";l.querySelector&&d.addEventListener&&"undefined"!=typeof URL&&(d.wp=d.wp||{},d.wp.receiveEmbedMessage||(d.wp.receiveEmbedMessage=function(e){var t=e.data;if((t||t.secret||t.message||t.value)&&!/[^a-zA-Z0-9]/.test(t.secret)){for(var s,r,n,a=l.querySelectorAll('iframe[data-secret="'+t.secret+'"]'),o=l.querySelectorAll('blockquote[data-secret="'+t.secret+'"]'),c=new RegExp("^https?:$","i"),i=0;i<o.length;i++)o[i].style.display="none";for(i=0;i<a.length;i++)s=a[i],e.source===s.contentWindow&&(s.removeAttribute("style"),"height"===t.message?(1e3<(r=parseInt(t.value,10))?r=1e3:~~r<200&&(r=200),s.height=r):"link"===t.message&&(r=new URL(s.getAttribute("src")),n=new URL(t.value),c.test(n.protocol))&&n.host===r.host&&l.activeElement===s&&(d.top.location.href=t.value))}},d.addEventListener("message",d.wp.receiveEmbedMessage,!1),l.addEventListener("DOMContentLoaded",function(){for(var e,t,s=l.querySelectorAll("iframe.wp-embedded-content"),r=0;r<s.length;r++)(t=(e=s[r]).getAttribute("data-secret"))||(t=Math.random().toString(36).substring(2,12),e.src+="#?secret="+t,e.setAttribute("data-secret",t)),e.contentWindow.postMessage({message:"ready",secret:t},"*")},!1)))}(window,document);
//# sourceURL=https://www.lvbe.uha.fr/wp-includes/js/wp-embed.min.js
/* ]]> */
</script>

Le Pr. Christophe Bertsch a le plaisir de vous inviter mardi 30 juillet 2019 (9h30 à 12h) à la Conférence professionnelle de la Foire aux Vins (entrée gratuite). Après les maladies du bois en 2018, la Commission technique du Vignoble d&rsquo;Alsace vous propose la conférence « le changement climatique: Quel avenir pour les vins d&rsquo;Alsace ».  Les conférenciers invités [&hellip;]
